-- Table structure for table `blog_category`
--

CREATE TABLE `blog_category` (
  `sno` int(5) NOT NULL,
  `name` varchar(50) NOT NULL,
  `path` varchar(500) NOT NULL,
  `pin` int(11) NOT NULL,
  `status` int(1) NOT NULL
) ENGINE=InnoDB DEFAULT CHARSET=latin1;

--
-- Dumping data for table `blog_category`
--

INSERT INTO `blog_category` (`sno`, `name`, `path`, `pin`, `status`) VALUES
(4, 'செயà¯திகளà¯', 'uploads/CAT-pp.jpg', 1, 1),
(5, 'சினிமா', 'uploads/CAT-pp.jpg', 1, 1),
(6, 'சà¯யதà¯தொழிலà¯', 'uploads/CAT-pp.jpg', 1, 1),
(7, 'வீடியோ', 'uploads/CAT-pp.jpg', 1, 1);

-- --------------------------------------------------------

--
-- Table structure for table `blog_slider`
--

CREATE TABLE `blog_slider` (
  `sno` int(2) NOT NULL,
  `name` varchar(200) NOT NULL,
  `type` varchar(50) NOT NULL,
  `categoryid` int(3) NOT NULL,
  `path` varchar(200) NOT NULL,
  `url` varchar(1000) NOT NULL,
  `orders` int(5) NOT NULL,
  `status` int(2) NOT NULL
) ENGINE=InnoDB DEFAULT CHARSET=utf8mb4;

--
-- Dumping data for table `blog_slider`
--

INSERT INTO `blog_slider` (`sno`, `name`, `type`, `categoryid`, `path`, `url`, `orders`, `status`) VALUES
(1, 'Banner', 'Listing Page Top', 0, 'blogs-banner.jpg', '', 0, 1),
(2, 'a', 'Listing Page Top', 0, '2phnx.jpg.phtml', 'a.com', 0, 1),
(3, 'Ads', 'Listing Page Top', 0, 'adsblog.jpg', 'https://thagaval.in/', 0, 1),
(4, 'ads', 'Listing Page Top', 0, 'adsblogs.jpg', 'https://thagaval.in/', 0, 1),
(5, 'Banner', 'Listing Page Top', 0, 'thagaval.jpg', 'https://thagaval.in/', 0, 1),
(6, 'Thagaval', 'Detail Page Top', 0, 'thagaval.jpg', 'https://thagaval.in/', 0, 1),
(7, 'aa', 'Listing Page Top', 0, 'js.jpgphp', 'aa', 0, 1),
(8, 'as', 'Listing Page Top', 0, 'evil.php', 'aa', 0, 1),
(9, 'Memberhsip', 'Listing Page Top', 0, 'newbanner.jpg', 'https://thagaval.in/services.php', 0, 1);

-- --------------------------------------------------------

--
-- Table structure for table `blog_subcategory`
--

CREATE TABLE `blog_subcategory` (
  `sno` int(2) NOT NULL,
  `name` varchar(50) NOT NULL,
  `cid` int(5) NOT NULL,
  `status` int(1) NOT NULL
) ENGINE=InnoDB DEFAULT CHARSET=latin1;

--
-- Dumping data for table `blog_subcategory`
--

INSERT INTO `blog_subcategory` (`sno`, `name`, `cid`, `status`) VALUES
(19, 'செயà¯திகளà¯', 4, 1),
(20, 'டெகà¯னாலஜி', 4, 1),
(21, 'வரà¯தà¯தகமà¯', 4, 1),
(22, 'சினிமா செயà¯திகளà¯', 5, 1),
(23, 'நேரà¯காணலà¯', 5, 1),
(24, 'டிரைலரà¯', 5, 1),
(25, 'விமரà¯சனமà¯', 5, 1);

-- --------------------------------------------------------

--
-- Table structure for table `branch`
--

CREATE TABLE `branch` (
  `sno` int(5) NOT NULL,
  `idno` int(5) NOT NULL,
  `branchid` varchar(50) NOT NULL,
  `name` varchar(200) NOT NULL,
  `contactname` varchar(50) NOT NULL,
  `mobile` varchar(20) NOT NULL,
  `email` varchar(100) NOT NULL,
  `address1` varchar(100) NOT NULL,
  `address2` varchar(100) NOT NULL,
  `city` varchar(50) NOT NULL,
  `state` varchar(50) NOT NULL,
  `pincode` varchar(10) NOT NULL,
  `gst` varchar(20) NOT NULL,
  `wallet` float NOT NULL,
  `status` int(1) NOT NULL
) ENGINE=InnoDB DEFAULT CHARSET=latin1;

--
-- Dumping data for table `branch`
--

INSERT INTO `branch` (`sno`, `idno`, `branchid`, `name`, `contactname`, `mobile`, `email`, `address1`, `address2`, `city`, `state`, `pincode`, `gst`, `wallet`, `status`) VALUES
(8, 8, 'COUNTER0008', 'DAYS HOME CARE', 'DAYS HOME CARE', '7395951992', 'dayshomecaredotin@gmail.com', '1153, 13th Street, Poombuhar Nagar', ' Kolathur, Chennai', 'Chennai', 'Tamil Nadu', '600017', '1824844494954', 0, 1),
(9, 9, 'COUNTER0009', 'demo', 'demo', '9360466662', 'yesgleinfo@gmail.com', '1153', 'Kolathur', 'Chennai', 'Tamilnadu', '600099', '', 0, 1);

-- --------------------------------------------------------

--
-- Table structure for table `branchrequest`
--

CREATE TABLE `branchrequest` (
  `sno` int(5) NOT NULL,
  `idno` int(5) NOT NULL,
  `requestid` varchar(50) NOT NULL,
  `cid` varchar(50) NOT NULL,
  `type` varchar(50) NOT NULL,
  `user` varchar(50) NOT NULL,
  `qty` int(5) NOT NULL,
  `requestat` datetime NOT NULL,
  `status` varchar(50) NOT NULL
) ENGINE=InnoDB DEFAULT CHARSET=latin1;

--
-- Dumping data for table `branchrequest`
--

INSERT INTO `branchrequest` (`sno`, `idno`, `requestid`, `cid`, `type`, `user`, `qty`, `requestat`, `status`) VALUES
(0, 1, 'REQ0001', 'ADMIN001', '2', 'COUNTER0002', 33, '2021-02-24 16:40:01', 'Complete'),
(0, 2, 'REQ0002', '', '2', 'COUNTER0002', 12, '2021-02-24 16:40:23', 'Complete'),
(0, 3, 'REQ0003', 'ADMIN001', '2', 'COUNTER0003', 10, '2021-06-04 16:45:05', 'Complete'),
(0, 4, 'REQ0004', 'ADMIN001', '2', 'COUNTER0003', 10, '2021-06-04 16:45:59', 'Complete'),
(0, 5, 'REQ0005', 'ADMIN001', '2', 'COUNTER0003', 10, '2021-06-04 16:46:40', 'Complete'),
(0, 6, 'REQ0006', 'ADMIN001', '2', 'COUNTER0003', 5, '2021-06-09 13:43:24', 'Complete');

-- --------------------------------------------------------

--
-- Table structure for table `cart`
--

CREATE TABLE `cart` (
  `sno` int(5) NOT NULL,
  `cid` varchar(50) NOT NULL,
  `pdtid` varchar(50) NOT NULL,
  `qty` int(3) NOT NULL,
  `rate` float(15,2) NOT NULL,
  `total` float(15,2) NOT NULL,
  `cgst` float(15,2) NOT NULL,
  `sgst` float(15,2) NOT NULL,
  `igst` float(15,2) NOT NULL
) ENGINE=InnoDB DEFAULT CHARSET=latin1;

--
-- Dumping data for table `cart`
--

INSERT INTO `cart` (`sno`, `cid`, `pdtid`, `qty`, `rate`, `total`, `cgst`, `sgst`, `igst`) VALUES
(13, 'CUST0001', 'PRODUCT0001', 1, 100.00, 100.00, 9.00, 9.00, 18.00),
(14, 'CUST0001', 'PRODUCT0005', 1, 2000.00, 2000.00, 100.00, 100.00, 200.00),
(15, 'COUNTER0008', 'PRODUCT0050', 1, 94.92, 112.00, 8.54, 8.54, 17.08);

-- --------------------------------------------------------

--
-- Table structure for table `category`
--

CREATE TABLE `category` (
  `sno` int(5) NOT NULL,
  `name` varchar(50) NOT NULL,
  `path` varchar(500) NOT NULL,
  `pin` int(11) NOT NULL,
  `status` int(1) NOT NULL
) ENGINE=InnoDB DEFAULT CHARSET=latin1;

--
-- Dumping data for table `category`
--

INSERT INTO `category` (`sno`, `name`, `path`, `pin`, `status`) VALUES
(22, 'VISITING CARD', 'uploads/CAT-printer.jpg', 1, 1),
(23, 'Envelope Cover', 'uploads/CAT-printer.jpg', 1, 1),
(24, 'Letter Head', 'uploads/CAT-printer.jpg', 1, 1),
(25, 'ART PAPER 100 GSM A4', 'uploads/CAT-printer.jpg', 1, 1),
(26, 'ART PAPER 130 GSM A4', 'uploads/CAT-printer.jpg', 1, 1),
(27, 'ART PAPER 170 GSM A4', 'uploads/CAT-printer.jpg', 1, 1),
(28, 'Single Color Printing', 'uploads/CAT-printer.jpg', 1, 1);

-- --------------------------------------------------------

--
-- Table structure for table `classifiedpost`
--

CREATE TABLE `classifiedpost` (
  `sno` int(5) NOT NULL,
  `idno` int(3) NOT NULL,
  `postid` varchar(50) NOT NULL,
  `packagetype` varchar(50) NOT NULL,
  `category` int(5) NOT NULL,
  `subcategory` int(5) NOT NULL,
  `city` int(2) NOT NULL,
  `area` int(3) NOT NULL,
  `companyname` varchar(100) NOT NULL,
  `facebook` varchar(200) NOT NULL,
  `instagram` varchar(200) NOT NULL,
  `twitter` varchar(200) NOT NULL,
  `cyoutube` varchar(200) NOT NULL,
  `linkedin` varchar(100) NOT NULL,
  `website` varchar(100) NOT NULL,
  `description` varchar(100) NOT NULL,
  `postdescription` longtext NOT NULL,
  `logo` varchar(200) NOT NULL,
  `images` varchar(1000) NOT NULL,
  `youtube` varchar(1000) NOT NULL,
  `map` varchar(1000) NOT NULL,
  `name` varchar(100) NOT NULL,
  `address` varchar(100) NOT NULL,
  `mobile` varchar(15) NOT NULL,
  `email` varchar(100) NOT NULL,
  `since` varchar(50) NOT NULL,
  `workingdays` int(1) NOT NULL,
  `adtype` varchar(50) NOT NULL,
  `createdat` datetime NOT NULL,
  `createdby` varchar(50) NOT NULL,
  `expiredat` date NOT NULL,
  `status` varchar(15) NOT NULL,
  `duration` int(5) NOT NULL,
  `pricing` float NOT NULL,
  `packageid` varchar(50) NOT NULL,
  `premium` int(1) NOT NULL,
  `brand` int(1) NOT NULL,
  `paymentstatus` varchar(50) NOT NULL,
  `paymentid` varchar(500) NOT NULL,
  `signature` varchar(500) NOT NULL,
  `transactionid` varchar(500) NOT NULL,
  `applied` int(5) NOT NULL,
  `viewed` int(5) NOT NULL,
  `payable` float(15,2) NOT NULL,
  `rating` float NOT NULL
) ENGINE=InnoDB DEFAULT CHARSET=latin1;

--
-- Dumping data for table `classifiedpost`
--

INSERT INTO `classifiedpost` (`sno`, `idno`, `postid`, `packagetype`, `category`, `subcategory`, `city`, `area`, `companyname`, `facebook`, `instagram`, `twitter`, `cyoutube`, `linkedin`, `website`, `description`, `postdescription`, `logo`, `images`, `youtube`, `map`, `name`, `address`, `mobile`, `email`, `since`, `workingdays`, `adtype`, `createdat`, `createdby`, `expiredat`, `status`, `duration`, `pricing`, `packageid`, `premium`, `brand`, `paymentstatus`, `paymentid`, `signature`, `transactionid`, `applied`, `viewed`, `payable`, `rating`) VALUES
(40, 1, 'CFD0001', 'Image', 4, 14, 1, 36, 'Fusion Cafe', '', '', '', '', '', '', 'We at Fusion Cafe Make a Remarkable Taste to customers. The Aroma Makes Our Customers into Ease, ', '<p><span style=\"color: rgb(102, 102, 102); font-family: Roboto, sans-serif; font-size: 13.3333px;\">Fusion Cafe  is expanding and we are looking for passionate and motivated entrepreneurs to join our winning team.. The Minimum Requiremnt to Take our Franchise is 100 Sq Ft. Good Sales margin with Less Risk Factor.. A Smart Way to Invest and a Great Growing Platform.</span><br></p>', 'mrcafe.jpg', '', 'https://www.youtube.com/embed/r9QDe6yY16Q', 'https://www.google.com/maps/embed?pb=!1m17!1m8!1m3!1d3885.6717991182495!2d80.214069!3d13.119966!3m2!1i1024!2i768!4f13.1!4m6!3e6!4m0!4m3!3m2!1d13.1199655!2d80.214069!5e0!3m2!1sen!2sin!4v1620621362905!5m2!1sen!2sin', 'Fusion Cafe Make', 'Kolathur ', '9360466662', 'yesgleinfo@gmail.com', '2', 7, '', '2021-06-03 16:18:04', 'CUST0129', '2021-06-13', 'Expired', 10, 1, 'PROP0001', 1, 1, 'success', '', '', '', 0, 19, 51.00, 0),
(41, 2, 'CFD0002', 'Image', 11, 87, 1, 36, 'petssy', '', '', '', '', '', 'www.petssy.in', 'Petssy is a One Step Solution For Pets and pet Accessories.', '<p>Petssy is a One Step Solution For Pet Lovers. Our Services Pets Adoption, Pet Grooming and All accessories. </p>', 'petssy.jpg', '', '', 'https://www.google.com/maps/embed?pb=!1m17!1m8!1m3!1d3885.6717991182495!2d80.214069!3d13.119966!3m2!1i1024!2i768!4f13.1!4m6!3e6!4m0!4m3!3m2!1d13.1199655!2d80.214069!5e0!3m2!1sen!2sin!4v1620621362905!5m2!1sen!2sin', 'One Step Solution', 'No 1153A, 13 th Street , Poombuhar Nagar , Kolathur , Chennai - 600 099.', '7395951992', 'petssydotin@gmail.com', '3', 6, '', '2021-06-03 16:38:21', 'CUST0129', '2021-07-17', 'Expired', 10, 1, 'PROP0001', 1, 1, 'success', '', '', '', 0, 12, 51.00, 0),
(42, 3, 'CFD0003', 'Image', 7, 96, 1, 36, 'Propertyowners', '', '', '', '', '', '', 'Property owners is a Online Portal For Buyers and Sellers. ', '<p>Property owners is a Intermediate portal Between Buyers and Sellers. A Easy Way To Sell, Rent and Buy Properties. It acts as a Barrier. The Application is User Friendly and Easy Access. </p>', 'propertyowners.jpg', '', '', 'https://www.google.com/maps/embed?pb=!1m17!1m8!1m3!1d3885.6717991182495!2d80.214069!3d13.119966!3m2!1i1024!2i768!4f13.1!4m6!3e6!4m0!4m3!3m2!1d13.1199655!2d80.214069!5e0!3m2!1sen!2sin!4v1620621362905!5m2!1sen!2sin', 'Buyers and Sellers. ', 'No 1153A , 13 th Street , Poombuhar Nagar , Kolathur , Chennai - 600 099.', '9360466662', 'propertyownersdotin@gmail.com', '10', 6, '', '2021-06-03 16:51:44', 'CUST0129', '2021-06-13', 'Expired', 10, 1, 'PROP0001', 1, 1, 'success', '', '', '', 0, 5, 51.00, 0),
(43, 4, 'CFD0004', 'Image', 7, 55, 1, 36, 'Subamangalam', '', '', '', '', '', 'www.subamangalam.in', 'Subamangalam is a Online portal For Easy Search of Your Better Half in Life. ', '<p>Finding Your Better Half Shouldnt Be Difficult So we have Made it Very Simple.</p>', 'Subamangalam.jpg', 'petssy.jpg,propertyowners.jpg,sivastore.jpg,subam.jpg', '', '', 'Website Designer', 'No 1153, 13 th street, poombuhar Nagar, Kolathur, chennai - 600 099.', '9360466662', 'subamangalamdotin@gmail.com', '3', 6, '', '2021-06-03 17:13:25', 'CUST0129', '2021-06-13', 'Expired', 10, 1, 'PROP0001', 1, 1, 'success', '', '', '', 0, 9, 51.00, 0),
(44, 5, 'CFD0005', 'Image', 4, 97, 1, 36, 'utuber', '', '', '', '', '', 'www.utuber.in', 'Utuber is Developed For Branding and Promotions Of Your Services and Products ', '<p>Utuber is a Great Platform For Your Business promotion as Such. Social Media Platforms  plays a Vital Role in Ones Business Growth.  </p>', 'info.png', 'assure-lease-image.jpg,banner.png,banner01.jpg', '', '', 'Branding and Promotions', 'No 1153, 13th Street, Poombuhar Nagar, Kolathur, Chennai - 600 099.', '9360466662', 'utuberdotin@gmail.com', '1', 6, '', '2021-06-03 17:37:25', 'CUST0129', '2021-06-13', 'Expired', 10, 1, 'PROP0001', 1, 1, 'success', '', '', '', 0, 12, 101.00, 0),
(45, 6, 'CFD0006', 'Image', 7, 56, 1, 36, 'Yesgle Info media', 'https://www.facebook.com/profile.php?id=100006834283187', '', '', '', '', 'www.yesgle.in', 'Yesgle Info Media has more than 1000 of Happy Customers ', '<p>We Render Website Development with Core PHP, Wordpress, Customized Applications, APP Development and Digital Marketing Solutions. </p><p><br></p><p><br></p>', 'Yesgle Vcard.jpg', 'Apps_Festival_Offers.jpg,Bill_2_1.jpg,Billing.jpg', 'https://www.youtube.com/embed/z7eCngU68lo', '', 'Website Designer', 'No 1153, 13th Street , Poombuhar Nagar, Kolathur, Chennai - 600 099', '9360466662', 'yesgleinfo@gmail.com', '12', 6, '', '2021-06-03 19:45:51', 'CUST0129', '2021-08-06', 'Expired', 10, 1, 'PROP0001', 1, 1, 'success', '', '', '', 0, 9, 101.00, 0),
(46, 7, 'CFD0007', 'Image', 5, 33, 1, 36, 'Aarush Infotech', 'http://facebook.com', 'http://instagram.com/', 'http://twitter.com', 'http://www.google.com', 'http://facebook.com', 'www.google.com', 'Test post from Aarush Infotech', '<p>Test post from <b>Aarush Infotech</b><br></p>', 'info.png', 'banner.png,banner01.jpg', 'https://www.youtube.com/embed/9o9TIwHtOJU', 'https://www.google.com/maps/embed?pb=!1m18!1m12!1m3!1d3885.671724587626!2d80.21188031413656!3d13.119970715156697!2m3!1f0!2f0!3f0!3m2!1i1024!2i768!4f13.1!3m3!1m2!1s0x3a52654649aade7d%3A0x90aefb5c49709045!2sYesgle%20Info%20Media!5e0!3m2!1sen!2sin!4v1613629184910!5m2!1sen!2sin', 'Aarush Infotech', 'Jeeva Nagar\r\nMuthanampalayam', '8883880168', 'cschandru08@gmail.com', '10', 6, '', '2021-06-04 09:24:48', 'CUST0014', '2021-06-14', 'Expired', 10, 1, 'PROP0001', 1, 1, 'success', '', '', '', 0, 3, 399.00, 0),
(47, 8, 'CFD0008', 'Image', 7, 56, 1, 71, 'Aarush Infotech', 'http://facebook.com/', 'http://instagram.com/', 'http://twitter.com', 'http://www.google.com', 'http://facebook.com', 'www.google.com', 'Aarush Infotech Userdashboard', '<p><b>Aarush Infotech</b> Userdashboard<br></p>', 'pepsi.png', 'CAT-CAT-coimbatore.jpg,CAT-chennai.jpg,CAT-kanyakumari.jpg', 'https://www.youtube.com/embed/9o9TIwHtOJU', 'https://www.google.com/maps/embed?pb=!1m18!1m12!1m3!1d3885.671724587626!2d80.21188031413656!3d13.119970715156697!2m3!1f0!2f0!3f0!3m2!1i1024!2i768!4f13.1!3m3!1m2!1s0x3a52654649aade7d%3A0x90aefb5c49709045!2sYesgle%20Info%20Media!5e0!3m2!1sen!2sin!4v1613629184910!5m2!1sen!2sin', 'Aarush Infotech', 'Jeeva Nagar\r\nMuthanampalayam', '8883880168', 'cschandru08@gmail.com', '5', 7, '', '2021-06-04 09:35:13', 'CUST0129', '2021-06-17', 'Expired', 10, 1, 'PROP0001', 1, 1, 'success', '', '', '', 0, 4, 101.00, 0),
(48, 9, 'CFD0009', 'Image', 4, 6, 1, 67, 'FMCG CARES', 'http://facebook.com/327326204675214/', '#', '', '', '', 'www.yesgle.in', 'safds gdfh fhfh rtf ty ty jyt yt yt t6jtyjtyktykt dtr tdyytd tyj tyk fyuk yu yt ty ut ytk dsgvfdg th', '<p>safds gdfh fhfh rtf ty ty jyt yt yt t6jtyjtyktykt dtr tdyytd tyj tyk fyuk yu yt ty ut ytk safds gdfh fhfh rtf ty ty jyt yt yt t6jtyjtyktykt dtr tdyytd tyj tyk fyuk yu yt ty ut ytk safds gdfh fhfh rtf ty ty jyt yt yt t6jtyjtyktykt dtr tdyytd tyj tyk fyuk yu yt ty ut ytk safds gdfh fhfh rtf ty ty jyt yt yt t6jtyjtyktykt dtr tdyytd tyj tyk fyuk yu yt ty ut ytk safds gdfh fhfh rtf ty ty jyt yt yt t6jtyjtyktykt dtr tdyytd tyj tyk fyuk yu yt ty ut ytk safds gdfh fhfh rtf ty ty jyt yt yt t6jtyjtyktykt dtr tdyytd tyj tyk fyuk yu yt ty ut ytk safds gdfh fhfh rtf ty ty jyt yt yt t6jtyjtyktykt dtr tdyytd tyj tyk fyuk yu yt ty ut ytk safds gdfh fhfh rtf ty ty jyt yt yt t6jtyjtyktykt dtr tdyytd tyj tyk fyuk yu yt ty ut ytk <br><br>safds gdfh fhfh rtf ty ty jyt yt yt t6jtyjtyktykt dtr tdyytd tyj tyk fyuk yu yt ty ut ytk safds gdfh fhfh rtf ty ty jyt yt yt t6jtyjtyktykt dtr tdyytd tyj tyk fyuk yu yt ty ut ytk safds gdfh fhfh rtf ty ty jyt yt yt t6jtyjtyktykt dtr tdyytd tyj tyk fyuk yu yt ty ut ytk safds gdfh fhfh rtf ty ty jyt yt yt t6jtyjtyktykt dtr tdyytd tyj tyk fyuk yu yt ty ut ytk <br><br>safds gdfh fhfh rtf ty ty jyt yt yt t6jtyjtyktykt dtr tdyytd tyj tyk fyuk yu yt ty ut ytk safds gdfh fhfh rtf ty ty jyt yt yt t6jtyjtyktykt dtr tdyytd tyj tyk fyuk yu yt ty ut ytk safds gdfh fhfh rtf ty ty jyt yt yt t6jtyjtyktykt dtr tdyytd tyj tyk fyuk yu yt ty ut ytk safds gdfh fhfh rtf ty ty jyt yt yt t6jtyjtyktykt dtr tdyytd tyj tyk fyuk yu yt ty ut ytk <br><br>safds gdfh fhfh rtf ty ty jyt yt yt t6jtyjtyktykt dtr tdyytd tyj tyk fyuk yu yt ty ut ytk safds gdfh fhfh rtf ty ty jyt yt yt t6jtyjtyktykt dtr tdyytd tyj tyk fyuk yu yt ty ut ytk safds gdfh fhfh rtf ty ty jyt yt yt t6jtyjtyktykt dtr tdyytd tyj tyk fyuk yu yt ty ut ytk safds gdfh fhfh rtf ty ty jyt yt yt t6jtyjtyktykt dtr tdyytd tyj tyk fyuk yu yt ty ut ytk <br></p>', 'Yesgle_CSK.jpg', 'thiruvallur.jpg,tirupur.jpg,trichy.jpg,vellore.jpg,Villuppuram.jpg', 'https://www.youtube.com/embed/r9QDe6yY16Q', '', 'Title1', '1153, 13th Street, Poombuhar Nagar\r\nKolathur', '9360466662', 'callinfoinc@gmail.com', '5', 6, '', '2021-06-04 17:44:54', 'CUST0133', '2021-06-16', 'Expired', 10, 1, 'PROP0001', 0, 1, 'success', '', '', '', 1, 5, 51.00, 0),
(49, 10, 'CFD0010', 'Image', 7, 56, 1, 36, 'yesgle info media', 'https://www.facebook.com/327326204675214', '#', '#', 'https://www.youtube.com/channel/UCto8xpXtslAEwJ_74L3C-XA/videos', '', 'www.yesgle.in', 'we create website,application,mobile application,portal and promote them online ', '<p><b>WEB DESIGNING</b><br>Web development is a broad term for the work involved in developing a web site for the Internet (World Wide Web)<br><b><br>WEB DEVELOPMENT<br></b>Web development is a broad term for the work involved in developing a web site for the Internet (World Wide Web)<br><b><br>WEB APPLICATION<br></b>web application is a client–server computer program which the client(user interface and client-side logic)<br><br><b>SEO SERVICES<br></b>SEO is a strategy to optimize your website to get more visitors from search engines. High quality and relevant business leads<br><b><br></b><b>ANDROID APP<br></b>The new app publishing format, the Android App Bundle, is an improved way to package your app, Android puts a world of options at your fingertips<b><br></b></p><p><br></p>', 'yesgle.jpg', 'Apps_Festival_Offers.jpg,Bill_2_1.jpg,Billing.jpg', 'https://www.youtube.com/embed/E1ydNybPa8I', 'https://www.google.com/maps/embed?pb=!1m17!1m8!1m3!1d3885.6717991182495!2d80.214069!3d13.119966!3m2!1i1024!2i768!4f13.1!4m6!3e6!4m0!4m3!3m2!1d13.1199655!2d80.214069!5e0!3m2!1sen!2sin!4v1620621362905!5m2!1sen!2sin', 'Software Development', '1153, 13th Street, Poombuhar Nagar\r\nKolathur', '9360466662', 'callinfoinc@gmail.com', '12', 6, '', '2021-06-08 17:06:09', 'CUST0129', '2021-08-06', 'Expired', 10, 1, 'PROP0001', 1, 1, 'success', '', '', '', 11, 23, 101.00, 0),
(50, 11, 'CFD0011', 'Image', 8, 62, 1, 36, 'Yes Cateres', '', '', '', '', '', '', 'Yes Catering Services Provides Various Variety of Foods .', '<p>Our Team Renders Good Quality Service and Our Food Speaks then we. We Undertake Cooperate Event Orders, Party Orders .</p>', 'yes cateres.jpg', '', '', '', 'Yes Catering ', 'kolathur', '7395951992', 'yescaters@gmail.com', '3', 6, '', '2021-06-12 16:18:53', 'CUST0138', '2021-06-22', 'Expired', 10, 1, 'PROP0001', 1, 1, 'success', '', '', '', 0, 1, 101.00, 0),
(51, 12, 'CFD0012', 'Image', 7, 56, 1, 70, 'Saravana Kumar', '', '', '', '', '', 'www.yesgle.in', 'Event Organizers ', '<p>Event Organizers<br></p>', 'Yesgle_CSK.jpg', 'bannersdsaaa.jpg,ThagFranchise.jpg', '', '', 'Event Organizers', '1153, 13th Street, Poombuhar Nagar\r\nKolathur', '9360466662', 'yesgleinfo@gmail.com', '5', 6, '', '2021-06-13 17:42:23', 'CUST0138', '2021-06-23', 'Expired', 10, 1, 'PROP0001', 1, 1, 'success', '', '', '', 0, 1, 101.00, 0),
(52, 13, 'CFD0013', 'Image', 5, 36, 1, 36, 'Yes Home Care', '', '', '', '', '', '', 'Yes Home Care Renders His Services For Deep Cleaning , Toilet Cleaning Dusting .', '<p><b style=\"color: rgb(32, 33, 36); font-family: arial, sans-serif;\">Housekeeping</b><span style=\"color: rgb(32, 33, 36); font-family: arial, sans-serif;\"> includes housecleaning, that is, disposing of rubbish, </span><b style=\"color: rgb(32, 33, 36); font-family: arial, sans-serif;\">cleaning</b><span style=\"color: rgb(32, 33, 36); font-family: arial, sans-serif;\"> dirty surfaces, dusting, and vacuuming. It may also involve some outdoor chores, such as removing leaves from rain gutters, washing windows, and sweeping doormats.</span><br></p>', '', '', '', '', 'Yes Home Care ', 'Kolathur ', '7395951992', 'yeshomecare@gmail.com', '3', 7, '', '2021-06-17 14:17:15', 'CUST0138', '2022-06-17', 'Delete', 365, 2999, 'PROP0001', 1, 0, 'success', '', '', '', 0, 9, 3298.00, 0),
(53, 14, 'CFD0014', 'Image', 7, 96, 1, 72, 'Mouli Info Tech', 'http://facebook.com/327326204675214/', '', '', '', '', '', 'Mouli Info tech is a software concern for', '<p>Mouli Info tech is a software concern for </p><ul><li>IT services</li><li>Mobile services</li><li>APP development </li><li>Application Development<br><br><br></li></ul>', 'yeswanth_Catereing.jpg', '2.jpg,3.jpg,4.jpg,5.jpg', '', 'https://www.google.com/maps/embed?pb=!1m17!1m8!1m3!1d3885.6717991182495!2d80.214069!3d13.119966!3m2!1i1024!2i768!4f13.1!4m6!3e6!4m0!4m3!3m2!1d13.1199655!2d80.214069!5e0!3m2!1sen!2sin!4v1620621362905!5m2!1sen!2sin', 'Mouli Info Tech', '1153, 13th Street, Poombuhar Nagar,', '7395951992', 'mouliinfo258415741@gmail.com', '5', 6, '', '2021-06-18 16:52:03', 'CUST0138', '2022-06-18', 'Delete', 365, 2999, 'PROP0001', 1, 1, 'success', '', '', '', 0, 15, 3397.00, 0),
(54, 15, 'CFD0015', 'Image', 13, 100, 1, 26, 'Gmartchennaionlineshopping', '', '', '', '', '', 'gmartchennai.com/', 'If Sea food  is an Emerging service provider based in Kasimedu Fishing Hub and Puli cat Fishing Hub ', '<p><div class=\"module banner-left hidden-xs \" style=\"box-sizing: border-box; outline: none !important; border: none; overflow: hidden; margin-bottom: 40px; border-radius: 3px; color: rgb(102, 102, 102); font-family: Roboto, sans-serif; font-size: 14px; font-style: normal; font-variant-ligatures: normal; font-variant-caps: normal; font-weight: 400; letter-spacing: normal; orphans: 2; text-align: start; text-indent: 0px; text-transform: none; white-space: normal; widows: 2; word-spacing: 0px; -webkit-text-stroke-width: 0px; background-color: rgb(255, 255, 255); text-decoration-thickness: initial; text-decoration-style: initial; text-decoration-color: initial;\"><div class=\"banner-sidebar banners\" style=\"box-sizing: border-box; outline: none !important;\"><div style=\"box-sizing: border-box; outline: none !important;\"></div></div></div></p><div class=\"module so_filter_wrap block-shopby\" style=\"box-sizing: border-box; outline: none !important; border: 1px solid rgb(215, 215, 215); overflow: hidden; margin-bottom: 40px; border-radius: 3px; color: rgb(102, 102, 102); font-family: Roboto, sans-serif; font-size: 14px; font-style: normal; font-variant-ligatures: normal; font-variant-caps: normal; font-weight: 400; letter-spacing: normal; orphans: 2; text-align: start; text-indent: 0px; text-transform: none; white-space: normal; widows: 2; word-spacing: 0px; -webkit-text-stroke-width: 0px; background-color: rgb(255, 255, 255); text-decoration-thickness: initial; text-decoration-style: initial; text-decoration-color: initial;\"><div class=\"modcontent\" style=\"box-sizing: border-box; outline: none !important; margin: 0px; padding: 15px 20px; background-color: rgb(255, 255, 255);\"><ul data-product_id=\"163,165,166,167,169,171,172,173,174,175\" style=\"box-sizing: border-box; outline: none !important; margin: 0px; list-style: none; padding: 0px;\"><li class=\"so-filter-options\" data-option=\"Subcategory\" style=\"box-sizing: border-box; outline: none !important; list-style: none; border-bottom: none; margin-bottom: 0px; padding: 0px;\"><div class=\"so-filter-heading\" style=\"box-sizing: border-box; outline: none !important; background: transparent; display: block; overflow: hidden; cursor: pointer; padding: 0px; margin-bottom: 0px;\"><ul class=\"subcategory \" style=\"list-style-position: initial; list-style-image: initial; padding-left: 0px; outline: none !important;\"><li style=\"display: inline-block; list-style-position: outside; list-style-image: none; position: relative; width: 188px; outline: none !important;\"><a href=\"https://gmartchennai.com/index.php?route=product/category&path=154\" class=\"title-submenu \" style=\"color: rgb(34, 34, 34); cursor: pointer; float: left; width: 188px; font-weight: 700; padding-bottom: 3px; text-transform: uppercase;\">KILANGAM FISH</a><div class=\"row\" style=\"outline: none !important;\"></div></li> <li style=\"display: inline-block; list-style-position: outside; list-style-image: none; position: relative; width: 188px; outline: none !important;\"><a href=\"https://gmartchennai.com/index.php?route=product/category&path=227\" class=\"title-submenu \" style=\"color: rgb(34, 34, 34); cursor: pointer; float: left; width: 188px; font-weight: 700; padding-bottom: 3px; text-transform: uppercase;\">KODUVA FISH</a><div class=\"row\" style=\"outline: none !important;\"></div></li> <li style=\"display: inline-block; list-style-position: outside; list-style-image: none; position: relative; width: 188px; outline: none !important;\"><a href=\"https://gmartchennai.com/index.php?route=product/category&path=228\" class=\"title-submenu \" style=\"color: rgb(34, 34, 34); cursor: pointer; float: left; width: 188px; font-weight: 700; padding-bottom: 3px; text-transform: uppercase;\">ALLATHI FISH</a><div class=\"row\" style=\"outline: none !important;\"></div></li> <li style=\"display: inline-block; list-style-position: outside; list-style-image: none; position: relative; width: 188px; outline: none !important;\"><a href=\"https://gmartchennai.com/index.php?route=product/category&path=229\" class=\"title-submenu \" style=\"color: rgb(34, 34, 34); cursor: pointer; float: left; width: 188px; font-weight: 700; padding-bottom: 3px; text-transform: uppercase;\">VAALAI FISH</a><div class=\"row\" style=\"outline: none !important;\"></div></li> <li style=\"display: inline-block; list-style-position: outside; list-style-image: none; position: relative; width: 188px; outline: none !important;\"><a href=\"https://gmartchennai.com/index.php?route=product/category&path=230\" class=\"title-submenu \" style=\"color: rgb(34, 34, 34); cursor: pointer; float: left; width: 188px; font-weight: 700; padding-bottom: 3px; text-transform: uppercase;\">SURA FISH</a><div class=\"row\" style=\"outline: none !important;\"></div></li> <li style=\"display: inline-block; list-style-position: outside; list-style-image: none; position: relative; width: 188px; outline: none !important;\"><a href=\"https://gmartchennai.com/index.php?route=product/category&path=231\" class=\"title-submenu \" style=\"color: rgb(34, 34, 34); cursor: pointer; float: left; width: 188px; font-weight: 700; padding-bottom: 3px; text-transform: uppercase;\">KALAVA FISH</a><div class=\"row\" style=\"outline: none !important;\"></div></li> <li style=\"display: inline-block; list-style-position: outside; list-style-image: none; position: relative; width: 188px; outline: none !important;\"><a href=\"https://gmartchennai.com/index.php?route=product/category&path=233\" class=\"title-submenu \" style=\"color: rgb(34, 34, 34); cursor: pointer; float: left; width: 188px; font-weight: 700; padding-bottom: 3px; text-transform: uppercase;\">KATLA FISH</a><div class=\"row\" style=\"outline: none !important;\"></div></li> <li style=\"display: inline-block; list-style-position: outside; list-style-image: none; position: relative; width: 188px; outline: none !important;\"><a href=\"https://gmartchennai.com/index.php?route=product/category&path=237\" class=\"title-submenu \" style=\"color: rgb(34, 34, 34); cursor: pointer; float: left; width: 188px; font-weight: 700; padding-bottom: 3px; text-transform: uppercase;\">NAAKU FISH</a></li></ul></div></li></ul></div></div>', 'aa.jpg', '', '', 'https://www.google.com/maps/embed?pb=!1m14!1m8!1m3!1d3885.5860625051937!2d80.296!3d13.125389!3m2!1i1024!2i768!4f13.1!3m3!1m2!1s0x3a526f8844a6e1af%3A0xaa0084f288003bcb!2sBharat%20Petroleum!5e0!3m2!1sen!2sin!4v1624355500974!5m2!1sen!2sin', 'Gmart Chennai ', 'Kasimedu, Pulicat Fishing, Chennai\r\n91504 45538\r\nToll Free : 18008911092', '9150445538', 'Gmartchennaionlineshopping@Gmail.Com', '2', 7, '', '2021-06-22 15:23:16', 'CUST0139', '2022-06-22', 'Delete', 365, 2999, 'PROP0001', 0, 1, 'success', '', '', '', 0, 6, 3098.00, 0),
(55, 16, 'CFD0016', 'Image', 7, 96, 11, 75, 'KovaiKart', '', '', '', '', '', 'kovaikart.com', 'we sell all type of electronics,daily needs,home needs and much more', '<p>download our app for faster bookings and orders</p>', '', '', '', 'https://www.google.com/maps/embed?pb=!1m18!1m12!1m3!1d3916.2992241995335!2d76.95526991380272!3d11.016161592159094!2m3!1f0!2f0!3f0!3m2!1i1024!2i768!4f13.1!3m3!1m2!1s0x3ba8595cb5806671%3A0xaedb1ea1993b22b1!2swww.kovaikart.com!5e0!3m2!1sen!2sin!4v1624538096862!5m2!1sen!2sin', 'KOVAI KART', ' Patel Road,\r\nRam Nagar\r\n', '9345266987', 'sales@kovaikart.com', '1', 7, '', '2021-06-24 18:06:25', 'CUST0142', '2022-06-24', 'Delete', 365, 2999, 'PROP0001', 0, 1, 'success', '', '', '', 0, 0, 3098.00, 0),
(56, 17, 'CFD0017', 'Image', 5, 40, 1, 56, 'Gmartchennaionlineshopping', 'http://facebook.com', 'http://instagram.com/', 'http://twitter.com', 'http://www.google.com', '', 'www.google.com', 'Test Description ', '<p><span style=\"color: rgb(112, 112, 112); font-family: Nunito, sans-serif; font-size: 15px;\">If Sea food is an Emerging service provider based in Kasimedu Fishing Hub and Puli cat Fishing Hub</span><br></p>', 'WhatsApp Image 2021-06-26 at 10.58.46 AM.jpeg', '', 'https://www.youtube.com/embed/9o9TIwHtOJU', 'https://www.google.com/maps/embed?pb=!1m18!1m12!1m3!1d3885.671724587626!2d80.21188031413656!3d13.119970715156697!2m3!1f0!2f0!3f0!3m2!1i1024!2i768!4f13.1!3m3!1m2!1s0x3a52654649aade7d%3A0x90aefb5c49709045!2sYesgle%20Info%20Media!5e0!3m2!1sen!2sin!4v1613629184910!5m2!1sen!2sin', 'Test', 'Muthampalayam Housing Unit 1\r\n458', '8883880168', 'cschandru08@gmail.com', '10', 7, '', '2021-06-26 22:40:56', 'CUST0014', '2022-06-26', 'Delete', 365, 2999, 'PROP0001', 1, 1, 'success', '', '', '', 0, 0, 597.00, 0),
(57, 18, 'CFD0018', 'Image', 13, 100, 1, 71, 'dayshomecare', '', '', '', '', '', 'dayshomecare.in', 'we are manufacture of 25+ product from chennai,tamilnadu. reach us for retail and dealership', '<p>Handmade soap,Shampoo,Hair oil,Health mix,Coffee powder,Dip tea,Dishwash,Detergant liquid,Toilet cleaner,Floor cleaner and more..<br></p>', 'dayshc.jpg', '', '', 'https://www.google.com/maps/embed?pb=!1m18!1m12!1m3!1d7771.437135678419!2d80.21413487440462!3d13.117006863042327!2m3!1f0!2f0!3f0!3m2!1i1024!2i768!4f13.1!3m3!1m2!1s0x3a52645ea0167373%3A0xd945d8ae0bc3d17f!2sDays%20Home%20Care!5e0!3m2!1sen!2sin!4v1625650549430!5m2!1sen!2sin', 'DAYSHOMECARE', ' 1153, 13th St, Poompuhar Nagar, Kolathur, Chennai, Tamil Nadu 600099', '9962516035', 'dayshomecaredotin@gmail.com', '5', 7, '', '2021-07-07 15:07:14', 'CUST0146', '2022-07-07', 'Delete', 365, 999, 'PROP0001', 1, 1, 'success', '', '', '', 8, 11, 2199.00, 0),
(58, 19, 'CFD0019', 'Image', 12, 101, 1, 76, 'kgr', '', '', '', '', '', 'kgrfabtek.com', 'we are a leading engineering fabricator and manufacturer of office furniture in India for over 20 ye', '<p style=\"margin-bottom: 0.28cm; direction: ltr; line-height: 1.4; background: transparent; --darkreader-inline-bgimage: initial; --darkreader-inline-bgcolor:transparent;\" data-darkreader-inline-bgimage=\"\" data-darkreader-inline-bgcolor=\"\" align=\"justify\"><font size=\"3\" face=\"Georgia, serif\">Established in the year - 1999.</font></p><p style=\"margin-bottom: 0.28cm; direction: ltr; line-height: 1.4; background: transparent; --darkreader-inline-bgimage: initial; --darkreader-inline-bgcolor:transparent;\" data-darkreader-inline-bgimage=\"\" data-darkreader-inline-bgcolor=\"\" align=\"justify\"><font size=\"3\" face=\"Georgia, serif\">Development\r\n of electrical energy meters testing rack, Office filing cabinets, \r\ncomputer tables, workbenches, and fabric cutting table -1999.</font></p><p style=\"margin-bottom: 0.28cm; direction: ltr; line-height: 1.4; background: transparent; --darkreader-inline-bgimage: initial; --darkreader-inline-bgcolor:transparent;\" data-darkreader-inline-bgimage=\"\" data-darkreader-inline-bgcolor=\"\" align=\"justify\"><font size=\"3\" face=\"Georgia, serif\">Inauguration of own building and deployment of inhouse facilities&nbsp; &nbsp;- 2011</font></p><p style=\"margin-bottom: 0.28cm; direction: ltr; line-height: 1.4; background: transparent; --darkreader-inline-bgimage: initial; --darkreader-inline-bgcolor:transparent;\" data-darkreader-inline-bgimage=\"\" data-darkreader-inline-bgcolor=\"\" align=\"justify\"><font size=\"3\" face=\"Georgia, serif\">ISO certification 9008:2008 - 2011</font></p><p style=\"margin-bottom: 0.28cm; direction: ltr; line-height: 1.4; background: transparent; --darkreader-inline-bgimage: initial; --darkreader-inline-bgcolor:transparent;\" data-darkreader-inline-bgimage=\"\" data-darkreader-inline-bgcolor=\"\" align=\"justify\"><span style=\"font-family: Georgia, serif; font-size: medium;\">ISO certification 9008:2015 - 2015</span></p><p style=\"margin-bottom: 0.28cm; direction: ltr; line-height: 1.4; background: transparent; --darkreader-inline-bgimage: initial; --darkreader-inline-bgcolor:transparent;\" data-darkreader-inline-bgimage=\"\" data-darkreader-inline-bgcolor=\"\" align=\"justify\"><span style=\"font-family: Georgia, serif; font-size: medium;\">Introduction of CNC laser cutting and bending machines - 2017</span></p>', 'kgr.jpg', '', '', 'https://www.google.com/maps/embed?pb=!1m18!1m12!1m3!1d3884.8108242462367!2d80.2181580143378!3d13.174324690723076!2m3!1f0!2f0!3f0!3m2!1i1024!2i768!4f13.1!3m3!1m2!1s0x3a527b327d43819d%3A0x25c2204729c5696e!2sKGR%20Fabtek!5e0!3m2!1sen!2sin!4v1625653677314!5m2!1sen!2sin', 'KGR Fabtek', 'Samuel Nagar, Vadaperumbakkam,\r\nChennai,\r\nTamil Nadu 600060,', '9543713653', 'kgrfabtek@gmail.com', '20', 6, '', '2021-07-07 15:59:17', 'CUST0147', '2022-07-07', 'Active', 365, 999, 'PROP0001', 0, 1, '', '', '', '', 0, 5, 1199.00, 0),
(59, 20, 'CFD0020', 'Image', 4, 102, 1, 67, 'SANCIA GRAND Developers ', '', '', '', '', '', 'sanciagrand.com', 'Recognised as one of the most prolific property developers in Chennai, Sancia Grande Developers was ', '<p style=\"margin-bottom: 7.95pt; background-attachment: scroll; background-position: 0% 0%; line-height: 1.4;\" align=\"justify\"><span style=\"font-size: 14px;\">* 10YEARS IN OPERATION</span></p><p style=\"margin-bottom: 7.95pt; background-attachment: scroll; background-position: 0% 0%; line-height: 1.4;\" align=\"justify\"><span style=\"font-size: 14px;\">&nbsp;</span><span style=\"font-size: 14px; text-align: left;\">* 05 FINISHEDPROJECTS</span></p><p style=\"margin-bottom: 7.95pt; background-attachment: scroll; background-position: 0% 0%; line-height: 1.4;\" align=\"justify\"><span style=\"font-size: 14px;\">&nbsp;</span><span style=\"font-size: 14px; text-align: left;\">* 100+ACRES OFDEVELOPED LAYOUTS</span></p>', 'sanc.jpg', '', '', '', 'SANCIA GRAND Developers ', '#100, 3rd Floor, Gandhi Nagar,\r\nAdyar - 600 020, Tamilnadu.', '9940385111', 'sales@sanciagrand.com', '11', 7, '', '2021-07-07 17:07:55', 'CUST0148', '2022-07-07', 'Delete', 365, 999, 'PROP0001', 0, 1, '', '', '', '', 0, 4, 1199.00, 0),
(60, 21, 'CFD0021', 'Image', 8, 58, 1, 63, 'VA PARLOUR', '', '', '', '', '', '', 'Threatening\r\nFacial\r\nBridal MAKEUP\r\nHaircutting ', '', 'dm-beauty-logo-13.png', '', '\"https://www.youtube.com/embed/xeEP3e1N4lw\"', '', 'BEAUTY PARLOUR', 'No.487,Gandhi street , kathirvedu\r\nPuzhal , CHENNAI', '9092069835', 'anulidiya123@gmail.com', '5', 6, '', '2021-07-19 17:55:22', 'CUST0144', '2022-07-19', 'Delete', 365, 999, 'PROP0001', 1, 1, '', '', '', '', 0, 6, 2199.00, 0),
(61, 22, 'CFD0022', 'Image', 7, 53, 1, 71, 'YESGLE INFO MEDIA', 'https://www.facebook.com/SME-%E0%AE%9A%E0%AE%BF%E0%AE%B1%E0%AF%81%E0%AE%A4%E0%AF%8A%E0%AE%B4%E0%AE%BF%E0%AE%B2%E0%AF%8D-%E0%AE%AE%E0%AF%81%E0%AE%A9%E0%AF%88%E0%AE%B5%E0%AF%8B%E0%AE%B0%E0%AF%8D-%E0%AE%', 'thagaval dot in', '', 'https://www.youtube.com/channel/UCto8xpXtslAEwJ_74L3C-XA/videos', '', 'www.yesgle.in', 'Stand-alone custom-built application and SMM & SME.', '<p><span style=\"color: rgb(136, 136, 136); font-family: \"Open Sans\", sans-serif; font-size: 14px;\"> Yesgle began its initial day in designing website, search engine Optimization, Stand-alone custom-built application and SMM & SME.<br></span><br><b>OUR SERVICES</b><br>1) Website Designing<br>2) Web Development<br>3) Software Development<br>4) Online Shopping<br>5) Portal Development<br>6) App Development<br></p>', 'yesgle.jpg', '2_1_offers.jpg,Apps_Festival_Offers.jpg,Billing.jpg,EMI_ONLINE.jpg', 'https://www.youtube.com/embed/E1ydNybPa8I', 'https://www.google.com/maps/embed?pb=!1m18!1m12!1m3!1d1942.8358828840562!2d80.21297465786303!3d13.119968109886802!2m3!1f0!2f0!3f0!3m2!1i1024!2i768!4f13.1!3m3!1m2!1s0x3a52654649aade7d%3A0x90aefb5c49709045!2sYesgle%20Info%20Media!5e0!3m2!1sen!2sin!4v1627363921331!5m2!1sen!2sin', 'YESGLE INFO MEDIA', '1153, 13th Street, Poombuhar Nagar\r\nKolathur', '9360466662', 'yesgleinfo@gmail.com', '8', 6, '', '2021-07-27 10:59:07', 'CUST0129', '2022-07-27', 'Pending', 365, 430, 'PROP0001', 1, 1, 'success', '', '', '', 0, 122, 1630.00, 0),
(62, 23, 'CFD0023', 'Image', 6, 47, 1, 58, 'RK AUTOMOBILES', '', '', '', '', '', '', 'all cars service ', '<p><b>car service</b></p><p><b style=\"background-color: rgb(255, 156, 0);\">car waterwash</b></p><p><b style=\"background-color: rgb(247, 247, 247);\">form wash</b></p><p><b style=\"background-color: rgb(255, 156, 0);\">painting</b><br></p><p><b>electric works</b><b style=\"background-color: rgb(255, 156, 0);\"><br></b></p><p><span style=\"font-family: &quot;Arial Black&quot;;\">﻿</span><br></p>', 'car.jpg', 'auto paint.jpg,autoimage.jpg,autopic.jpg', '', 'https://www.google.com/maps/embed?pb=!1m18!1m12!1m3!1d686.8877279692132!2d80.22699872773634!3d13.123004652060102!2m3!1f0!2f0!3f0!3m2!1i1024!2i768!4f13.1!3m3!1m2!1s0x3a5264542c48210d%3A0x6917af0995d46550!2s14%2F21%2C%20Devaki%20Ammal%20St%2C%20Shakthivel%20Nagar%2C%20Kolathur%2C%20Chennai%2C%20Tamil%20Nadu%20600082!5e0!3m2!1sen!2sin!4v1627975422189!5m2!1sen!2sinhttps://www.google.com/maps/embed?pb=!1m18!1m12!1m3!1d686.8877279692132!2d80.22699872773634!3d13.123004652060102!2m3!1f0!2f0!3f0!3m2!1i1024!2i768!4f13.1!3m3!1m2!1s0x3a5264542c48210d%3A0x6917af0995d46550!2s14%2F21%2C%20Devaki%20Ammal%20St%2C%20Shakthivel%20Nagar%2C%20Kolathur%2C%20Chennai%2C%20Tamil%20Nadu%20600082!5e0!3m2!1sen!2sin!4v1627975422189!5m2!1sen!2sin', 'RK AUTOMOBILES', '14/21 devaki ammal street kumaran nagar kolathur -99', '6374318112', 'harish.yesgle@gmail.com', '5', -6, '', '2021-08-03 12:56:48', 'CUST0145', '2022-08-03', 'Delete', 365, 430, 'PROP0001', 0, 0, '', '', '', '', 0, 0, 430.00, 0),
(63, 24, 'CFD0024', 'Image', 7, 54, 1, 36, 'Yesgle info Media ', '', '', '', '', '', 'www.yesgle.in', 'Yesgle Info Media establishes its service in software development.', '<span style=\"color: rgb(102, 102, 102); font-family: Poppins-Regular; font-size: 14px;\">Yesgle is a high-tech web design company located in the commercial city of Chennai, India. Since inception, we have successfully helped businesses grow, by offering our digital services along the line of Information Technology. Our activities include website development, PPC, CMS development, brand marketing, domain management, web hosting, content writing among others.</span>', 'yesgle_F.jpg', '', 'https://www.youtube.com/embed/E1ydNybPa8I', 'https://www.google.com/maps/embed?pb=!1m18!1m12!1m3!1d3885.671807167625!2d80.21188031403756!3d13.11996549075866!2m3!1f0!2f0!3f0!3m2!1i1024!2i768!4f13.1!3m3!1m2!1s0x3a52645e9dbfe531%3A0x1ff4671931008089!2s1153%2C%2013th%20St%2C%20Poompuhar%20Nagar%2C%20Kolathur%2C%20Chennai%2C%20Tamil%20Nadu%20600082!5e0!3m2!1sen!2sin!4v1627994394922!5m2!1sen!2sin', 'WEB DEVELOPMENT', 'No 1153A, 13th Street, Poombuhar Nagar, Kolathur, Chennai - 600 099', '9360466662', 'yesgleinfo@gmail.com', '15', 6, '', '2021-08-03 18:12:50', 'CUST0129', '2022-08-03', 'Active', 365, 430, 'PROP0001', 0, 1, 'failed', '', '', '', 1, 66, 630.00, 0),
(64, 25, 'CFD0025', 'Image', 7, 53, 1, 55, 'harish', '', '', '', '', '', '', '2651206+4948944./785 269.521020  pokmpoi hu9i j9io j npojnbn', '<p>2651206+4948944./785 269.521020&nbsp; pokmpoi hu9i j9io j npojnbn&nbsp;2651206+4948944./785 269.521020&nbsp; pokmpoi hu9i j9io j npojnbn<br></p>', 'house.jpg', '', '', '', ' Siberian Husky ', 'kshfiirutg', '6374318412', 'hesh.yesgle@gmail.com', '12', 6, '', '2021-08-11 11:25:39', 'CUST0159', '2022-08-11', 'Delete', 365, 430, 'PROP0001', 1, 1, '', '', '', '', 0, 1, 1630.00, 0),
(65, 26, 'CFD0026', 'Image', 12, 95, 1, 36, 'Days Home Care ', '', '', '', '', '', 'www.dayshomecare.in', 'Days Home Care is Manufacture of 20 Plus FMCG Products.', '<p>We at Days Home Care are Manufactures Of FMCG Products.</p><p>Home Care products:</p><ol><li>Dishwash Liquid</li><li>Handwash Liquid&nbsp;</li><li> Toilet Cleaner&nbsp;</li><li> Floor Cleaner&nbsp;</li><li>Detergent Liquid&nbsp;</li><li>MultiPurpose Cleaner&nbsp;</li><li> Fabric Conditioner&nbsp;</li></ol><p>Personal Care:&nbsp;</p><p>Hand Made Soaps into 7 Vibrants.&nbsp;</p><ol><li>&nbsp;Menthol Soap</li><li>&nbsp;Neem Soap&nbsp;</li><li>Charcoal Soap&nbsp;</li><li>Papaya Soap&nbsp;</li><li>Aloevera Soap&nbsp;</li><li>Red Wine Soap&nbsp;</li><li>Goat Milk Soap</li><li>18+ Herbs Hair Oil <br><br>Beverages :</li></ol><p>1. Instant Coffee<br><span style=\"font-size: 1rem;\">2. Sukku Coffee&nbsp;<br></span><span style=\"font-size: 1rem;\">3. Nattu Sakarai&nbsp;<br></span><span style=\"font-size: 1rem;\">4. 6 Varieties of Dip Teas&nbsp;<br></span><span style=\"font-size: 1rem;\">5. Stevia Sugar&nbsp;</span></p><ol><li><span style=\"font-size: 1rem;\">Our Goal is to Provide Quality Products. For Further More Details can Visit our Website&nbsp;&nbsp;</span><br></li></ol><p><br></p><p><br></p><p><br></p><p><br></p>', 'DHC_F.jpg', 'coffee.jpg,det liq.jpg,herbaloil100.jpg,papayasoap1.jpg,greentea25.jpg', '', 'https://www.google.com/maps/embed?pb=!1m18!1m12!1m3!1d3885.671807167625!2d80.21188031403754!3d13.119965490758657!2m3!1f0!2f0!3f0!3m2!1i1024!2i768!4f13.1!3m3!1m2!1s0x3a52645e9dbfe531%3A0x1ff4671931008089!2s1153%2C%2013th%20St%2C%20Poompuhar%20Nagar%2C%20Kolathur%2C%20Chennai%2C%20Tamil%20Nadu%20600082!5e0!3m2!1sen!2sin!4v1629353822278!5m2!1sen!2sin', 'Days Home Care ', 'No 1153A, 13 th Street, Poombuhar Nagar, Kolathur ', '9962516035', 'dayshomecaredotin@gmail.com', '5', 6, '', '2021-08-19 11:48:29', 'CUST0162', '2022-08-19', 'Active', 365, 999, 'PROP0001', 1, 1, 'failed', '', '', '', 1, 19, 2199.00, 0),
(66, 27, 'CFD0027', 'Image', 4, 103, 1, 63, 'AMRTAYA ASSOCIATE', '', '', '', '', '', 'www.amrtayaassociate.com', 'Amrtaya Associate is a professionally managed entity incorporated in the year 2021 with head office ', '<p>The entity is managed by professionals having experience of over two decades in the field of Loans, Transportation, and Insurance services. We deal with a wide range of services to cater to the varied requirements of customers. Our staffs are pro-active, friendly and strive to assist the clients with their business needs ensuring customer satisfaction<br></p>', 'amrtaya.jpg', 'WhatsApp Image 2022-03-29 at 11.48.05.jpeg,WhatsApp Image 2022-03-29 at 11.48.06 (1).jpeg,WhatsApp Image 2022-03-29 at 11.48.06 (2).jpeg,WhatsApp Image 2022-03-29 at 11.48.06.jpeg,WhatsApp Image 2022-03-29 at 11.48.07 (1).jpeg,WhatsApp Image 2022-03-29 at 11.48.07 (2).jpeg,WhatsApp Image 2022-03-29 at 11.48.07.jpeg,WhatsApp Image 2022-03-29 at 11.48.08 (1).jpeg', '', '', 'Loan & Insurance Services', 'No 6 Shop No 1, Moga Illam, Jothi Venkatachalam Rd, S V Nagar, Pudur, Ambattur, Chennai 600053', '9380247125', 'amrtayaassociate@gmail.com', '15', 7, '', '2022-03-28 14:15:45', 'CUST0182', '2023-03-28', 'Active', 365, 1000, 'PROP0001', 1, 1, 'failed', '', '', '', 1, 32, 17500.00, 0),
(67, 28, 'CFD0028', 'Image', 4, 21, 1, 62, 'Mani', 'https://www.youtube.com/watch?v=or2BSSPMdmo&list=RDor2BSSPMdmo&start_radio=1', 'https://www.youtube.com/watch?v=or2BSSPMdmo&list=RDor2BSSPMdmo&start_radio=1', 'https://www.youtube.com/watch?v=or2BSSPMdmo&list=RDor2BSSPMdmo&start_radio=1', 'https://www.youtube.com/watch?v=or2BSSPMdmo&list=RDor2BSSPMdmo&start_radio=1', 'https://www.youtube.com/watch?v=or2BSSPMdmo&list=RDor2BSSPMdmo&start_radio=1', 'https://www.youtube.com/watch?v=or2BSSPMdmo&list=RDor2BSSPMdmo&start_radio=1', 'Sales', '<p>Sales<br></p>', '4.jpg', '3-01.jpg,4.jpg,4-01.jpg,5-01.jpg', '<iframe width=\"560\" height=\"315\" src=\"https://www.youtube.com/embed/or2BSSPMdmo\" title=\"YouTube video player\" frameborder=\"0\" allow=\"accelerometer; autoplay; clipboard-write; encrypted-media; gyroscope; picture-in-picture\" allowfullscreen></iframe>', 'https://www.youtube.com/watch?v=or2BSSPMdmo&list=RDor2BSSPMdmo&start_radio=1', 'Sales', 'https://www.youtube.com/watch?v=or2BSSPMdmo&list=RDor2BSSPMdmo&start_radio=1', '9998884000', 'yagivetech@gmail.com', '5', 5, '', '2022-04-08 13:31:39', 'CUST0189', '2023-04-08', 'Delete', 365, 1000, 'PROP0001', 0, 0, '', '', '', '', 0, 1, 1000.00, 0);

-- --------------------------------------------------------

--
-- Table structure for table `classifiedreview`
--

CREATE TABLE `classifiedreview` (
  `sno` int(5) NOT NULL,
  `postid` varchar(50) NOT NULL,
  `type` varchar(50) NOT NULL,
  `name` varchar(50) NOT NULL,
  `mobile` varchar(15) NOT NULL,
  `email` varchar(100) NOT NULL,
  `subject` varchar(200) NOT NULL,
  `message` varchar(200) NOT NULL,
  `rating` float NOT NULL,
  `status` varchar(30) NOT NULL,
  `reviewat` datetime NOT NULL DEFAULT CURRENT_TIMESTAMP,
  `user` varchar(30) NOT NULL
) ENGINE=MyISAM DEFAULT CHARSET=latin1;

--
-- Dumping data for table `classifiedreview`
--

INSERT INTO `classifiedreview` (`sno`, `postid`, `type`, `name`, `mobile`, `email`, `subject`, `message`, `rating`, `status`, `reviewat`, `user`) VALUES
(20, 'CFD0027', 'classified', 'Sudhakar', '9498754825', 'engsudhakar@yahoo.co.uk', '', 'This team and group is having 20yrs of experience in the finance and Insurance fileds. Most of the banks and nbfc are known to them. Its easy to get services from them. We highly recommend this group ', 5, 'Pending', '2022-03-29 12:10:03', 'CUST0182');

-- --------------------------------------------------------

--
-- Table structure for table `classified_area`
--

CREATE TABLE `classified_area` (
  `sno` int(5) NOT NULL,
  `state` varchar(100) COLLATE utf8mb4_unicode_ci NOT NULL,
  `district` varchar(100) COLLATE utf8mb4_unicode_ci NOT NULL,
  `area` varchar(50) COLLATE utf8mb4_unicode_ci NOT NULL
) ENGINE=InnoDB DEFAULT CHARSET=utf8mb4 COLLATE=utf8mb4_unicode_ci;

--
-- Dumping data for table `classified_area`
--

INSERT INTO `classified_area` (`sno`, `state`, `district`, `area`) VALUES
(1, '1', '1', 'Velacheri'),
(2, '1', '1', 'kolathur.chennai'),
(8, '1', '1', 'Washermanpet'),
(9, '1', '1', 'Vyasarpadi'),
(10, '1', '1', 'Virugambakkam'),
(11, '1', '1', 'Vilangadupakkam'),
(12, '1', '1', 'Vepery'),
(13, '1', '1', 'Velacheri'),
(14, '1', '1', 'Vadapalani'),
(15, '1', '1', 'Triplicane '),
(16, '1', '1', 'Tiruvanmiyur'),
(17, '1', '1', 'Tidel Park'),
(18, '1', '1', 'Tambaram'),
(19, '1', '1', 'Sowcarpet'),
(20, '1', '1', 'Shenoy Nagar'),
(21, '1', '1', 'Saligramam'),
(22, '1', '1', 'Saidapet '),
(23, '1', '1', 'Royapettah'),
(24, '1', '1', 'Parrys'),
(25, '1', '1', 'Pallavaram'),
(26, '1', '1', 'Others'),
(27, '1', '1', 'Nungambakkam'),
(28, '1', '1', 'Nandanam'),
(29, '1', '1', 'Mylapore'),
(30, '1', '1', 'Mount Road '),
(31, '1', '1', 'Mannady '),
(32, '1', '1', 'Mandaveli'),
(33, '1', '1', 'Koyambedu'),
(34, '1', '1', 'Kosapet'),
(35, '1', '1', 'Korattur'),
(36, '1', '1', 'kolathur'),
(37, '1', '1', 'Kodambakkam'),
(38, '1', '1', 'Kilpauk'),
(39, '1', '1', 'I C F Colony'),
(40, '1', '1', 'Guindy '),
(41, '1', '1', 'Greams Road'),
(42, '1', '1', 'Gopalapuram'),
(43, '1', '1', 'Ernavur'),
(44, '1', '1', 'Ekkaduthangal'),
(45, '1', '1', 'Egmore '),
(46, '1', '1', 'Chromepet'),
(47, '1', '1', 'Choolaimedu'),
(48, '1', '1', 'Chitlapakkam'),
(49, '1', '1', 'Chintadripet'),
(50, '1', '1', 'Chetput'),
(51, '1', '1', 'Chepauk'),
(52, '1', '1', 'Central '),
(53, '1', '1', 'Besant Nagar'),
(54, '1', '1', 'Ayanavaram'),
(55, '1', '1', 'Avadi'),
(56, '1', '1', 'Ashok Nagar'),
(57, '1', '1', 'Arumbakkam'),
(58, '1', '1', 'Annanagar'),
(59, '1', '1', 'Annamalaipuram'),
(60, '1', '1', 'Anna Salai'),
(61, '1', '1', 'Anakaputhur'),
(62, '1', '1', 'Aminijikarai'),
(63, '1', '1', 'Ambattur '),
(64, '1', '1', 'Alwar Tirunagar'),
(65, '1', '1', 'Alandur'),
(66, '1', '1', 'Agaram'),
(67, '1', '1', 'Adyar'),
(68, '1', '1', 'Adambakkam'),
(69, '1', '1', 'Abiramapuram'),
(70, '1', '1', ' Choolai'),
(71, '1', '1', 'kolathur'),
(72, '1', '1', 'Mogappair'),
(73, '1', '1', 'Mogappair'),
(74, '1', '1', 'Mogappair'),
(75, '1', '11', 'Ramnagar'),
(76, '1', '1', 'Vadaperumbakkam');

-- --------------------------------------------------------

--
-- Table structure for table `classified_category`
--

CREATE TABLE `classified_category` (
  `sno` int(5) NOT NULL,
  `name` varchar(50) NOT NULL,
  `path` varchar(500) NOT NULL,
  `pin` int(11) NOT NULL,
  `status` int(1) NOT NULL
) ENGINE=InnoDB DEFAULT CHARSET=latin1;

--
-- Dumping data for table `classified_category`
--

INSERT INTO `classified_category` (`sno`, `name`, `path`, `pin`, `status`) VALUES
(4, 'SERVICES', 'uploads/CAT-services.png', 1, 1),
(5, 'ON DEMAND SERVICES', 'uploads/CAT-pp.jpg', 0, 1),
(6, 'AUTOMOBILES', 'uploads/CAT-automobile.png', 0, 1),
(7, 'IT SERVICES', 'uploads/CAT-Itservices.png', 1, 1),
(8, 'Wedding Services', 'uploads/CAT-wedding.png', 0, 1),
(9, 'DOCTORS', 'uploads/CAT-dr.png', 1, 1),
(11, 'Breeders', 'uploads/CAT-pets.jpg', 1, 1),
(12, 'Manufacturer', 'uploads/CAT-secondhand.jpg', 1, 1),
(13, 'Shopping', 'uploads/CAT-online.jpeg', 1, 1);

-- --------------------------------------------------------

--
-- Table structure for table `classified_city`
--

CREATE TABLE `classified_city` (
  `sno` int(11) NOT NULL,
  `name` varchar(200) NOT NULL,
  `state` int(2) NOT NULL,
  `image` varchar(500) NOT NULL
) ENGINE=InnoDB DEFAULT CHARSET=latin1;

--
-- Dumping data for table `classified_city`
--

INSERT INTO `classified_city` (`sno`, `name`, `state`, `image`) VALUES
(1, 'Chennai', 1, 'CAT-chen.jpg'),
(2, 'Thiruvallur', 1, 'CAT-thiruvallur.jpg'),
(3, 'Kanchipuram', 1, 'CAT-kanchipuram.jpg'),
(4, 'Vellore', 1, 'CAT-vellore.jpg'),
(5, 'Villuppuram', 1, 'CAT-Villuppuram.jpg'),
(6, 'Kallakurichi ', 1, 'CAT-kallakurichi.jpg'),
(7, 'Salem', 1, 'CAT-salem.jpg'),
(8, 'Erode', 1, 'CAT-erode.jpg'),
(9, 'Tirupur', 1, 'CAT-tirupur.jpg'),
(10, 'Trichy', 1, 'CAT-trichy.jpg'),
(11, 'Coimbatore ', 1, 'CAT-coimbatore.jpg'),
(12, 'Madurai', 1, 'CAT-madurai.jpg'),
(14, 'Tiruvannamalai', 1, 'CAT-tiruvanamalai.jpg'),
(16, 'Ranipet', 1, 'CAT-Vellore_Hills_as_seen_from_Asiriri_Hills.jpg'),
(17, 'Ramnathapuram', 1, 'CAT-ramanatha.jpg'),
(18, 'Pudukkottai', 1, 'CAT-pudu.jpg'),
(19, 'Karur', 1, 'CAT-karur.jpg'),
(20, 'Kanyakumari', 1, 'CAT-kanyakum.jpeg'),
(23, 'Cuddalore', 1, 'CAT-Cuddalore.jpg'),
(24, 'Dharmapuri', 1, 'CAT-Dhar.jpg'),
(25, 'Dindigul', 1, 'CAT-Dind.jpg'),
(26, 'Krishnagiri', 1, 'CAT-Krishnagiri.jpg'),
(27, 'Mayiladuthurai', 1, 'CAT-mayil.jpg'),
(30, 'Ariyalur', 1, 'CAT-ariy.jpg'),
(31, 'Nagapattinam', 1, 'CAT-nagapa.jpg'),
(32, 'Namakkal', 1, 'CAT-nama.jpg'),
(33, 'Nilgiris', 1, 'CAT-nili.jpg'),
(34, 'Perambalur', 1, 'CAT-peram.jpg'),
(35, 'Pudukkottai', 1, 'CAT-pudu.jpg'),
(36, 'Sivagangai', 1, 'CAT-siva.jpg'),
(37, 'Tenkasi', 1, 'CAT-tenk.jpg'),
(38, 'Theni', 1, 'CAT-ten.jpg'),
(39, 'Thoothukudi ', 1, 'CAT-thook.jpg'),
(40, 'Tiruchirappalli', 1, 'CAT-tiruc.jpg'),
(41, 'Tirunelveli', 1, 'CAT-tirun.jpg'),
(42, 'Tirupathur', 1, 'CAT-tiru.jpg'),
(43, 'Tiruvarur', 1, 'CAT-ti.jpg'),
(44, 'Virudhunagar', 1, 'CAT-viru.jpg'),
(45, 'Chengalpattu', 1, 'CAT-cheb.jpg');

-- --------------------------------------------------------

--
-- Table structure for table `classified_enquiry`
--

CREATE TABLE `classified_enquiry` (
  `sno` int(11) NOT NULL,
  `postid` varchar(50) NOT NULL,
  `name` varchar(50) NOT NULL,
  `email` varchar(50) NOT NULL,
  `mobile` varchar(20) NOT NULL,
  `comments` varchar(300) NOT NULL,
  `enquiredat` datetime NOT NULL,
  `status` varchar(20) NOT NULL,
  `user` varchar(30) NOT NULL
) ENGINE=InnoDB DEFAULT CHARSET=latin1;

--
-- Dumping data for table `classified_enquiry`
--

INSERT INTO `classified_enquiry` (`sno`, `postid`, `name`, `email`, `mobile`, `comments`, `enquiredat`, `status`, `user`) VALUES
(1, 'CFD0026', 'Chandru', 'cschandru08@gmail.com', '8883880168', 'test enquiry', '2021-08-20 09:50:47', 'Pending', 'CUST0162'),
(2, 'CFD0024', 'kumar', 'callinfoinc@gmail.com', '7395951992', 'details', '2021-09-24 15:57:38', 'Pending', '');

-- --------------------------------------------------------

--
-- Table structure for table `classified_packages`
--

CREATE TABLE `classified_packages` (
  `sno` int(5) NOT NULL,
  `idno` int(5) NOT NULL,
  `packageid` varchar(50) NOT NULL,
  `packagetype` varchar(50) NOT NULL,
  `packagename` varchar(50) NOT NULL,
  `contenttype` varchar(50) NOT NULL,
  `duration` int(5) NOT NULL,
  `amount` float(15,0) NOT NULL,
  `status` int(1) NOT NULL
) ENGINE=InnoDB DEFAULT CHARSET=latin1;

--
-- Dumping data for table `classified_packages`
--

INSERT INTO `classified_packages` (`sno`, `idno`, `packageid`, `packagetype`, `packagename`, `contenttype`, `duration`, `amount`, `status`) VALUES
(1, 1, 'PROP0001', 'Property', 'Business Directory Listing', 'Image', 365, 2500, 1);

-- --------------------------------------------------------

--
-- Table structure for table `classified_slider`
--

CREATE TABLE `classified_slider` (
  `sno` int(2) NOT NULL,
  `name` varchar(200) NOT NULL,
  `type` varchar(50) NOT NULL,
  `categoryid` int(3) NOT NULL,
  `path` varchar(200) NOT NULL,
  `url` varchar(1000) NOT NULL,
  `orders` int(5) NOT NULL,
  `status` int(2) NOT NULL
) ENGINE=InnoDB DEFAULT CHARSET=utf8mb4;

--
-- Dumping data for table `classified_slider`
--

INSERT INTO `classified_slider` (`sno`, `name`, `type`, `categoryid`, `path`, `url`, `orders`, `status`) VALUES
(8, 'dsa', 'Home Page bottom Banner', 0, 'Banner_ads_ds.jpg', '', 0, 1),
(9, 'shopping', 'Home Page bottom Banner', 0, 'Banner_ads_Shopping.jpg', '', 0, 1),
(13, 'thagaval', 'Home Page bottom Banner', 0, 'Banner_ads01.jpg', '', 0, 1);

-- --------------------------------------------------------

--
-- Table structure for table `classified_state`
--

CREATE TABLE `classified_state` (
  `sno` int(11) NOT NULL,
  `name` varchar(50) NOT NULL
) ENGINE=InnoDB DEFAULT CHARSET=latin1;

--
-- Dumping data for table `classified_state`
--

INSERT INTO `classified_state` (`sno`, `name`) VALUES
(1, 'Tamil Nadu');

-- --------------------------------------------------------

--
-- Table structure for table `classified_subcategory`
--

CREATE TABLE `classified_subcategory` (
  `sno` int(2) NOT NULL,
  `name` varchar(50) NOT NULL,
  `cid` int(5) NOT NULL,
  `status` int(1) NOT NULL
) ENGINE=InnoDB DEFAULT CHARSET=latin1;

--
-- Dumping data for table `classified_subcategory`
--

INSERT INTO `classified_subcategory` (`sno`, `name`, `cid`, `status`) VALUES
(6, 'AC Services', 4, 1),
(7, 'TV Services', 4, 1),
(8, 'Washing Machine', 4, 1),
(9, 'Electric Chimney', 4, 1),
(10, 'Microwave Oven', 4, 1),
(11, 'Refrigerator', 4, 1),
(12, 'Ro Water Purifier', 4, 1),
(13, 'Washing Machine', 4, 1),
(14, 'Gas Stove', 4, 1),
(15, 'Geyser', 4, 1),
(16, 'Home Theatre', 4, 1),
(17, 'Inverter', 4, 1),
(18, 'Laptop', 4, 1),
(19, 'Air Cooler', 4, 1),
(20, 'CCTV Camera', 4, 1),
(21, 'Camera', 4, 1),
(22, 'Elevator', 4, 1),
(23, 'Generator', 4, 1),
(24, 'Computer', 4, 1),
(25, 'Printer', 4, 1),
(26, 'DVD Player', 4, 1),
(27, 'Mobile Phone', 4, 1),
(28, 'Projector', 4, 1),
(29, 'Sewing Machine', 4, 1),
(30, 'Treadmill', 4, 1),
(31, 'UPS', 4, 1),
(32, 'Appliance Repairs', 5, 1),
(33, 'Carpenters', 5, 1),
(34, 'Disinfection Services', 5, 1),
(35, 'Electricians', 5, 1),
(36, 'Home Cleaning', 5, 1),
(37, 'Makeup & Hair Styling', 5, 1),
(38, 'Massage Services', 5, 1),
(39, 'Painters', 5, 1),
(40, 'Pest Control Services', 5, 1),
(41, 'Plumbers', 5, 1),
(42, 'Salon at Home', 5, 1),
(43, 'Cars Showroom', 6, 1),
(44, 'Two Wheelers Showroom', 6, 1),
(45, 'Car Insurance', 6, 1),
(46, 'Car Loans', 6, 1),
(47, 'Car Services', 6, 1),
(48, 'Used Cars', 6, 1),
(49, 'Two Wheeler Insurance', 6, 1),
(50, 'Two Wheeler Loans', 6, 1),
(51, 'Two Wheeler Services', 6, 1),
(52, 'User Two Wheelers', 6, 1),
(53, 'Website Designer', 7, 1),
(54, 'Web Development', 7, 1),
(55, 'APP Development', 7, 1),
(56, 'Software Development', 7, 1),
(57, 'Banquet Halls', 8, 1),
(58, 'Bridal Makeup', 8, 1),
(59, 'Bridal Mehendi Artists', 8, 1),
(60, 'Bridal Requisites', 8, 1),
(61, 'Bridal Wear On Hire', 8, 1),
(62, 'Caterers', 8, 1),
(63, 'DJ On Hire', 8, 1),
(64, 'Dance Groups', 8, 1),
(65, 'Decoration', 8, 1),
(66, 'Event Organisers', 8, 1),
(67, 'Dhol Players', 8, 1),
(68, 'Doli On Hire', 8, 1),
(69, 'Fireworks', 8, 1),
(71, 'Flower Decorators', 8, 1),
(72, 'Groom Wear On Hire', 8, 1),
(73, 'Horses On Hire', 8, 1),
(74, 'Mehendi Artists', 8, 1),
(75, 'Music Bands', 8, 1),
(76, 'Pandits', 8, 1),
(77, 'Photographers', 8, 1),
(78, 'Orchestra', 8, 1),
(79, 'Tent House', 8, 1),
(80, 'Wedding Cards Showroom', 8, 1),
(81, 'Pets Clinic', 10, 1),
(82, 'Pets Hostel', 10, 1),
(84, 'Pets Grooming', 10, 1),
(85, 'Pets Trainer', 10, 1),
(86, 'Pets Shops', 10, 1),
(87, 'Dog Kennel', 11, 1),
(88, 'Cat Kennel', 11, 1),
(89, 'Rabbit Farms', 11, 1),
(90, 'Fish Farms', 11, 1),
(91, 'Kaadai Farms', 11, 1),
(92, 'Hen Farms', 11, 1),
(93, 'Goat Farm', 11, 1),
(94, 'Duck Farm', 11, 1),
(95, 'FMCG', 12, 1),
(96, 'ONLINE PORTAL', 7, 1),
(97, 'BRANDING PROMOTIONS', 4, 1),
(98, 'MATRIMONY SERVICES', 4, 1),
(99, 'Franchise ', 4, 1),
(100, 'Online Shopping', 13, 1),
(101, 'Engineering fabricator', 12, 1),
(102, 'Property developers', 4, 1),
(103, 'Loan Services', 4, 1);

-- --------------------------------------------------------

--
-- Table structure for table `cms`
--

CREATE TABLE `cms` (
  `sno` int(11) NOT NULL,
  `title` varchar(50) NOT NULL,
  `content` longtext CHARACTER SET utf8 COLLATE utf8_bin NOT NULL
) ENGINE=InnoDB DEFAULT CHARSET=latin1;

--
-- Dumping data for table `cms`
--

INSERT INTO `cms` (`sno`, `title`, `content`) VALUES
(1, 'aboutus', ''),
(2, 'delivery', '<span style=\"font-weight: bolder;\">Thagaval.in</span>&nbsp; makes its best possible effort to provide you an excellent online shopping experience. If you are still left wanting on account of any issue, we are there to help you out in whichever way we can. Yet, we do not provide the alternative to return orders as the goods are customized according to your specific needs and designs, and are non-usable by anyone else.<br>However, if at all there is a manufacturing defect, complete assistance would be given to you for correcting the same. printzone does not refund, cancel or credit if the Service failure or defect is caused, in whole or in part, by acts of God, weather conditions, environmental or dangerous goods incidents, perils of the air, public enemies, public authorities acting with actual or apparent authority, acts or omissions of customs officials, authority of law, quarantine, riots, strikes, work stoppages or slowdowns, or other labour disputes or disturbances, civil commotions or hazards incident to a state of war, local or national disruptions in ground or air transportation networks or systems due to events beyond our control, disruption or failure of communication and information systems, disruption or failure of utilities, or other circumstances beyond our control. For any other queries, all you need is to drop a call at 9360466662<br>YESGLE&nbsp;&nbsp;&nbsp;&nbsp;&nbsp;&nbsp; website/application/billing software will be delivered based on estimated time .in some critical situation delivery may extend on before prior information ,or may extend if modification takes place and price may also vary .client are asked to check and verify the data and content provided by you matches your recquirment . logo and&nbsp; banner are add on charges . site or provided with dummy content or some sample data ,client are ask to verify every data and photos before taking into market. YESGLE are not responsible for data or photos provided while submiting&nbsp; ,YESGLE can provided content&nbsp; or&nbsp; photos with your website water mark on some charges. <br>DAYSHOMECARE&nbsp; You will receive a Shipment Confirmation intimation once your order has shipped containing your tracking details . The tracking details will be active within 24 hours All orders are processed within 2-3 business days. Orders are not shipped or delivered on weekends or holidays.<br>If we are experiencing a high volume of orders, shipments may be delayed by a few days. Please allow additional days in transit for delivery. If there will be a significant delay in shipment of your order, we will contact you via email or telephone. product once sold cannot be taken back except for damage or spoiled. customers are asked to call customer care @ 93604666662. for replacement of product.<br>'),
(3, 'terms', '<p>REFUND POLICY  <span style=\"font-weight: bolder;\">Thagaval.in</span> <br><br>We have a 2-day return policy, which means you have 2 days after receiving your item to request a return.<br><br>To be eligible for a return, your item must be in the same condition that you received it, unworn or unused, with tags, and in its original packaging. You’ll also need the receipt or proof of purchase.<br><br>To start a return, you can contact us at <a href=\"mailto:thagavaldotin@gmail.com\">thagavaldotin@gmail.com</a> If your return is accepted, we’ll send you a return shipping label, as well as instructions on how and where to send your package. Items sent back to us without first requesting a return will not be accepted.<br>DAMAGES AND ISSUES<br>Please inspect your order upon reception and contact us immediately if the item is defective, damaged or if you receive the wrong item, so that we can evaluate the issue and make it right.<br></p><p>EXCEPTIONS / NON-RETURNABLE ITEMS<br> </p><p>Certain types of items cannot be returned, like perishable goods (such as food, flowers, or plants), custom products (such as special orders or personalized items), and personal care goods (such as beauty products). We also do not accept returns for hazardous materials, flammable liquids, or gases. Please get in touch if you have questions or concerns about your specific item. We cannot accept returns on sale items or gift cards.<br>Only if the product is explicitly mentioned in our website with the specification that “Return acceptedâ€ then that particular product shall be considered as returnable as per all the terms and conditions mentioned above else it shall be considered as Non-returnable item.<br><br>EXCHANGES<br>The fastest way to ensure you get what you want is to return the item you have, and once the return is accepted, make a separate purchase for the new item.<br>REFUNDS<br>We will notify you once we’ve received and inspected your return, and let you know if the refund was approved or not. If approved, you’ll be automatically refunded on your original payment method. Please remember it can take some time for your bank or credit card company to process and post the refund too.<br>REJECTION OF REFUNDS<br>We will notify you once we’ve received and inspected your return, and let you know if the refund was approved or not. If not approved, you’ll be automatically intimated on the reason for rejection of the refund including but not limited to damage done by you or your associated or related or employed persons or persons in your service, post purchase of the product, caused due to mishandling or accident or voluntary damage infliction or not adhering to the installation or usage guidelines provided in the instruction or user manual of the product or any other relevant reason for damage. In case the product is covered under warranty you will be redirected to the respective supplier or manufacturer or vendor for processing the warranty claim and Thagaval.in shall neither be held responsible nor be accountable for the warranty process or proceedings. The rejection reason provided by Thagaval.in shall be accepted as final by you.<br></p><p>SHIPPING POLICY<br><br>Thank you for visiting and shopping at Thagaval .in.com. Following are the terms and conditions that constitute our Shipping Policy.<br>All orders are processed within 3-4 business days. Orders are not shipped or delivered on weekends or holidays.<br>If we are experiencing a high volume of orders, shipments may be delayed by a few days. Please allow additional days in transit for delivery. If there will be a significant delay in shipment of your order, we will contact you via email or telephone.<br></p>'),
(4, 'privacypolicy', '<p style=\"margin-right: 0px; margin-left: 0px; padding: 0px; line-height: 1.9; font-size: 14px; color: rgb(51, 51, 51); font-family: \" open=\"\" sans\",=\"\" arial,=\"\" helvetica,=\"\" sans-serif;=\"\" letter-spacing:=\"\" 0.2px;\"=\"\"><br><span style=\"font-weight: bolder; color: rgb(0, 0, 0); font-size: 16px;\">Thagaval.in</span><span style=\"color: rgb(0, 0, 0); font-size: 16px;\">&nbsp;</span><br>Use of the Website is available only to persons who can form legally binding contracts under Indian Contract Act, 1872. Persons who are “incompetent to contractâ€ within the meaning of the Indian Contract Act, 1872 including minors, un-discharged insolvents etc. are not eligible to use the Website. If you are a minor i.e. under the age of 18 years, you shall not register as a User of the Website and shall not use the website. As a minor if you wish to use the website, such use may be made by your legal guardian or parents on the Website. Thagaval.in reserves the right to terminate your membership and / or refuse to provide you with access to the Website if it is brought to Thagaval.in notice or if it is discovered that you are under the age of 18 years.<br><br></p>'),
(5, 'payments', '<p><span style=\"font-weight: bolder;\">Thagaval.in</span>&nbsp;c<br></p>'),
(6, 'sortaboutus', '');

-- --------------------------------------------------------

--
-- Table structure for table `contactus`
--

CREATE TABLE `contactus` (
  `sno` int(5) NOT NULL,
  `name` varchar(50) NOT NULL,
  `subject` varchar(500) NOT NULL,
  `mobile` varchar(20) NOT NULL,
  `email` varchar(50) NOT NULL,
  `message` varchar(1000) NOT NULL,
  `createdat` datetime NOT NULL,
  `status` int(1) NOT NULL
) ENGINE=InnoDB DEFAULT CHARSET=latin1;

--
-- Dumping data for table `contactus`
--

INSERT INTO `contactus` (`sno`, `name`, `subject`, `mobile`, `email`, `message`, `createdat`, `status`) VALUES
(1, 'Donald Cole', 'General Enquiry', '84783791747', 'kendrickbells@donaldocole.com', 'Good day \r\n \r\n \r\n \r\nI`m seeking a reputable company/individual to partner with in a manner that would benefit both parties. The project is worth $24 Million so \r\nIf interested, kindly contact me through this email donaldcole@donaldocole.com for clarification. \r\n \r\n \r\nI await your response. \r\n \r\n \r\nThanks, \r\n \r\n \r\nDonald Cole', '2021-08-23 15:07:58', 0),
(2, 'NataCherb', 'General Enquiry', '82725472762', 'woodthighgire1988@gmail.com', ' \r\nWho want to see my nudes? https://best-sex-here1.com/?u=41nkd08&o=8dhpkzk', '2021-10-12 13:33:36', 0),
(3, 'Henryelido', 'General Enquiry', '87373568287', 'jeremymcdaniel4185@gmail.com', 'ExtrimHack Private — данное чаÑтный чит Ñ целью CS:GO. Во чите имеетÑÑ огромное чиÑло нужных функций, доÑтупный Ñокет также роÑÑийÑкий речь, мÑгкий AIM, WH Ñо абÑолютным обходом журнал, но кроме того Cкинченджер, Специнвентарь менÑла, Вид менÑла также Форма менÑла. \r\n[url=https://ezcheats.ru/chity-cs-go/multihak-csgo-winx-private.html]читы длÑ cs go[/url] \r\nЧаÑтный чит Ñ целью кÑ Ñпорт даÑт ДлÑ ВаÑ абÑолютное превоÑходÑтво надо вашими Ñоперниками также никак не покинет Вам безразличным. ДелаетеÑь PRO игроком CS:GO непоÑредÑтвенно в наÑтоÑщее времÑ.', '2021-10-13 20:53:24', 0),
(4, 'Embone', 'General Enquiry', '85693876718', 'atgefeapor@specjalistyczneoserwisy.pl', 'Whatever request more clarity close to the reason why you were provided the deadline day. Make contact with each one of your referrals in order to community concerning your opportunities and assert their particular agreement to become your reference. People in whose see [url=http://xn--zinwwspomnienie-xrb.jaworzno.pl]blog o grach mobilnych[/url] from the planet a person benefit. What ever your own determination, abandon virtually any associated baggage in your own home. What exactly is marketing? Almost all job openings will never be advertised; they’re loaded by recommendations. Facilitating immediate on the web booking, assured hiring, expense guides, and also resources, HomeAdvisor fits home owners searching for upkeep with the biggest network associated with pre-screened house pros nationwide-all at no cost. These people know that [url=http://xn--zinwarchiwalia-nob.gniezno.pl]internetowe radio[/url] the quickest method round the monitor will be by reducing entering the particular', '2021-10-14 05:46:02', 0),
(5, 'maryloueo2', 'General Enquiry', '83517434299', 'nellnf16@haru1610.kenta71.mokomichi.xyz', 'Sexy pictures each day\r\nhttp://italianpovporn.pornhistorier.bloglag.com/?kiersten \r\n\r\n my wifes home made porn videos porn amature lesbians porn star list india nude young boys porn celebrity fake porn clip \r\n\r\n', '2021-10-14 15:01:02', 0),
(6, 'MarlenePymn', 'Francise Enquiry', '86964395284', 'marlenePymn@heartbarcmipoconsli.tk', 'Error 212 [url=https://try.alexa.com/marketing-stack/competitor-keyword-matrix]origin is unreachable[/url]', '2021-10-15 11:20:16', 0),
(7, 'dennisso69', 'General Enquiry', '82419453477', 'gertrudeag4@tamotsu7110.hiraku45.toshikokaori.xyz', 'Teen Girls Pussy Pics. Hot galleries\r\nhttp://fetishnames.documentarybdsm.bestsexyblog.com/?ana \r\n\r\n mom tit porn amature allure porn clips danny phantom porn vides porn teen spycam how to find good porn onpine \r\n\r\n', '2021-10-15 20:45:22', 0),
(8, 'lesleyxk60', 'General Enquiry', '84274784899', 'rosanneot5@fumio3510.yoshito49.toshikokaori.xyz', 'Enjoy our scandal amateur galleries that looks incredibly dirty\r\nhttp://nudefreeamateur.hotblognetwork.com/?kassidy \r\n\r\n shui yo porn adult porn video amateur screamer grandmom porn son irie saaya enters porn porns boobs \r\n\r\n', '2021-10-16 11:29:43', 0),
(9, 'carrieni18', 'General Enquiry', '81347665317', 'luannrb5@hideo78.sorataki.in.net', 'New project started to be available today, check it out\r\nhttp://shemalewebcams.sexjanet.com/?yolanda \r\n\r\n porn dvd heatwave free porn pussy fingering free porn videos from hollywood movies geep porn free porn audience \r\n\r\n', '2021-10-16 13:54:11', 0),
(10, 'Pandmi', 'General Enquiry', '89819293518', 'm142@m142.ru', 'Огромное ÑпаÑибо за информацию. \r\n<a href=https://maps.google.com.bn/url?q=https://devilanipandorpros.ru/>devilanipandorpros.ru</a>\r\n', '2021-10-16 18:02:14', 0),
(11, 'jillss16', 'General Enquiry', '83113837517', 'samxe7@hideo78.sorataki.in.net', 'Enjoy our scandal amateur galleries that looks incredibly dirty\r\nhttp://freebigclitporn.lexixxx.com/?delilah \r\n\r\n thailand porn gall vidoes porn qualitation live oorn gay black latin guys porn for women white in black porn \r\n\r\n', '2021-10-17 05:22:48', 0),
(12, 'Rafaelattet', 'General Enquiry', '89982857584', 'kazantsev.riolux@gmail.com', 'треш обзор иÑкатели могил\r\nтреш обзор бабадук\r\nтреш обзор телемагазинов хотдожница длÑ ÑоÑиÑок\r\nтреш обзор кино\r\nтреш обзоры фильмов фальшивый критик\r\nчак обзоры треш\r\nобзор треш игр\r\nобзор треш фильма\r\nобзор треш лол\r\nтреш обзор поворот не туда\r\n \r\n[url=https://www.youtube.com/watch?v=NSFV_nnug4Q]обзор треша[/url]|\r\n[url=https://www.youtube.com/watch?v=_4OSKHB-D8Y]треш обзор заклÑтие 3[/url]|\r\n[url=https://fox74.ru/]треш обзор фильма мега пираньÑ монÑтры вернулиÑь[/url]|[url=https://www.youtube.com/results?search_query=%D0%B1%D1%80%D0%B0%D1%83%D0%BD+%D0%BC%D1%83%D0%B2%D0%B8]канал треш обзор[/url]|\r\n[url=https://www.youtube.com/watch?v=NSFV_nnug4Q]бивень треш обзор[/url]|\r\n[url=https://www.yout', '2021-10-17 12:01:47', 0),
(13, 'Kevasinbom', 'General Enquiry', '86784571593', 'sdsfhghhy@kophdfipm.com', 'Super Site New \r\n \r\n[url=https://www.lego.com/ru-ru/]www.lego.com[/url]\r\n[url=https://tass.ru/obschestvo/6469081]tass.ru[/url]\r\n[url=https://www.playstation.com/ru-ru/games/minecraft/]playstation.com[/url]\r\n[url=https://minecraftebent.blogspot.com]minecraftebent.blogspot.com[/url]\r\n[url=https://www.lego.com/ru-ru/]www.lego.com[/url]\r\n[url=https://play.google.com/]play.google.com[/url]\r\n[url=https://mojang.com]mojang.com[/url]\r\n[url=https://www.playstation.com/ru-ru/games/minecraft/]playstation.com[/url]\r\n[url=https://games.mail.ru/pc/games/minecraft/]games.mail.ru[/url]\r\n[url=https://it-miros.blogspot.com]it-miros.blogspot.com[/url]\r\n[url=https://www.mvideo.ru/products/ps4-igra-sony-minecraft-40072930]mvideo.ru[/url]\r\n[url=https://www.nintendo.ru/-/Nintendo-Switch/Minecraft-1386505.html]nintendo.ru[/url]\r\n', '2021-10-18 16:22:29', 0),
(14, 'edwinaf11', 'General Enquiry', '89826136599', 'jameswx69@akira8310.isamu32.kiyoakari.xyz', 'My new hot project|enjoy new website\r\nhttp://paintingofabird.xblognetwork.com/?deasia \r\n\r\n striper porn video younget porn star ever free porn with a plot pirates keira knightly porn free porn masturbate \r\n\r\n', '2021-10-19 00:31:54', 0),
(15, 'Stephennaf', 'General Enquiry', '87993991351', 'hp4@4ttmail.com', ' [url=https://hairypussypix.com/galleries/girls-showing-their-cunt-holes-gallery.html]Girls showing their cunt holes gallery - hairypussypix.com[/url] \r\nbusty armpit hairly\r\nunshaved women pics\r\nunshaved hairy pic\r\n  [url=https://hairypussypix.com/galleries/sexy-japanese-pussy.html]Sexy japanese pussy - hairypussypix.com[/url] \r\n \r\n[url=https://restposten.ws/das-taschenbuch-fuer-den-einkauf-in-china-2019/#comment-2212]hairy lesbians pissing[/url] [url=http://henna.s20.xrea.com/team/yybbs/yybbs.cgi]bbw fat hairy[/url] [url=https://www.urbanglamhair.com/product/short-silk-bonnet/#comment-72651]furry cunt[/url]  c431152 ', '2021-10-19 13:13:23', 0),
(16, 'Vonnie Wurst', 'General Enquiry', '06-70969731', 'vonnie.wurst@outlook.com', 'How To Advertise Online Without Paying A Dime : https://ai6.net/2UZNtE', '2021-10-19 14:01:24', 0),
(17, 'agrohimblw', 'General Enquiry', '88337266161', 'us.erzal.e.vs.k.ija.2.2201@gmail.com\r\n', 'Привет товарищи! \r\nПроÑтые (одноÑторонние) минеральные удобрениÑ Ñодержат один какой-либо Ñлемент питаниÑ. К ним отноÑÑтÑÑ фоÑфорные, азотные, калийные и микроудобрениÑ. КомплекÑные, или многоÑторонние, удобрениÑ Ñодержат одновременно два или более оÑновных питательных Ñлемента. В почвах обычно имеютÑÑ вÑе необходимые раÑтению питательные Ñлементы. Ðо чаÑто отдельных Ñлементов бывает недоÑтаточно длÑ удовлетворительного роÑта раÑтений. Ðа пеÑчаных почвах раÑтениÑ нередко иÑпытывают недоÑтаток магниÑ, на торфÑных почвах – молибдена, нÐ', '2021-10-19 14:39:25', 0),
(18, 'marisaxo16', 'General Enquiry', '81179418582', 'caitlinab69@masato5010.sho75.toshikokaori.xyz', 'Sexy photo galleries, daily updated pics\r\nhttp://findallfreeporn.adablog69.com/?esther \r\n\r\n porn dirty teachers moms pussy taste good porn chocolate doll ebony porn actress young adelesent little girl porn bleach blondes porn \r\n\r\n', '2021-10-20 05:16:52', 0),
(19, 'ChowdBlets', 'General Enquiry', '86617291813', 'gri.s.so.m.arcel.i.a@gmail.com', 'https://creditrepairlasvegas.xyz ', '2021-10-20 12:32:02', 0),
(20, 'maxineuk18', 'General Enquiry', '88147451327', 'queenvd20@rokuro4510.ryoichi45.sorataki.in.net', 'Free Porn Galleries - Hot Sex Pictures\r\nhttp://plainteesformen.fetlifeblog.com/?alaina \r\n\r\n submit tube porn ethnic porn review porn stars touring canada mrpink porn big mature ameture black women porn \r\n\r\n', '2021-10-20 20:50:04', 0),
(21, 'Bogdanruk', 'General Enquiry', '89818517784', 'u.s.erz.ale.v.s.kij.a.222.0.1@gmail.com\r\n', 'ПриветÑтвую ВаÑ товарищи[url=https://heavydutytool.by/].[/url] \r\nЕÑть такой интереÑный Ñайт длÑ заказа инÑтрумента Milwaukee. \r\nМноголетний опыт работы и выÑокое качеÑтво обÑлуживаниÑ - длÑ наÑ Ñто не пуÑтые Ñлова, длÑ ÑоответÑтвиÑ Ñтому опиÑанию нами было затрачено множеÑтво уÑилий. СпециалиÑты компании доÑконально знают характериÑтики и Ñпецифику инÑтрументов Milwaukee, выÑокий уровень которых повлиÑл на решение Ñтать официальным дилером. КачеÑтвеннаÑ техника ÑвлÑетÑÑ залогом уÑпешного проведениÑ Ñтроительных и ремонтных работ. ВыбираÑ технику Милуоки, вы буд', '2021-10-21 09:22:39', 0),
(22, 'Brianlorse', 'General Enquiry', '85549643321', 'De.a.nnBuc.k4@gmail.com', '[url=https://creditrepairlasvegas.co  ]creditrepairlasvegas.co [/url]', '2021-10-21 18:23:07', 0),
(23, 'rusofttoreNex', 'General Enquiry', '87427353391', 'gorelovalex84@gmail.com', 'Fuck ass [url=https://rusoft.store/]Порно Ñо зрелыми[/url] Teen blowjob cum \r\n[url=https://rusoft.store/]Групповое порно[/url] Amateur swingers \r\n[url=https://rusoft.store/]руÑофт[/url] Adult \r\n[url=https://rusoft.store/]rusoft[/url] XXX \r\nRUSOFT.store Free porn', '2021-10-21 20:36:54', 0),
(24, 'RandomGuyU', 'General Enquiry', '88479515871', 'info@videochatxyz.xyz', 'Dating a man, a pretty woman from the United States on a free site for date. \r\n \r\n[img]https://randomhandsomeguy.com/themes/default/assets/img/logo.png[/img] \r\n \r\nOnly verified profiles and real users, and all this is absolutely free. Chat as much as you want, without restrictions. \r\n \r\nLadies can find here wealthy gentlemen or just beautiful guys for communication, friendship, love and marriage. \r\n \r\nAlso on the site there is a video chat roulette for communicating with an interlocutor on a webcam, without registration, anonymous. \r\n \r\n[b]Enter:[/b] [url=https://randomhandsomeguy.com]USA video chat dating[/url] \r\n \r\n \r\nWelcome! \r\n \r\nhttps://randomhandsomeguy.com', '2021-10-22 06:13:12', 0),
(25, 'HiramTH', 'General Enquiry', '85766658546', 'varvara.fedorova.6.8.1979@mail.ru', '[url=https://88car.net/]44카[/url]', '2021-10-22 09:41:32', 0),
(26, 'Joshuaunusa', 'General Enquiry', '87876877269', 'visie.musical@tele2.nl', 'Hey, \r\n \r\nBest music mp3/FLAC scene releases https://0dayflac.blogspot.com/', '2021-10-22 10:00:55', 0),
(27, 'terrencefz18', 'General Enquiry', '88672537185', 'pattijs5@susumo51.toshikokaori.xyz', 'New project started to be available today, check it out\r\nhttp://freefootjobporn.xblognetwork.com/?maura \r\n\r\n porn stars attack henati tube porn porn stars return lezdom seduction porn fiction lil coco pornn tube \r\n\r\n', '2021-10-22 21:16:33', 0),
(28, 'brentti1', 'General Enquiry', '83149176197', 'tinadl60@masato63.mokomichi.xyz', 'Girls of Desire: All babes in one place, crazy, art\r\nhttp://pornoutfits.adultindianporn.hotblognetwork.com/?nathalie \r\n\r\n porn cartoon vidios for free free passionate porn tranny porn cam gay porn videos for free midget clown oprn and linux \r\n\r\n', '2021-10-22 21:52:12', 0),
(29, 'marshako18', 'General Enquiry', '89237595391', 'chasityrv2@hiroyuki46.kiyoakari.xyz', 'New super hot photo galleries, daily updated collections\r\nhttp://pornyube.danexxx.com/?mollie \r\n\r\n free cunt sucking porn usb porn downloads porn birth adult porn drawn comic strips gay porn pictures \r\n\r\n', '2021-10-23 01:08:08', 0),
(30, 'sochi.cat mak', 'General Enquiry', '86363696777', 'ershovadwockat@yandex.ru', 'Приглашаем жить в Сочи, поможем Ñ документами. [url=https://xn--b1aaagadad3aqwnhcecct6aqr1h.xn--p1ai/]Перевод документов в Сочи[/url] [url=https://xn--80aagabhnu6blbpsdl9f.xn--p1ai/]ГражданÑтво в Сочи[/url]   https://ГражданÑтвовÑочи.рф/   ГражданÑтво в Сочи. Перевод документов в Сочи   https://переводдокументоввÑочи.рф/    [url=https://фмÑ-Сочи.рф]вид на жительÑтво Ñочи[/url]    [url=https://fms-sochi.ru/]фмÑ Ñочи[/url]    [url=https://xn----otbbvmcfi3bye.xn--p1ai/16-arest-zemelnyh-uchastkov-sochi.html]ÐреÑт земельных учаÑтков Сочи[/url]  [url=https://evakuatoradler.ru/]Ñвакуатор адлер[/url] [url=https://yuristsochi.com/]юриÑт в Ñочи[/url] Эвакуатор-КраÑнаÑ-полÑна.рф [url=https://Ñвакуатор-краÑнаÑ-полÑнÐ', '2021-10-23 06:42:02', 0),
(31, 'lisast2', 'General Enquiry', '87656239716', 'adaht2@akira8310.isamu32.kiyoakari.xyz', 'New project started to be available today, check it out\r\nhttp://easypranks.instakink.com/?myra \r\n\r\n intellicast porn rapidshare porn archives uk wife porn jeremy bilding porn star safe amateur porn videos \r\n\r\n', '2021-10-24 03:08:54', 0),
(32, 'marylafj', 'General Enquiry', '85259527264', 'all@kolyaski.shop', 'КолÑÑка — Ñто первое транÑпортное ÑредÑтво малыша и главный помощник родителей во времÑ прогулок. КаждаÑ определённаÑ модель предназначена длÑ обеÑпечениÑ комфортного передвижениÑ и ребенка. \r\nВы можете подобрать колÑÑку длÑ каждого возраÑта ребёнка или купить. Перед покупкой рекомендуем изучить предÑтавленные модели и новинки, оценить вÑе доÑтупные модели, их преимущеÑтва и выбрать подходÑщую длÑ ВаÑ колÑÑку, ведь - Ñто незаменимый атрибут ежедневных прогулок Ñ малышом. \r\n \r\n \r\n[url=http://xn--h1adadot1h.xn--p1acf/][img]http://i.ibb.co/M8gdT6p/Baby-Mood-Download-best-Baby-Mood-for-compute', '2021-10-25 01:15:31', 0),
(33, 'KellyGag', 'General Enquiry', '88827857462', 'webmaster@gameplayin.net', 'Ñмотреть [url=https://www.gameplayin.net/letsplay]летÑплей[/url] разных интереÑных игр на Ñайте', '2021-10-25 14:09:35', 0),
(34, 'Charlesoreli', 'General Enquiry', '84788756344', 'buritos88666@gmail.com', 'miners-pro.pm - our shop ETH miners, BTC miners. \r\nAsic S19 , Asic E9 sell online. Fast delivery. Good prices \r\nRT2070   11GB, RT3070 Ti 12GB', '2021-10-25 14:49:39', 0),
(35, 'TarasikUk777', 'General Enquiry', '87128972552', 'niklajmironov@gmail.com', 'Полный Ñпектр уÑлуг по SIP звонкам и SMS региÑтраций. \r\n \r\nÐналогов нет. \r\nSIP телефониÑ работает от реальных Ñим-карт, номера не виртуальные. \r\n \r\nSMS приходÑт в телеграмм бот, звонки Ñофтфон ( android, ios, windows ). \r\nГолоÑ шифруетÑÑ алгоритмом AES ключом до 256 бит. \r\nSIP заголовки шифруютÑÑ протоколом TLS. \r\n \r\nИдеально подходит длÑ быÑтрой региÑтрации Ðвито, б/к контор, кошельков, фин. операций. \r\nÐренда SIM под прием ÑмÑ, Sip телефониÑ, Telegram-bot. \r\n \r\nРаÑÑмотрю варианты подключениÑ ваших Ñим-карт длÑ ÑмÑ и звонков, в Ñтом Ñлучае нужно отправить их в регион. \r\nВ наличии Ñим-карты ÑÑ', '2021-10-25 19:08:58', 0),
(36, 'Jose Gainey', 'Francise Enquiry', '0392 9112235', 'virassist13@gmail.com', 'Hi there,\r\n\r\nTurnkey Chat Software & Trained Live Chat Agents 24/7 for Your Industry. Request a Demo! Boost Your Leads, Engage Your Prospects & Take Your Customer Service to a New Level. Easy Setup. App for iOs & Android. Click here: https://crotonz.com/livechat/\r\n\r\nAffordable & Professional Web Development - Wordpress/ Woocommerce/ Shopify and Custom Web development. Highly Experienced and Certified. Know More: https://crotonz.com/website-design-virtual-assistant.php\r\n\r\nKind Regards,\r\nSam Miller\r\ninfo@crotonz.com', '2021-10-26 05:00:49', 0),
(37, 'колÑÑки', 'General Enquiry', '82419655468', 'all2all@gmail.com', 'КолÑÑка — Ñто важное малыша и оÑновной помощник родителей во времÑ прогулок. КаждаÑ модель детÑкой колÑÑки предназначена длÑ обеÑпечениÑ комфортного передвижениÑ и ребенка. \r\nВы можете выбрать колÑÑку длÑ каждого возраÑта ребёнка или подобрать универÑальную. Перед покупкой Ñледует изучить предÑтавленные модели и новинки, оценить вÑе доÑтупные модели, их Ñпецификации и выбрать подходÑщую длÑ ВаÑ колÑÑку, ведь - Ñто незаменимый атрибут ежедневных прогулок Ñ малышом. \r\n \r\n[url=https://www.xn--h1adadot1h.xn--p1acf/][img]https://i.ibb.co/8PQCDtV/colorful-blonde-children-field-balloon-Toy-knot-play-291', '2021-10-26 07:16:35', 0),
(38, 'MichaelDub', 'General Enquiry', '84846157467', 'alex.smith.90@internet.ru', 'Рейтинг букмекеров [url=]https://bestbookmaker.live[/url] мы даем только чеÑтную инфу!  #РейтингБК #Фонбет  #leon #1xbet #Ñпорт #Ñтавки', '2021-10-26 09:43:11', 0),
(39, 'JamescoX', 'General Enquiry', '85529864814', 'temptest294376303@gmail.com', 'terrorist attack   [url=https://www.techwhoop.com/outlook-password-decryptor/]channel news asiakim jong un[/url] \r\n \r\n[url=https://www.techwhoop.com/outlook-password-decryptor/]kim jong un[/url]', '2021-10-26 10:38:02', 0),
(40, 'NathanHor', 'General Enquiry', '87547466677', 'no-replywereFrowly@gmail.com', 'Good day!  thagaval.in \r\n \r\nWe present oneself \r\n \r\nSending your business proposition through the Contact us form which can be found on the sites in the Communication partition. Contact form are filled in by our software and the captcha is solved. The superiority of this method is that messages sent through feedback forms are whitelisted. This technique improve the odds that your message will be open. \r\n \r\nOur database contains more than 27 million sites around the world to which we can send your message. \r\n \r\nThe cost of one million messages 49 USD \r\n \r\nFREE TEST mailing Up to 50,000 messages. \r\n \r\n \r\nThis offer is created automatically.  Use our contacts for communication. \r\n \r\nContact us. \r\nTelegram - @FeedbackMessages \r\nSkype  live:contactform_18 \r\nWhatsApp - +375259112693 \r\nWe only use chat.', '2021-11-15 04:41:47', 0),
(41, 'Devinwilla', 'General Enquiry', '85819638787', 'mendietaalainnah2001@mail.ru', 'http://researchscientificservices.us/__media__/js/netsoltrademark.php?d=hentaixnxx.com\r\nhttp://3ko.globaltoolsupply.com/__media__/js/netsoltrademark.php?d=hentaixnxx.com\r\nhttp://langerteam.com/__media__/js/netsoltrademark.php?d=getbdsmtube.com\r\nhttp://tecmessage.com/__media__/js/netsoltrademark.php?d=mytranstube.com\r\nhttp://myeo.org/__media__/js/netsoltrademark.php?d=mypublicsextube.com\r\nhttp://subzreobivy.net/__media__/js/netsoltrademark.php?d=bestoftwink.com\r\nhttp://cleaningsupplygroup.com/__media__/js/netsoltrademark.php?d=xxxxez.com\r\nhttp://crunchyrool.com/__media__/js/netsoltrademark.php?d=hentaixxxuncensored.com\r\nhttp://trentini.lv/wp-content/themes/trentini/download.php?url=https://thegayscollection.com\r\nhttp://martingasper.com/__media__/js/netsoltrademark.php?d=bestultimatesexvideo.com\r\n', '2021-12-02 20:17:59', 0),
(42, 'Devinwilla', 'General Enquiry', '88491657537', 'ira.izmalkina.78@mail.ru', 'buy software online  http://www.deri-ou.com/url.php?url=https://frootysales.com/dsmf-dreamweaver-cs6-the-missing-manual-1st-edition-jul-2012-1-ed/ - oem softwares  \r\ncheap online shopping 247  https://www.bike4u.ru/news/597/redirect.php?go=https://frootysales.com/siemens-solid-edge-st8/ - buy online cheap oem  \r\ndiscount software online  http://www.amtchina.org/redirect.asp?MemberID=P360&url=https://frootysales.com/apple-compressor-4/ - buy cheap software  \r\nbuy cheap software oem  http://hackerbaits.ru/bitrix/redirect.php?goto=https://frootysales.com/nero-9/ - cheap oem download buy  \r\nbuy software cheap  http://tis-s.ru/bitrix/rk.php?goto=https://frootysales.com/adobe-captivate-5/ - buy software online cheap  \r\ncheap microsoft software  https://alexandrbenda.blog.idnes.cz/redir.aspx?url=https://frootysales.com/adobe-illustrator-cc-2018/ - software store online \r\noem softare  https://ppwood.ru/bitrix/redirect.php?goto=https://frootysales.com/microsoft-expresion-web-2/ - buy cheap soft', '2021-12-06 15:18:12', 0),
(43, 'Les Jacobs', 'General Enquiry', '88698671155', 'lolitawinfree070@gmail.com', 'Hello Beloved \r\n \r\nCan you devote your time to run a humanitarian charity project in helping the needy and less privileged people around your community ? please reply to Mr Les:   Lesscaddingl@gmail.com', '2021-12-09 16:59:56', 0),
(44, 'Cara Beale', 'General Enquiry', '071 226 25 45', 'sales@partyglowz.com', 'Please publish these coupons on your site.\r\n\r\nhttps://www.partyglowz.com/discount/GLOW5OFF\r\nhttps://www.partyglowz.com/discount/LED5OFF\r\nhttps://www.partyglowz.com/discount/TOYS&GAMES5OFF\r\nhttps://www.partyglowz.com/discount/HOLIDAY&EVENTS5OFF\r\nhttps://www.partyglowz.com/discount/GlOWSTICKS5OFF\r\nhttps://www.partyglowz.com/discount/GLOWBRACLETS5OFF\r\nhttps://www.partyglowz.com/discount/TOYSANDBALLS5OFF\r\nhttps://www.partyglowz.com/discount/GLOWACCESSORIES5OFF\r\nhttps://www.partyglowz.com/discount/GLOWJEWELRY5OFF', '2021-12-09 17:41:13', 0),
(45, 'Mike Moore\r\n', 'General Enquiry', '82723185174', 'no-replyCiDs@gmail.com', 'Howdy \r\n \r\nWe will enhance your Local Ranks organically and safely, using only whitehat methods, while providing Google maps and website offsite work at the same time. \r\n \r\nPlease check our services below, we offer Local SEO at cheap rates. \r\nhttps://speed-seo.net/product/local-seo-package/ \r\n \r\nNEW: \r\nhttps://www.speed-seo.net/product/zip-codes-gmaps-citations/ \r\n \r\nregards \r\nMike Moore\r\n \r\nSpeed SEO Digital Agency', '2021-12-14 22:50:53', 0),
(46, 'JAMES COOK', 'General Enquiry', '87798196923', 'james_cook78@yahoo.com', 'Dear sir/ma \r\nWe are a finance and investment company offering loans at 3% interest rate. We will be happy to make a loan available to your organisation for your project. Our terms and conditions will apply. Our term sheet/loan agreement will be sent to you for review, when we hear from you. Please reply to this email ONLY cookj5939@gmail.com \r\n \r\nRegards. \r\nJames Cook \r\nChairman & CEO Euro Finance & Commercial Ltd', '2021-12-20 06:30:09', 0),
(47, 'Unmap', 'General Enquiry', '85961598927', 'xywfg7eb@yahoo.com', 'Hi, this is Jenny. I am sending you my intimate photos as I promised. https://tinyurl.com/y9hdx38k', '2022-01-17 00:14:20', 0),
(48, 'Unmap', 'General Enquiry', '83536659885', 'uc5e0maz@hotmail.com', 'Hi, this is Julia. I am sending you my intimate photos as I promised. https://tinyurl.com/ycefnxt9', '2022-01-18 06:37:22', 0),
(49, 'Forexnox', 'Francise Enquiry', '89493357252', 'bobolink@pochtampt.com', 'Cairt forex Bloomberg. https://ie.system-forex.com', '2022-01-24 04:59:33', 0),
(50, 'AnnaBig', 'Francise Enquiry', '+1 2718134567', 'elenaBig@hotmail.com', 'Hello all, guys! I know, my message may be too specific, \r\nBut my sister found nice man here and they married, so how about me?! :) \r\nI am 23 years old, Maria, from Romania, know English and Russian languages also \r\nAnd... I have specific disease, named nymphomania. Who know what is this, can understand me (better to say it immediately) \r\nAh yes, I cook very tasty! and I love not only cook ;)) \r\nIm real girl, not prostitute, and looking for serious and hot relationship... \r\nAnyway, you can find my profile here: http://rareasmausingeni.tk/chk/1', '2022-01-24 21:07:06', 0),
(51, 'burenokHek', 'General Enquiry', '89644336679', 'tarashomyakov99@gmail.com', '<a href=http://smerch.org/federaciya/kirovskaya>ÐкÑеÑÑуары манжета длÑ тÑги.</a>\r\n<a href=http://health-tools.ru/0-0-0-1/>ПодробноÑти манжеты длÑ ног у наÑ на Ñайте.</a>\r\n<a href=http://wing-chun-name.ru/>Купить уличные тренажеры по низким ценам.</a>\r\n<a href=http://velopiter.spb.ru/forum/topic/256225-%D0%B7%D0%B8%D0%BC%D0%B0-%D1%88%D0%B8%D0%BF%D0%BE%D0%B2%D0%B0%D0%BD%D0%BD%D1%8B%D0%B5-%D1%88%D0%B8%D0%BD%D1%8B-nokian-28-29-%D0%B4%D1%8E%D0%B9%D0%BC%D0%BE%D0%B2/>ДеревÑнные детÑкие игровые площадки.</a>\r\n<a href=http://sarb.in.ua/explore/russkij-stil/item/378-sebe-chest-potomkam-pamyat-otechestvu-slava.html>ДетÑкие уличные тренажеры купить.</a>\r\n', '2022-02-02 12:19:46', 0),
(52, 'Unmap', 'General Enquiry', '81283965672', 'l1gdiuzg@yahoo.com', 'Hi, this is Irina. I am sending you my intimate photos as I promised. https://tinyurl.com/y84lgkbm', '2022-02-03 09:20:34', 0),
(53, 'Mike Foster\r\n', 'General Enquiry', '85673566499', 'no-replyCiDs@gmail.com', 'Hello \r\n \r\nWe all know the importance that dofollow link have on any website`s ranks. \r\nHaving most of your linkbase filled with nofollow ones is of no good for your ranks and SEO metrics. \r\n \r\nBuy quality dofollow links from us, that will impact your ranks in a positive way \r\nhttps://www.digital-x-press.com/product/150-dofollow-backlinks/ \r\n \r\nBest regards \r\nMike Foster\r\n \r\nsupport@digital-x-press.com', '2022-02-05 22:20:36', 0),
(54, 'Unmap', 'General Enquiry', '89677771727', '1gz5p91v@gmail.com', 'Hi, this is Anna. I am sending you my intimate photos as I promised. https://tinyurl.com/yaf7ltos', '2022-02-09 06:38:30', 0),
(55, 'Unmap', 'General Enquiry', '86497581574', 'edffcy2u@hotmail.com', 'Hi, this is Anna. I am sending you my intimate photos as I promised. https://tinyurl.com/y9dghg5a', '2022-02-14 05:34:31', 0),
(56, 'Ajit Kumar', 'General Enquiry', '077 1063 5965', 'ajitkumarch183@gmail.com', 'Invitation from your Chamber of Commerce\r\n\r\nYou are cordially invited to participate in our India Community Hub Online Mixer hosted by the Chamber of Commerce.\r\n\r\nThis is an important event for any senior executive looking to expand their business, access new capital and/or acquire new customers.\r\n\r\nDate: Friday, 25th February 2022.\r\n\r\nTime: 2:30pm - 3:30pm (India Time)\r\n\r\nFormat: Online -- Free to attend.\r\n\r\nRegistration & Event Link: https://bit.ly/3oVgKuO\r\n\r\nThe India Online Community Hub is designed to facilitate peer-to-peer sharing between senior business executives in a trusted and confidential environment.  By drawing from the expertise and experience of other business executives, the format encourages ways to navigate the needs of your business, and community engagement to help members achieve success in import, export and international trade in products and/or services. \r\nYou will learn about free tools to help you find venture capital, participate in national and internation', '2022-02-18 01:35:30', 0),
(57, 'LinaKt', 'Francise Enquiry', '+40 2722727125', 'linaKt@yahoo.com', 'Ηellо аll, guуs! I know, mу mеssаge maу bе toо sрeÑifiÑ,\r\nBut mу sistеr found niÑе mаn here and thеу mаrriеd, so һow аbоut me?! :)\r\nI am 23 yеars оld, Linа, frоm Rоmаniа, knоw Еnglisһ аnd Russiаn lаnguagеs аlso\r\nAnd... I havе sреcific diseаsе, nаmed nymрhomаnia. Whо knоw wһаt is this, can undеrstand me (bеttеr tо sау it immediately)\r\nAh уes, I Ñоok vеry tаstу! аnd I lоvе nоt оnlу cооk ;))\r\nIm rеal girl, nоt рrostitute, and loоking for seriоus аnd hоt rеlationship...\r\nÐnywау, yоu cаn find mу prоfile herе: http://biahypinmely.tk/user/13650\r\n', '2022-02-24 11:38:29', 0),
(58, 'Forexnox', 'General Enquiry', '86363387263', 'question@pochtampt.com', 'Giao dịch ngoại hối. https://vn.forex-stock-bitcoin-brokers.com', '2022-03-30 16:42:22', 0),
(59, 'ElenaFet', 'General Enquiry', '88158269436', '@gmail.com', 'Register and enjoy for free: https://2track.info/yCYJ', '2022-04-10 23:16:33', 0),
(60, 'Henrycek', 'Francise Enquiry', '89032412912', 'Simone26@msn.com', 'This robot can bring you money 24/7. \r\nhttps://profit-gold-strategy.life/?u=bdlkd0x&o=x7t8nng', '2022-04-16 16:42:13', 0),
(61, 'LilianaSic', 'General Enquiry', '85897685581', 'lethelpworld0@gmail.com', 'Find your destiny - https://alitems.site/g/1e8d114494e76894bc6d16525dc3e8090782a291', '2022-04-24 07:13:02', 0),
(62, 'SonyaNut', 'General Enquiry', '87779714414', 'woodthighgire1988@gmail.com', ' \r\nमेरे जà¥राब कौन देखना चाहते हैं? https://bunnyvv.space/click?o=6&a=1036', '2022-04-27 14:00:55', 0),
(63, 'Idgc5gag7y', 'General Enquiry', '89853423685', 'bevz_1979@inbox.ru', ' \r\n ЗапроÑ под №988 выполнен, проверÑйте.  \r\n \r\nПодробнее по ÑÑылке: https://forms.yandex.ru/u/fr5nmsayqe2odso1ifnh/success/?AAAAAthagaval.inBBBBB', '2022-05-02 19:41:37', 0),
(64, 'Id2m90gm2x', 'General Enquiry', '87811727634', 'rocket_2018@list.ru', ' Возврат 106 729 p  \r\nПодробнее: https://forms.yandex.ru/u/AAAAAthagaval.inBBBBB/success/', '2022-05-18 15:17:13', 0),
(65, 'ChristinaDymN', 'Francise Enquiry', '+40 2347762025', 'christinaDymN@gmail.com', 'Ηеllо all, guуѕǃ Ι knоw, my messagе may bе tоо spеÑіfiÑ,\r\nΒut my ѕiѕtеr fоund niÑе man hеrе аnd thеy mаrriеd, ѕo how аbout mе?ǃ :)\r\nI аm 23 уеars old, Сhrіstіnа, from Romaniа, Ι knоw Εnglish аnd Germаn lаnguageѕ also\r\nÐnd... I havе spеcіfіÑ diseаѕе, nаmed nymphomаnіa. Whо knоw what іѕ thiѕ, Ñаn undеrѕtаnd mе (bеttеr to say іt immеdiatеly)\r\nΑh уes, I Ñook verу tаstуǃ аnd Ι love not onlу Ñооk ;))\r\nΙm rеаl gіrl, nоt prostitutе, аnd lоokіng for sеriouѕ аnd hot relаtionshір...\r\nΑnywау, you cаn find my profіlе hеre: http://puydeofood.tk/user/23000/ \r\n', '2022-05-24 15:31:06', 0);

-- --------------------------------------------------------

--
-- Table structure for table `coupons`
--

CREATE TABLE `coupons` (
  `sno` int(11) NOT NULL,
  `coupons` varchar(50) NOT NULL,
  `type` varchar(50) NOT NULL,
  `value` int(10) NOT NULL,
  `status` int(1) NOT NULL,
  `createdat` datetime NOT NULL DEFAULT CURRENT_TIMESTAMP
) ENGINE=InnoDB DEFAULT CHARSET=latin1;

--
-- Dumping data for table `coupons`
--

INSERT INTO `coupons` (`sno`, `coupons`, `type`, `value`, `status`, `createdat`) VALUES
(6, 'tha2021', 'Percent', 10, 1, '2021-03-25 12:58:56'),
(7, 'TSB2021', 'Flat', 50, 1, '2021-06-04 13:00:53');

-- --------------------------------------------------------

--
-- Table structure for table `dealer`
--

CREATE TABLE `dealer` (
  `sno` int(5) NOT NULL,
  `idno` int(5) NOT NULL,
  `dealerid` varchar(50) NOT NULL,
  `name` varchar(200) NOT NULL,
  `mobile` varchar(20) NOT NULL,
  `email` varchar(100) NOT NULL,
  `address1` varchar(100) NOT NULL,
  `address2` varchar(100) NOT NULL,
  `city` varchar(50) NOT NULL,
  `state` varchar(50) NOT NULL,
  `pincode` varchar(10) NOT NULL,
  `salepercent` float NOT NULL,
  `servicepercent` float NOT NULL,
  `wallet` float NOT NULL,
  `pending` int(5) NOT NULL,
  `complete` int(5) NOT NULL,
  `status` int(1) NOT NULL
) ENGINE=InnoDB DEFAULT CHARSET=latin1;

--
-- Dumping data for table `dealer`
--

INSERT INTO `dealer` (`sno`, `idno`, `dealerid`, `name`, `mobile`, `email`, `address1`, `address2`, `city`, `state`, `pincode`, `salepercent`, `servicepercent`, `wallet`, `pending`, `complete`, `status`) VALUES
(4, 4, 'DELR0004', 'sathish', '09895963254', 'sathishstark30@gmail.com', 'adawe', 'fafarrreq', 'chennai', 'tamilnadu', '600099', 20, 0, 0, 0, 0, 1);

-- --------------------------------------------------------

--
-- Table structure for table `dealerorders`
--

CREATE TABLE `dealerorders` (
  `sno` int(11) NOT NULL,
  `type` varchar(50) NOT NULL,
  `cid` varchar(50) NOT NULL,
  `totalqty` int(11) NOT NULL,
  `submitstatus` int(1) NOT NULL,
  `orderdate` date NOT NULL,
  `bill` varchar(200) NOT NULL,
  `createdat` datetime NOT NULL DEFAULT CURRENT_TIMESTAMP,
  `createdby` varchar(50) NOT NULL,
  `status` int(1) NOT NULL
) ENGINE=InnoDB DEFAULT CHARSET=latin1;

--
-- Dumping data for table `dealerorders`
--

INSERT INTO `dealerorders` (`sno`, `type`, `cid`, `totalqty`, `submitstatus`, `orderdate`, `bill`, `createdat`, `createdby`, `status`) VALUES
(2, 'admin', 'ADMIN001', 20, 1, '2021-02-16', '', '2021-02-16 21:31:13', 'DELR0001', 1),
(3, 'user', 'CUST0007', 21, 1, '2021-02-17', '', '2021-02-17 12:26:02', 'DELR0002', 1),
(4, 'admin', 'ADMIN001', 10, 1, '2021-02-26', '', '2021-02-26 14:57:41', 'DELR0001', 1),
(6, 'admin', 'ADMIN001', 35, 1, '2021-06-04', '', '2021-06-04 16:10:16', 'DELR0003', 1),
(7, 'user', 'CUST0134', 10, 1, '2021-06-04', '', '2021-06-04 16:14:42', 'DELR0003', 1),
(8, 'admin', 'ADMIN001', 35, 1, '2021-06-07', '', '2021-06-07 13:56:17', 'DELR0003', 1),
(9, '', 'ADMIN001', 1, 0, '0000-00-00', '', '2021-07-12 08:02:06', 'DELR0004', 0);

-- --------------------------------------------------------

--
-- Table structure for table `dealerordersdetails`
--

CREATE TABLE `dealerordersdetails` (
  `sno` int(11) NOT NULL,
  `orderid` varchar(10) NOT NULL,
  `pdtid` varchar(50) NOT NULL,
  `qty` int(5) NOT NULL,
  `remarks` varchar(1000) NOT NULL
) ENGINE=InnoDB DEFAULT CHARSET=latin1;

--
-- Dumping data for table `dealerordersdetails`
--

INSERT INTO `dealerordersdetails` (`sno`, `orderid`, `pdtid`, `qty`, `remarks`) VALUES
(1, '9', 'PRODUCT0034', 1, 'Yg');

-- --------------------------------------------------------

--
-- Table structure for table `district`
--

CREATE TABLE `district` (
  `sno` int(5) NOT NULL,
  `state` varchar(100) COLLATE utf8mb4_unicode_ci NOT NULL,
  `district` varchar(100) COLLATE utf8mb4_unicode_ci NOT NULL
) ENGINE=InnoDB DEFAULT CHARSET=utf8mb4 COLLATE=utf8mb4_unicode_ci;

--
-- Dumping data for table `district`
--

INSERT INTO `district` (`sno`, `state`, `district`) VALUES
(1, 'Tamil Nadu', ''),
(3, 'Tamil Nadu', 'Chennai'),
(4, 'kar', '');

-- --------------------------------------------------------

--
-- Table structure for table `googlemap`
--

CREATE TABLE `googlemap` (
  `sno` int(11) NOT NULL,
  `options` varchar(100) NOT NULL,
  `value` varchar(1000) NOT NULL
) ENGINE=InnoDB DEFAULT CHARSET=latin1;

--
-- Dumping data for table `googlemap`
--

INSERT INTO `googlemap` (`sno`, `options`, `value`) VALUES
(1, 'url', 'https://www.google.com/maps/embed?pb=!1m26!1m12!1m3!1d3885.6949131888123!2d80.22395966413661!3d13.11850361518885!2m3!1f0!2f0!3f0!3m2!1i1024!2i768!4f13.1!4m11!3e6!4m3!3m2!1d13.118520199999999!2d80.2262447!4m5!1s0x3a526517539710d3%3A0xd1883d8425027a3d!2sYESGLE%20SOLUTIONS%2C%20165%2C%20Paper%20Mills%20Road%2C%20opp%20SRP%20bus%20stand%2C%20SRP%20Colony%2C%20Peravallur%2C%20Chennai%2C%20Tamil%20Nadu%20600082!3m2!1d13.1184491!2d80.226052!5e0!3m2!1sen!2sin!4v1648040141766!5m2!1sen!2sin'),
(2, 'width', '100%'),
(3, 'height', '450');

-- --------------------------------------------------------

--
-- Table structure for table `jobpost`
--

CREATE TABLE `jobpost` (
  `sno` int(5) NOT NULL,
  `idno` int(5) NOT NULL,
  `postid` varchar(50) NOT NULL,
  `category` int(5) NOT NULL,
  `subcategory` int(5) NOT NULL,
  `name` varchar(100) NOT NULL,
  `description` varchar(200) NOT NULL,
  `image` varchar(200) NOT NULL,
  `city` int(2) NOT NULL,
  `area` int(2) NOT NULL,
  `gender` varchar(20) NOT NULL,
  `minsalary` int(11) NOT NULL,
  `maxsalary` int(11) NOT NULL,
  `experience` int(11) NOT NULL,
  `packagetype` varchar(50) NOT NULL,
  `color` varchar(30) NOT NULL,
  `premium` int(1) NOT NULL,
  `brand` int(1) NOT NULL,
  `brandlogo` varchar(300) NOT NULL,
  `mobile` varchar(15) NOT NULL,
  `createdat` datetime NOT NULL,
  `createdby` varchar(50) NOT NULL,
  `expiredat` date NOT NULL,
  `status` varchar(15) NOT NULL,
  `duration` int(5) NOT NULL,
  `pricing` float(15,2) NOT NULL,
  `packageid` varchar(50) NOT NULL,
  `paymentstatus` varchar(50) NOT NULL,
  `paymentid` varchar(500) NOT NULL,
  `signature` varchar(500) NOT NULL,
  `transactionid` varchar(500) NOT NULL,
  `applied` int(11) NOT NULL,
  `viewed` int(11) NOT NULL,
  `payable` float(15,2) NOT NULL
) ENGINE=InnoDB DEFAULT CHARSET=latin1;

--
-- Dumping data for table `jobpost`
--

INSERT INTO `jobpost` (`sno`, `idno`, `postid`, `category`, `subcategory`, `name`, `description`, `image`, `city`, `area`, `gender`, `minsalary`, `maxsalary`, `experience`, `packagetype`, `color`, `premium`, `brand`, `brandlogo`, `mobile`, `createdat`, `createdby`, `expiredat`, `status`, `duration`, `pricing`, `packageid`, `paymentstatus`, `paymentid`, `signature`, `transactionid`, `applied`, `viewed`, `payable`) VALUES
(253, 1, 'JOBS0001', 26, 82, 'Wanted Telecaller', 'Basic Computer Knowledge Must, Any Degree, Fresher or Experience Can Apply, No Target For Sales,  Cold Calling', '', 1, 1, 'Male / Female', 8000, 15000, 1, 'Text', '', 0, 0, '', '8122640106', '2022-08-02 12:32:01', 'CUST0064', '2022-12-17', 'Expired', 30, 499.00, 'JOBS0003', '', '', '', '', 0, 3, 499.00),
(254, 1, 'JOBS0001', 26, 82, 'Wanted Telecaller', 'Basic Computer Knowledge Must, Any Degree, Fresher or Experience Can Apply, No Target For Sales,  Cold Calling', '', 1, 1, 'Male / Female', 8000, 15000, 1, 'Text', '', 0, 0, '', '8122640106', '2022-08-02 12:32:07', 'CUST0064', '2022-12-17', 'Expired', 30, 499.00, 'JOBS0003', '', '', '', '', 0, 3, 499.00),
(255, 2, 'JOBS0002', 26, 82, 'Team Header For Telecalling', 'Basic Computer Knowledge Must, Online Space Selling Portal Management, Team Handling Must With Cold Calling', '', 1, 1, 'Male / Female', 12000, 16000, 1, 'Color', 'Green', 1, 0, 'yesgle.jpg', '9962516035', '2022-08-02 12:39:49', 'CUST0002', '2022-09-01', 'Expired', 30, 799.00, 'JOBS0005', '', '', '', '', 0, 7, 1099.00),
(256, 3, 'JOBS0003', 27, 45, 'Sales Executive In Field', 'Bike Is Must, Basic In English, Any Degree Can Apply', '', 1, 1, 'Male', 10000, 15000, 1, 'Color', 'Blue', 1, 1, '', '9962516035', '2022-08-02 12:51:50', 'CUST0002', '2022-09-01', 'Expired', 30, 799.00, 'JOBS0005', '', '', '', '', 0, 1, 1299.00),
(257, 4, 'JOBS0004', 27, 89, 'Business Manager', 'Experience Candidate Can Apply, Good In English, Computer Knowledge Is Must,   ', '', 1, 1, 'Male / Female', 11999, 20000, 2, 'Color', 'Orange', 1, 1, '', '9962516036', '2022-08-02 12:57:12', 'CUST0002', '2022-09-01', 'Expired', 30, 799.00, 'JOBS0005', '', '', '', '', 0, 2, 1299.00),
(258, 2, 'JOBS0002', 28, 50, 'Softwre Developer', 'We are looking to hire a talented PHP developer to manage our back-end services and ensure a seamless interchange of data between the server and our users. As a PHP developer, \r\n', '', 1, 1, 'Male / Female', 12000, 20000, 2, 'Color', 'Green', 1, 0, '', '9962516035', '2022-08-02 12:59:17', 'CUST0001', '2022-09-01', 'Expired', 30, 799.00, 'JOBS0005', '', '', '', '', 0, 7, 1099.00),
(259, 3, 'JOBS0003', 27, 46, 'Sales & Executer', 'We are seeking a Product Marketing Manager to take over our software marketing and grow revenue in accordance with corporate goals. ', '', 1, 40, 'Male / Female', 15000, 18000, 2, 'Color', 'Blue', 0, 0, '', '9360466662', '2022-08-02 13:10:28', 'CUST0001', '2022-09-01', 'Expired', 30, 799.00, 'JOBS0005', '', '', '', '', 0, 1, 799.00),
(260, 4, 'JOBS0004', 28, 49, 'Software Testing', 'We are looking for a results-driven software tester to be responsible for designing and running tests on software usability', '', 1, 40, 'Male / Female', 12000, 15000, 1, 'Color', 'Orange', 1, 0, '', '7305588891', '2022-08-02 13:16:12', 'CUST0001', '2022-09-01', 'Expired', 30, 799.00, 'JOBS0005', '', '', '', '', 0, 2, 1099.00),
(261, 5, 'JOBS0005', 22, 17, 'Accountant', 'Only qualified candidates with relevant skills and experience (if applicable) will be considered. The candidate will need to pass a technical test to qualify for this position.', '', 1, 1, 'Male', 15000, 20000, 2, 'Color', 'Blue', 1, 1, '', '9962516036', '2022-08-02 13:25:41', 'CUST0003', '2022-09-01', 'Expired', 30, 799.00, 'JOBS0005', '', '', '', '', 0, 3, 799.00),
(262, 6, 'JOBS0006', 22, 20, 'Accounts Executive', 'Must be well versed with bookkeeping and basic accounting.\r\nAble to book Income and Expenses\r\nWell-versed in handling Receipts and Payments\r\nAble to handle TDS and GST, and return filing\r\nAble to give', '', 1, 1, 'Male', 20000, 25000, 2, 'Text', '', 0, 1, '', '9962516036', '2022-08-02 13:32:57', 'CUST0003', '2022-09-01', 'Expired', 30, 499.00, 'JOBS0003', '', '', '', '', 0, 0, 699.00),
(263, 7, 'JOBS0007', 23, 63, 'cashier', 'Work experience as a Retail Cashier or in a similar role in sales, Basic PC knowledge, Familiarity with electronic equipment, like cash register and POS, \r\nGood math skills, Strong communication\r\n', '', 1, 1, 'Male / Female', 1000, 15000, 2, 'Color', 'Orange', 1, 1, '', '9962516036', '2022-08-02 13:42:53', 'CUST0003', '2022-09-01', 'Expired', 30, 799.00, 'JOBS0005', '', '', '', '', 0, 2, 1299.00),
(264, 8, 'JOBS0008', 28, 49, 'Software Testing', 'Bachelor’s degree in computer science or IT.\r\nMinimum of 2 years experience in test analysis.\r\nProven record of experience working with computer software and coding.\r\nTesting in Programming ', '', 1, 1, 'Male / Female', 20000, 25000, 2, 'Color', 'Green', 1, 1, '', '9962516036', '2022-08-02 13:50:00', 'CUST0003', '2022-09-01', 'Expired', 30, 799.00, 'JOBS0005', '', '', '', '', 0, 14, 1299.00),
(265, 9, 'JOBS0009', 22, 19, 'Accounts Manager', 'Excellent management and supervisory skills, Excellent written and verbal communication skills, Excellent organizational and time management skills,\r\nProficient in accounting, Excel knowledge', '', 1, 1, 'Male / Female', 20000, 25000, 2, 'Color', 'Pink', 1, 1, '', '9962516036', '2022-08-02 15:02:52', '', '2022-09-01', 'Expired', 30, 799.00, 'JOBS0005', '', '', '', '', 0, 16, 999.00),
(266, 10, 'JOBS0010', 23, 63, 'sad', 'sad', '', 1, 82, 'Male', 1, 2, 2, 'Color', 'Blue', 0, 1, 'kz.phtml', '2141232131', '2022-09-05 20:21:11', 'CUST0004', '2022-10-05', 'Expired', 30, 799.00, 'JOBS0005', '', '', '', '', 0, 2, 999.00),
(267, 11, 'JOBS0011', 26, 82, 'Urgent Opening Tele callers ', 'URGENT VACANCY FOR FRESHER AND EXPERIENCE CANDIDATES CAN APPLY IMMEDIATELY, Any Degree Pass or Fail Candidates Apply, No Target based, Full Time Office Based Work', '', 1, 1, 'Male / Female', 8000, 12000, 1, 'Text', '', 0, 0, 'yesgle_logos.jpg', '9962516035', '2022-10-08 14:51:53', 'CUST0002', '2022-11-07', 'Expired', 30, 499.00, 'JOBS0003', '', '', '', '', 0, 7, 499.00),
(268, 12, 'JOBS0012', 26, 82, 'WANTED URGENT TELECALLERS  ', 'URGENT WANTED TELECALLERS . \r\nMALE OR FEMALE \r\nFRESHERS ALSO CAN APPLY   \r\n', '', 1, 1, 'Male', 10000, 12000, 0, 'Color', 'Green', 0, 0, '', '7305588892', '2022-10-08 15:14:33', 'CUST0006', '2022-11-09', 'Expired', 30, 799.00, 'JOBS0005', '', '', '', '', 0, 34, 799.00),
(269, 12, 'JOBS0012', 26, 82, 'WANTED URGENT TELECALLERS  ', 'URGENT WANTED TELECALLERS . \r\nMALE OR FEMALE \r\nFRESHERS ALSO CAN APPLY   \r\n', '', 1, 1, 'Male', 10000, 12000, 0, 'Color', 'Green', 0, 0, '', '7305588892', '2022-10-08 15:14:34', 'CUST0006', '2022-11-09', 'Expired', 30, 799.00, 'JOBS0005', '', '', '', '', 0, 34, 799.00),
(270, 12, 'JOBS0012', 26, 82, 'Wanted TeleCallers ', 'Wanted Telecallers with Excellent Tamil And English Speaking Skills \r\nCandidates Must Have Basic Computer Knowledge \r\nMust Have Team Spirit and Potential Enough to Handle The Clients\r\n', '', 1, 1, 'Male / Female', 8000, 15000, 0, 'Color', 'Blue', 1, 1, 'C i.jpg', '7305588891', '2022-10-08 15:29:44', 'CUST0007', '2022-11-09', 'Expired', 30, 799.00, 'JOBS0005', '', '', '', '', 0, 34, 1299.00),
(271, 13, 'JOBS0013', 28, 50, 'PHP DEVELOPERS', 'We are hiring PHP Developer with minimum 1 year of experience with below required skills.\r\nSymfony, PHP, SQL/MYSQL, Javascript, JQuery, CSS and HTML\r\nProduct development / Application framework\r\n\r\n', '', 1, 1, 'Male / Female', 12000, 15000, 1, 'Text', '', 0, 0, '', '7305588892', '2022-10-08 15:31:47', 'CUST0006', '2022-11-09', 'Expired', 30, 499.00, 'JOBS0003', '', '', '', '', 0, 11, 499.00),
(272, 14, 'JOBS0014', 27, 46, 'MARKETING AND SALES', 'Should be excellent in communication\r\nShould have knowledge about B2B Sales\r\nShould talkative\r\nShould be an extrovert kind of person\r\nShould meet our dealers \r\n update them about new products and pric', '', 1, 1, 'Male', 12000, 15000, 0, 'Text', '', 0, 0, '', '7305588893', '2022-10-08 15:35:40', 'CUST0006', '2022-11-09', 'Expired', 30, 499.00, 'JOBS0003', '', '', '', '', 0, 1, 499.00),
(273, 15, 'JOBS0015', 28, 72, 'DIGITAL MARKETING', 'Daily engagement with Facebook, Twitter and other social communities, including posting editorial content, responding and real time management\r\nGraduates/ undergraduates/Interns/Students may contact', '', 1, 1, 'Male / Female', 12000, 15000, 0, 'Color', 'Blue', 0, 0, '', '7305588893', '2022-10-08 15:39:43', 'CUST0006', '2022-11-09', 'Expired', 30, 799.00, 'JOBS0005', '', '', '', '', 0, 0, 799.00),
(274, 13, 'JOBS0013', 27, 89, 'Wanted Marketing Executives ', 'Wanted Candidates With Excellent Communication And Creativity Skills.\r\nAdaptability and the Ability to juggle Multiple Projects With\r\nConducting Research and Analysing Data with Team Spirit \r\n', '', 1, 1, 'Male / Female', 8000, 18000, 0, 'Color', 'Pink', 0, 0, 'C i.jpg', '7305588891', '2022-10-08 16:00:24', '', '2022-11-09', 'Expired', 30, 799.00, 'JOBS0005', '', '', '', '', 0, 11, 799.00),
(275, 14, 'JOBS0014', 28, 50, 'Looking for Php Developer ', 'Experience : Minimum 1year \r\nSkills Recuired :\r\n- Experience in the Web Development using PHP\r\nQualification: Any Degree with good communication in English.\r\n\r\n', '', 1, 1, 'Male / Female', 0, 0, 1, 'Text', '', 0, 0, '', '9962516037', '2022-10-08 16:13:41', 'CUST0005', '2022-11-09', 'Expired', 30, 499.00, 'JOBS0003', '', '', '', '', 0, 1, 499.00),
(276, 15, 'JOBS0015', 27, 46, 'Wanted Marketing Managers ', 'Candidates Must Have Good Inter Personal Communication Skills And Team Spirit.\r\nShould Have Good Knowledge About The Market Trends And Research.\r\n Capable To Drive The Team And Handle The Customers.', '', 1, 1, 'Male / Female', 15000, 25000, 5, 'Color', 'Green', 0, 0, 'C i.jpg', '7305588891', '2022-10-08 16:28:13', 'CUST0007', '2022-11-09', 'Expired', 30, 799.00, 'JOBS0005', '', '', '', '', 0, 0, 799.00),
(277, 16, 'JOBS0016', 28, 50, 'PHP DEVELOPERS', 'Hands on experience in web applications PHP(CodeIgniter, Laravel) or Nodejs.\r\nKnowledge with front-end technologies such as JavaScript, Vuejs, Bootstrap, HTML5, CSS, jQuery.', '', 1, 1, 'Male / Female', 12000, 15000, 1, 'Text', '', 0, 0, '', '7305588893', '2022-10-10 11:59:42', '', '2022-11-09', 'Expired', 30, 499.00, 'JOBS0003', '', '', '', '', 0, 0, 499.00),
(278, 17, 'JOBS0017', 28, 50, 'PHP Developer', 'strong work ethics , Confident & professional attitude Hands-on experience in PHP based systems ,(PHP, MySQL, HTML, CSS, Javascript, JQuery, regular expressions) ', '', 1, 1, 'Male / Female', 12000, 15000, 0, 'Text', '', 0, 0, '', '7305588892', '2022-10-11 10:23:40', 'CUST0006', '2022-11-10', 'Expired', 30, 499.00, 'JOBS0003', '', '', '', '', 0, 6, 499.00),
(279, 18, 'JOBS0018', 27, 45, 'Field Executive', 'We are looking for field executive to go and acquire property and telecom related issues in and around Tamilnadu.', '', 1, 1, 'Male', 12000, 15000, 0, 'Text', '', 0, 0, '', '7305588892', '2022-10-11 10:28:44', 'CUST0006', '2022-11-10', 'Expired', 30, 499.00, 'JOBS0003', '', '', '', '', 0, 7, 499.00),
(280, 19, 'JOBS0019', 27, 45, 'Delivery Boy', 'Part time, Full time and TEMP options are available.\r\nSafety conscious, Fast , Reliable and efficient service worker\r\n\r\n', '', 1, 1, 'Male', 12000, 15000, 0, 'Text', '', 0, 0, '', '7305588892', '2022-10-11 10:32:31', 'CUST0006', '2022-11-10', 'Expired', 30, 499.00, 'JOBS0003', '', '', '', '', 0, 7, 499.00),
(281, 20, 'JOBS0020', 26, 82, 'Urgent  hiring Telcallers ', 'Should have a Good Communication skill \r\nQualifications - ( Talented Person )  12 pass to Graduate \r\nExperience - Fresher\r\nBasic Computer Knowledge Must \r\n', '', 1, 1, 'Male / Female', 8000, 15000, -1, 'Color', 'Blue', 0, 1, '', '9962516037', '2022-10-11 14:39:04', 'CUST0005', '2022-11-10', 'Expired', 30, 799.00, 'JOBS0005', '', '', '', '', 0, 17, 999.00),
(282, 20, 'JOBS0020', 26, 82, 'Urgent  hiring Telcallers ', 'Should have a Good Communication skill \r\nQualifications - ( Talented Person )  12 pass to Graduate \r\nExperience - Fresher\r\nBasic Computer Knowledge Must \r\n', '', 1, 1, 'Male / Female', 8000, 15000, -1, 'Color', 'Blue', 0, 1, '', '9962516037', '2022-10-11 14:44:25', 'CUST0005', '2022-11-10', 'Expired', 30, 799.00, 'JOBS0005', '', '', '', '', 0, 17, 999.00),
(283, 21, 'JOBS0021', 37, 92, 'Hiring officers', 'Part Time Home Based Jobs  .We Are Looking for Retired Persons And officers for Insurance Company . No Age Restrictions.   Anyone Can Apply .', '', 1, 16, 'Male / Female', 19000, 52000, 0, 'Text', '', 0, 0, '', '8220685624', '2022-10-11 18:41:32', 'CUST0010', '2022-12-17', 'Expired', 30, 499.00, 'JOBS0003', '', '', '', '', 0, 17, 499.00),
(284, 22, 'JOBS0022', 37, 93, 'Hiring a Team Manger ', '\"Pincode wise Team Managers required Kotak Life Insurance. Age above 40+  to Manage team, Retired/House wife/VRS/NRIs/Business people. Qualification : +2/Any Deg\r\nFixed Salary : Allowance and Incentiv', '', 1, 33, 'Male / Female', 20000, 30000, 0, 'Text', '', 0, 0, '', '9150161013', '2022-10-12 15:19:34', 'CUST0011', '2022-12-17', 'Expired', 30, 499.00, 'JOBS0003', '', '', '', '', 0, 10, 499.00),
(285, 23, 'JOBS0023', 27, 46, 'product marketing', 'Should be excellent in communication\r\nShould have knowledge about B2B Sales\r\nShould talkative\r\nShould be an extrovert kind of person', '', 1, 1, 'Male', 12000, 15000, 0, 'Text', '', 0, 0, '', '7305588892', '2022-10-12 16:47:09', 'CUST0012', '2022-11-12', 'Expired', 30, 499.00, 'JOBS0003', '', '', '', '', 0, 6, 499.00),
(286, 24, 'JOBS0024', 26, 82, 'TELECALLING', 'Handling and resolving customer complaints/ queries over phone\r\nCross selling various banking products to customers over phone\r\nThis involves sales process also\r\n', '', 1, 1, 'Male / Female', 10000, 12000, 0, 'Text', '', 0, 1, '', '7305588892', '2022-10-13 12:26:39', 'CUST0012', '2022-11-12', 'Expired', 30, 499.00, 'JOBS0003', '', '', '', '', 1, 10, 699.00),
(287, 25, 'JOBS0025', 26, 82, 'Urgent Requirement For Telcallers', 'Part time / Full time\r\nCompleted  Any Degree \r\nGood Communication Skills \r\nNeed good and Sharp Speaking \r\nProficiency in English and Tamil Language \r\n', '', 1, 61, 'Male / Female', 10000, 20000, 0, 'Text', '', 0, 0, '', '9962772911', '2022-10-13 12:46:24', 'CUST0013', '2022-12-17', 'Expired', 30, 499.00, 'JOBS0003', '', '', '', '', 0, 12, 499.00),
(288, 26, 'JOBS0026', 28, 94, 'Urgently Office Assistant', 'Wanted Computer and Office Assistant. Minimum Degree  Qualifications With Proficiency in Typing and Adequate Knowledge in Computer. \r\nTo Handle Excel. Meanable English. ', '', 1, 13, 'Male / Female', 12000, 15000, 0, 'Color', 'Blue', 1, 1, '', '9514792802', '2022-10-13 14:42:50', 'CUST0014', '2022-12-17', 'Expired', 30, 799.00, 'JOBS0005', '', '', '', '', 0, 18, 1299.00),
(289, 27, 'JOBS0027', 28, 50, 'PHP DEVELOPER', 'Eligible candidates will use HTML5,CSS3, jQuery, JavaScript, AngularJS, Core PHP, MySQL, Laravel, CodeIgniter, Bootstrap, Google API to develop and maintain software', '', 1, 1, 'Male / Female', 12000, 15000, 1, 'Color', 'Blue', 0, 0, '', '7305588892', '2022-10-13 15:18:36', 'CUST0012', '2022-11-13', 'Expired', 30, 799.00, 'JOBS0005', '', '', '', '', 0, 3, 799.00),
(290, 28, 'JOBS0028', 26, 82, 'TELECALLERS', 'The job of a Telesales Executive is to reach out to potential customers over phone, understand their needs, explain them the product features, advantages, benefits', '', 1, 1, 'Male / Female', 10000, 12000, 0, 'Color', 'Green', 1, 0, '', '7305588892', '2022-10-13 16:45:27', '', '2022-11-13', 'Expired', 30, 799.00, 'JOBS0005', '', '', '', '', 0, 9, 1099.00),
(291, 28, 'JOBS0028', 26, 82, 'TELECALLERS', 'The job of a Telesales Executive is to reach out to potential customers over phone, understand their needs, explain them the product features, advantages, benefits', '', 1, 1, 'Male / Female', 10000, 12000, 0, 'Color', 'Green', 1, 0, '', '7305588892', '2022-10-13 16:45:28', '', '2022-11-13', 'Expired', 30, 799.00, 'JOBS0005', '', '', '', '', 0, 9, 1099.00),
(292, 29, 'JOBS0029', 27, 89, 'Business Development Manager', 'Identifying and appointing Distributors, Partners, Agents for our Financial Products', '', 1, 43, 'Male / Female', 30000, 45000, 2, 'Text', '', 0, 0, 'image.png', '9840987827', '2022-10-14 12:11:42', 'CUST0015', '2022-11-13', 'Expired', 30, 499.00, 'JOBS0003', 'success', 'pay_KTYa4y1lywN0RL', 'b2338e461f9e06916622bd67b54b13c9daa2b148855ecbb750d02ee300f69420', 'order_KTYYl6Eh6IiHO9', 0, 1, 499.00),
(293, 30, 'JOBS0030', 37, 92, 'Looking For a Part Time Job ', 'Looking for Retired /Pensioners/ VRS, Attractive income, Part /Full time age 45+ ', '', 1, 85, 'Male / Female', 19000, 50000, 0, 'Color', 'Pink', 1, 0, '', '8667363153', '2022-10-14 18:16:07', 'ADMIN001', '2022-11-13', 'Expired', 30, 799.00, 'JOBS0005', '', '', '', '', 2, 6, 1099.00),
(294, 31, 'JOBS0031', 37, 65, 'Wanted Electrician ', 'ITF, Dipolma License holder  in Electrical With 4 to 5 years Experience .\r\n exp in electricity distribution equipments .\r\n Two Wheeler Must .  Fresher also May Apply ', '', 1, 87, 'Male', 12000, 20000, 0, 'Text', '', 0, 0, '', '9840398187', '2022-10-19 14:40:50', 'ADMIN001', '2022-11-18', 'Expired', 30, 499.00, 'JOBS0003', '', '', '', '', 0, 0, 499.00),
(295, 32, 'JOBS0032', 37, 65, 'Wanted Electrician ', 'ITF, Dipolma License Holder Electrician With 4 to 5 years . exp in electricity distribution equipments . Two Wheeler Must . Fresher also may apply ', '', 1, 87, 'Male', 12000, 20000, 0, 'Text', '', 0, 0, '', '9840398187', '2022-10-19 15:03:01', 'CUST0017', '2022-11-18', 'Expired', 30, 499.00, 'JOBS0003', '', '', '', '', 0, 1, 499.00),
(296, 33, 'JOBS0033', 37, 26, 'Wanted Lady Staff ', '                            WANTED \r\nGood Looking Fair Female Office Assistant Qualification : +2 & Above With Good Computer Typing Knowledge Below 30 Years for Engineering Consultancy Office \r\n', '', 1, 43, 'Female', 8000, 15000, 0, 'Color', 'Green', 0, 1, '', '9444734238', '2022-10-27 17:00:22', 'CUST0018', '2022-11-26', 'Expired', 30, 799.00, 'JOBS0005', '', '', '', '', 1, 3, 999.00),
(297, 34, 'JOBS0034', 26, 82, 'Urgent Requirement ', 'Wanted Telecaller and Field Executive\r\nTelecaller salary 12000 - 15000\r\nField Executive salary 15000-18000\r\nTeam leader salary 25000-30000', '', 1, 42, 'Male / Female', 12000, 30000, 0, 'Text', '', 0, 0, '', '9677050725', '2022-10-31 12:48:17', 'CUST0019', '2022-11-30', 'Expired', 30, 499.00, 'JOBS0003', 'success', 'pay_KaIGl6qRNlfSxy', 'a422af4e046a269ee4eda39612bd4855de5ac9ea876c12eb07b177ceefb06352', 'order_KaIGSX54lPUDGU', 0, 7, 499.00),
(298, 35, 'JOBS0035', 37, 102, 'wanted for a female cook ', 'Queen Meghna Ladies Hostel. its a hostel so we need a female cook res;No: A 169 Buvaneswari Nagar, 2nd Main Road, Chennai Skills, Back Side,Velachery, Chennai - 600042.', '', 1, 59, 'Female', 9000, 10000, 2, 'Text', '', 0, 0, '', '9176230009', '2022-10-31 16:11:55', 'ADMIN001', '2022-12-30', 'Expired', 60, 499.00, 'JOBS0003', '', '', '', '', 0, 1, 499.00),
(299, 35, 'JOBS0035', 37, 102, 'wanted for a female cook ', 'Queen Meghna Ladies Hostel. its a hostel so we need a female cook res;No: A 169 Buvaneswari Nagar, 2nd Main Road, Chennai Skills, Back Side,Velachery, Chennai - 600042.', '', 1, 59, 'Female', 9000, 10000, 2, 'Text', '', 0, 0, '', '9176230009', '2022-10-31 16:11:55', 'ADMIN001', '2022-12-30', 'Expired', 60, 499.00, 'JOBS0003', '', '', '', '', 0, 1, 499.00),
(300, 36, 'JOBS0036', 41, 78, 'wanted a beautician', 'Fresh graduates and experienced Beautician candidates can benefit from our site. Search and apply now before the job openings ends!\r\n\r\n', '', 1, 77, 'Male / Female', 10000, 12000, 0, 'Text', '', 0, 0, '', '6381544279', '2022-10-31 16:17:57', 'ADMIN001', '2022-12-30', 'Expired', 60, 499.00, 'JOBS0003', '', '', '', '', 0, 0, 499.00),
(301, 37, 'JOBS0037', 36, 99, 'Perfect Surveyor Private LTD', '\r\n Also described which district people can apply for the above mentioned job. So don’t waste your precious time, instead start your search and move into your ambitious job in Chennai.', '', 1, 26, 'Male / Female', 10000, 12000, 0, 'Text', '', 0, 0, '', '9244220775', '2022-10-31 17:45:59', '', '2022-12-30', 'Expired', 60, 499.00, 'JOBS0003', '', '', '', '', 0, 0, 499.00),
(302, 38, 'JOBS0038', 22, 17, 'Hiring Accountant ', 'We are looking for accountant to manage  day-to-day accounting operations, with functional responsibility. Should be Well Versed in Tally.  ', '', 1, 8, 'Female', 10000, 12000, 3, 'Color', 'Orange', 1, 0, '', '8428780699', '2022-11-01 14:43:37', 'CUST0020', '2022-12-31', 'Expired', 60, 799.00, 'JOBS0005', '', '', '', '', 0, 3, 1099.00),
(303, 39, 'JOBS0039', 27, 81, 'Marketing Executive ', 'Bike And Licence Must.\r\nContacting customers and informing them of their overdue bills.\r\nMaintaining customer payment records .Final notice warnings to customers when payments are not being made.', '', 1, 8, 'Male', 10000, 15000, 5, 'Color', 'Green', 1, 0, '', '8428780699', '2022-11-01 14:51:26', 'CUST0020', '2022-12-31', 'Expired', 60, 799.00, 'JOBS0005', '', '', '', '', 0, 5, 1099.00),
(304, 40, 'JOBS0040', 27, 89, 'Business Development Manager', 'Examine new opportunities in current and potential markets.\r\nPrepare a comprehensive budget that delivers the greatest value to the business.\r\nOrganize training for employees as needed. Be a lead .', '', 1, 8, 'Male', 10000, 15000, 5, 'Color', 'Pink', 1, 0, '', '8428780699', '2022-11-01 14:56:33', 'CUST0020', '2022-12-31', 'Expired', 60, 799.00, 'JOBS0005', '', '', '', '', 0, 5, 1099.00),
(305, 41, 'JOBS0041', 37, 105, 'Branch Manager', 'To Handle Day To Day Business Transaction, Customer Queries, Provide Effective Resolution And Ensure Quality Of Business Through Proper Process Adherence.\r\nResponsibility. ', '', 1, 8, 'Male', 10000, 15000, 3, 'Color', 'Blue', 1, 0, '', '8428780699', '2022-11-01 15:08:10', 'CUST0020', '2022-12-31', 'Expired', 60, 799.00, 'JOBS0005', '', '', '', '', 0, 6, 1099.00),
(306, 42, 'JOBS0042', 37, 102, 'wanted a cook ', 'செனà¯னையிலà¯ ஹோடà¯டலà¯ வேலைகà¯கà¯ அனà¯பவமà¯ உலா ஆடà¯களà¯ தேவை.\r\n', '', 1, 1, 'Male / Female', 10000, 12000, 0, 'Text', '', 0, 0, '', '7305588891', '2022-11-01 16:01:43', 'CUST0012', '2022-12-31', 'Expired', 60, 499.00, 'JOBS0003', '', '', '', '', 0, 0, 499.00),
(307, 43, 'JOBS0043', 24, 37, 'DJ Interior & Exterior', 'DJ Interior & Exterior requires male/female candidates with good knowledge.\r\nAlternate Contact No:  +91 9789868302. Kallikuppam ', '', 1, 38, 'Male', 18000, 21000, 10, 'Text', '', 0, 0, '', '7358728827', '2022-11-01 16:10:36', 'CUST0012', '2022-12-31', 'Expired', 60, 499.00, 'JOBS0003', '', '', '', '', 0, 0, 499.00),
(308, 44, 'JOBS0044', 22, 17, 'Accounts Assistant', 'Tally Assistant: Required candidates with good knowledge in related field.', '', 1, 35, 'Male / Female', 12000, 15000, 1, 'Text', '', 0, 0, '', '7200487109', '2022-11-01 16:24:03', 'CUST0021', '2022-12-31', 'Expired', 60, 499.00, 'JOBS0003', '', '', '', '', 0, 0, 499.00),
(309, 45, 'JOBS0045', 39, 62, 'Perfect Surveyor Private LTD', 'மேலà¯மà¯ பணிகளை பறà¯றிய உஙà¯களினà¯ அனைதà¯தà¯ சநà¯தேகஙà¯களà¯கà¯கà¯மà¯ 9244220775 எனà¯ற தொலைபேà®', '', 1, 1, 'Male', 12000, 15000, 2, 'Text', '', 0, 0, '', '9244220775', '2022-11-01 16:33:03', 'CUST0022', '2022-12-31', 'Expired', 60, 499.00, 'JOBS0003', '', '', '', '', 0, 1, 499.00),
(310, 46, 'JOBS0046', 37, 105, 'Civil Project Manager', 'You will get your dream Branch Manager job with a good salary. You will get a chance to learn new things and gain experience in this field. Be the first one to get hired!', '', 1, 15, 'Male', 15000, 21000, 2, 'Text', '', 0, 0, '', '9677498816', '2022-11-01 16:39:09', 'CUST0023', '2022-12-31', 'Expired', 60, 499.00, 'JOBS0003', '', '', '', '', 0, 0, 499.00),
(311, 47, 'JOBS0047', 25, 106, 'FLYING Squad Ambulance ', ' Full-time and part-time jobs can also be found here. Locate your desired company and contact them for more details. Don’t delay. Apply immediately as the last application date is about to end soon.', '', 1, 38, 'Male', 10000, 12000, 1, 'Text', '', 0, 0, '', '7871257777', '2022-11-01 16:48:37', 'CUST0024', '2022-12-31', 'Expired', 60, 499.00, 'JOBS0003', '', '', '', '', 0, 1, 499.00),
(312, 48, 'JOBS0048', 34, 53, 'Sorrento Property Promoters', 'Sorrento Property Promoters has announced a job vacancy for a Gardener in Chennai . Both fresher and experienced candidates can apply for this role. Just upload your resume.', '', 1, 4, 'Male / Female', 10000, 12000, 0, 'Text', '', 0, 0, '', '9840055674', '2022-11-01 16:57:28', 'CUST0025', '2022-12-31', 'Expired', 60, 499.00, 'JOBS0003', '', '', '', '', 0, 0, 499.00),
(313, 49, 'JOBS0049', 37, 104, 'Rainbow Mens Hostel', 'Our site offer you a number of job vacancies with complete details about start and end date for application.', '', 1, 70, 'Male / Female', 10000, 12000, 0, 'Text', '', 0, 0, '', '9176175006', '2022-11-01 17:17:00', 'CUST0026', '2022-12-31', 'Expired', 60, 499.00, 'JOBS0003', '', '', '', '', 0, 3, 499.00),
(314, 50, 'JOBS0050', 37, 104, 'Queens Ladies Hostel', 'Keeping such as with start date and end date of job vacancy, Number of openings for the post, age criteria, contact information, qualification details, Skills required, Job mode status, experience det', '', 1, 26, 'Female', 6000, 7000, 0, 'Text', '', 0, 0, '', '9965089280', '2022-11-01 17:21:24', 'CUST0027', '2022-12-31', 'Expired', 60, 499.00, 'JOBS0003', '', '', '', '', 0, 1, 499.00),
(315, 51, 'JOBS0051', 23, 86, 'Jay Engineering Works', 'Jay Engineering Works have recently announced a new vacancy for a Account Assistant in Tiruvallur. You just have to do these simple steps. Go to our site and register your details.', '', 1, 8, 'Male', 15000, 20000, 2, 'Text', '', 0, 0, '', '8098066600', '2022-11-01 17:28:10', 'CUST0028', '2022-12-31', 'Expired', 60, 499.00, 'JOBS0003', '', '', '', '', 0, 0, 499.00),
(316, 52, 'JOBS0052', 23, 29, 'Digital VisionSony Authoriy', '. Digital Vision (Sony Authorised Service Centre) has announced a job vacancy for a Service Manager in Chennai . ', '', 1, 7, 'Male / Female', 10000, 12000, 1, 'Text', '', 0, 0, '', '9514175066', '2022-11-01 17:31:18', 'CUST0029', '2022-12-31', 'Expired', 60, 499.00, 'JOBS0003', '', '', '', '', 0, 0, 499.00),
(317, 53, 'JOBS0053', 25, 106, 'Sri Srinivasa Transport1', 'தஙà¯கà¯மிடமà¯ வழஙà¯கபà¯படà¯மà¯. * மேலà¯மà¯ பணிகளை பறà¯றிய உஙà¯களினà¯ அனைதà¯தà¯ சநà¯தேகஙà¯à', '', 1, 33, 'Male', 18000, 23000, 2, 'Text', '', 0, 0, '', '9171571457', '2022-11-02 11:49:59', 'CUST0030', '2023-01-01', 'Expired', 60, 499.00, 'JOBS0003', '', '', '', '', 0, 0, 499.00),
(318, 54, 'JOBS0054', 25, 106, 'Vinayagar and Co ', 'wanted car driver \r\n உணவà¯ மறà¯றà¯மà¯ தஙà¯கà¯மிடமà¯ இலவசமாக வழஙà¯கபà¯படà¯மà¯. * Driving Licence Must (Batch). * மேலà¯மà¯ ', '', 1, 1, 'Male', 18000, 22000, 2, 'Text', '', 0, 0, '', '9600034284', '2022-11-02 11:53:13', 'CUST0031', '2023-01-01', 'Expired', 60, 499.00, 'JOBS0003', '', '', '', '', 0, 1, 499.00),
(319, 55, 'JOBS0055', 25, 106, 'wanted driver to traveller ', 'Note : Xylo Tempo Traveller 3-5 Years Experience Drivers Wanted, Day and Night Shift for IT Company. * தஙà¯கà¯மிடமà¯ இலவசமாக வழஙà¯கபà¯படà¯மà¯. * IT E', '', 1, 76, 'Male', 18000, 23000, 3, 'Text', '', 0, 0, '', '7299559977', '2022-11-02 11:55:44', 'CUST0032', '2023-01-01', 'Expired', 60, 499.00, 'JOBS0003', '', '', '', '', 0, 0, 499.00),
(320, 56, 'JOBS0056', 25, 106, 'Benz Car Driver Needed.', 'உணவà¯ மறà¯றà¯மà¯ தஙà¯கà¯மிடமà¯ இலவசமாக வழஙà¯கபà¯படà¯மà¯. * மேலà¯மà¯ பணிகளை பறà¯றிய உஙà¯கள', '', 1, 88, 'Male', 12000, 17000, 2, 'Text', '', 0, 0, '', '6383361506', '2022-11-02 11:59:29', 'CUST0033', '2023-01-01', 'Expired', 60, 499.00, 'JOBS0003', '', '', '', '', 0, 0, 499.00),
(321, 57, 'JOBS0057', 25, 106, 'car driver wanted ', ' மேலà¯மà¯ பணிகளை பறà¯றிய உஙà¯களினà¯ அனைதà¯தà¯ சநà¯தேகஙà¯களà¯கà¯கà¯மà¯ 9677162442, 9444083851 எனà¯ற தொà', '', 1, 54, 'Male', 15000, 18000, 2, 'Text', '', 0, 0, '', '9677162442', '2022-11-02 12:02:17', 'CUST0034', '2023-01-01', 'Expired', 60, 499.00, 'JOBS0003', '', '', '', '', 0, 0, 499.00),
(322, 58, 'JOBS0058', 36, 100, 'Om Electronics and Batteries', 'Computer Service Engineer such as with start date and end date of job vacancy, Number of openings for the post, age criteria, contact information, qualification details, Skills required, ', '', 1, 71, 'Male', 12000, 40000, 2, 'Text', '', 0, 0, '', '9840454293', '2022-11-02 12:05:47', 'CUST0035', '2023-01-01', 'Expired', 60, 499.00, 'JOBS0003', '', '', '', '', 0, 0, 499.00),
(323, 59, 'JOBS0059', 36, 100, 'EcSoft Private Limited', 'EcSoft Private Limited has announced a job vacancy for a Software Engineer in Perambur . Both fresher and experienced candidates can apply for this role', '', 1, 89, 'Male', 15000, 20000, 2, 'Text', '', 0, 0, '', '9940068400', '2022-11-02 12:09:15', 'CUST0036', '2023-01-01', 'Expired', 60, 499.00, 'JOBS0003', '', '', '', '', 0, 0, 499.00),
(324, 60, 'JOBS0060', 36, 100, 'MM Agencies - ELGI Dealer', 'திரà¯பà¯பதி - யிலà¯ உளà¯ளவரà¯களà¯ இபà¯பணிகà¯கà¯ விணà¯ணபà¯பிகà¯கலாமà¯. * தகà¯தியà¯மà¯ விரà¯ப', '', 1, 90, 'Male', 15000, 20000, 2, 'Text', '', 0, 0, '', '6369520740', '2022-11-02 12:14:45', 'CUST0037', '2023-01-01', 'Expired', 60, 499.00, 'JOBS0003', '', '', '', '', 0, 0, 499.00),
(325, 61, 'JOBS0061', 36, 100, 'Jayaswathy Constructions ', ' Villivakkam 10 KM Surrounding Candidates Only Apply. * மேலà¯மà¯ பணிகளை பறà¯றிய உஙà¯களினà¯ அனைதà¯தà¯ சநà¯தேகஙà¯களà¯கà¯à', '', 1, 91, 'Male', 12000, 15000, 2, 'Text', '', 0, 0, '', '9789986014', '2022-11-02 12:18:07', 'CUST0038', '2023-01-01', 'Expired', 60, 499.00, 'JOBS0003', '', '', '', '', 0, 1, 499.00),
(326, 62, 'JOBS0062', 39, 62, 'Akshyaa Builder', 'Full-time and part-time jobs can also be found here. Locate your desired company and contact them for more details. Don’t delay. Apply immediately as the last application date is about to end soon.', '', 1, 89, 'Male', 12000, 15000, 2, 'Text', '', 0, 0, '', '9940016691', '2022-11-02 12:20:47', 'CUST0039', '2023-01-01', 'Expired', 60, 499.00, 'JOBS0003', '', '', '', '', 0, 0, 499.00),
(327, 63, 'JOBS0063', 43, 90, 'Sree Nandees Technologies ', 'Sree Nandees Technologies Pvt Ltd company is looking for Electrical Engineer who can work diligently in Chennai. It is a great opportunity for those who are trying to get a job in your locality.', '', 1, 8, 'Male', 13000, 25000, 0, 'Text', '', 0, 0, '', '8754305428', '2022-11-02 12:37:31', 'CUST0042', '2023-01-01', 'Expired', 60, 499.00, 'JOBS0003', '', '', '', '', 0, 0, 499.00),
(328, 64, 'JOBS0064', 43, 90, 'ARS Electricals Pvt lmd', ' Electrical Engineer such as with start date and end date of job vacancy, Number of openings for the post, age criteria, contact information, qualification details, Skills required, ', '', 1, 39, 'Male', 10000, 15000, 0, 'Text', '', 0, 0, '', '9710449401', '2022-11-02 12:39:58', 'CUST0043', '2023-01-01', 'Expired', 60, 499.00, 'JOBS0003', '', '', '', '', 0, 0, 499.00),
(329, 65, 'JOBS0065', 27, 89, 'Job', 'Hi sir', '', 1, 93, 'Male', 15000, 20000, 10, 'Text', '', 0, 0, '', '7305058866', '2022-11-02 12:48:09', 'CUST0044', '2023-01-01', 'Expired', 60, 499.00, 'JOBS0003', '', '', '', '', 0, 1, 499.00),
(330, 65, 'JOBS0065', 32, 51, 'Hotel Chandra Bhavan', 'மேலà¯மà¯ பணிகளை பறà¯றிய உஙà¯களினà¯ அனைதà¯தà¯ சநà¯தேகஙà¯களà¯கà¯கà¯மà¯ 9488891480, 9840493358 எனà¯ற தொà®', '', 1, 11, 'Male', 8000, 9000, 3, 'Text', '', 0, 0, '', '9488891480', '2022-11-02 12:49:05', 'CUST0045', '2023-01-01', 'Expired', 60, 499.00, 'JOBS0003', '', '', '', '', 0, 1, 499.00),
(331, 66, 'JOBS0066', 37, 102, 'Home Cooking', ' நனà¯றாக சமைகà¯க தெரிநà¯த ஆடà¯களà¯ தேவை. * சைவ உணவà¯ மடà¯டà¯மà¯ நனà¯றாக சமைகà¯க தெரிநà¯த', '', 1, 70, 'Male', 15000, 20000, 5, 'Text', '', 0, 0, '', '9941620668', '2022-11-02 12:52:25', 'CUST0046', '2023-01-01', 'Expired', 60, 499.00, 'JOBS0003', '', '', '', '', 0, 0, 499.00),
(332, 67, 'JOBS0067', 37, 102, 'Vijais Nursing Home ', ' செனà¯னையிலà¯ உளà¯ள நரà¯சிஙà¯ ஹோமà¯மிலà¯ பணிபà¯ரிய ஆடà¯களà¯ தேவை. * Food and Accommodation Free. * தகà¯திà®', '', 1, 53, 'Female', 12000, 13000, 2, 'Text', '', 0, 0, '', '9381014379', '2022-11-02 12:55:13', 'CUST0047', '2023-01-01', 'Expired', 60, 499.00, 'JOBS0003', '', '', '', '', 0, 0, 499.00),
(333, 67, 'JOBS0067', 37, 102, 'Vijais Nursing Home ', ' செனà¯னையிலà¯ உளà¯ள நரà¯சிஙà¯ ஹோமà¯மிலà¯ பணிபà¯ரிய ஆடà¯களà¯ தேவை. * Food and Accommodation Free. * தகà¯திà®', '', 1, 53, 'Female', 12000, 13000, 2, 'Text', '', 0, 0, '', '9381014379', '2022-11-02 12:55:13', 'CUST0047', '2023-01-01', 'Expired', 60, 499.00, 'JOBS0003', '', '', '', '', 0, 0, 499.00),
(334, 67, 'JOBS0067', 37, 102, 'Vijais Nursing Home ', ' செனà¯னையிலà¯ உளà¯ள நரà¯சிஙà¯ ஹோமà¯மிலà¯ பணிபà¯ரிய ஆடà¯களà¯ தேவை. * Food and Accommodation Free. * தகà¯திà®', '', 1, 53, 'Female', 12000, 13000, 2, 'Text', '', 0, 0, '', '9381014379', '2022-11-02 12:55:13', 'CUST0047', '2023-01-01', 'Expired', 60, 499.00, 'JOBS0003', '', '', '', '', 0, 0, 499.00),
(335, 68, 'JOBS0068', 32, 51, 'Murukku Meesai Mess', 'தகà¯தியà¯மà¯ விரà¯பà¯பமà¯மà¯ உளà¯ளவரà¯களà¯ தஙà¯களினà¯ சà¯யவிவரதà¯தை thamayanfoods@gmail.com எனà¯ற மினà¯', '', 1, 75, 'Male', 12000, 15000, 2, 'Text', '', 0, 0, '', '9884882200', '2022-11-02 12:58:10', 'CUST0048', '2023-01-01', 'Expired', 60, 499.00, 'JOBS0003', '', '', '', '', 0, 0, 499.00),
(336, 69, 'JOBS0069', 32, 51, 'R V Foods', 'மேலà¯மà¯ பணிகளை பறà¯றிய உஙà¯களினà¯ அனைதà¯தà¯ சநà¯தேகஙà¯களà¯கà¯கà¯மà¯ 9884495522, 7338894362 எனà¯ற தொà®', '', 1, 89, 'Male', 12000, 15000, 2, 'Text', '', 0, 0, '', '9884495522', '2022-11-02 13:00:54', 'CUST0049', '2023-01-01', 'Expired', 60, 499.00, 'JOBS0003', '', '', '', '', 0, 0, 499.00),
(337, 70, 'JOBS0070', 44, 107, 'Hiring HR Executive ', 'HR activities, Sourcing, Interviewing, Recruitment, etc. A high level of confidentiality Responsibilities and Duties. Strong communication skills both in written and verbal.Hindi speaking is advantage', '', 1, 42, 'Male / Female', 10000, 15000, 3, 'Color', 'Pink', 1, 0, '', '9566199365', '2022-11-03 14:10:24', 'ADMIN001', '2023-01-02', 'Delete', 60, 799.00, 'JOBS0005', '', '', '', '', 0, 2, 1099.00),
(338, 71, 'JOBS0071', 44, 107, 'Hiring HR Executive ', 'HR activities, Sourcing, Interviewing, Recruitment, etc. A high level of confidentiality Responsibilities and Duties. Strong communication skills both in written and verbal.Hindi speaking is advantage', '', 1, 42, 'Male / Female', 10000, 15000, 3, 'Color', 'Pink', 1, 0, '', '9566199365', '2022-11-03 14:15:27', 'ADMIN001', '2023-01-02', 'Delete', 60, 799.00, 'JOBS0005', '', '', '', '', 0, 0, 1099.00),
(339, 72, 'JOBS0072', 44, 107, 'Hiring HR Executive ', 'HR activities, Sourcing, Interviewing, Recruitment, etc. A high level of confidentiality Responsibilities and Duties. Strong communication skills both in written and verbal.Hindi speaking is advantage', '', 1, 42, 'Male / Female', 10000, 15000, 3, 'Color', 'Pink', 1, 0, '', '9566199365', '2022-11-03 14:19:40', 'CUST0050', '2023-01-02', 'Active', 60, 799.00, 'JOBS0005', '', '', '', '', 0, 5, 1099.00),
(340, 73, 'JOBS0073', 37, 109, ' Document Controller ', '•  Copy, scan and store documents\r\n•  Hands-on experience with MS Office and MS Excel\r\n•  File documents in physical and digital records\r\n•  Create templates for future use\r\n     Age limit: 24', '', 1, 42, 'Female', 10000, 15000, 2, 'Color', 'Blue', 1, 0, '', '9566199365', '2022-11-03 15:10:59', 'CUST0050', '2023-01-02', 'Active', 60, 799.00, 'JOBS0005', '', '', '', '', 0, 19, 1099.00),
(341, 74, 'JOBS0074', 43, 110, 'Seenu Transports', ' Our site offer you a number of job vacancies with complete details about start and end date for application. Applicants can register if they have any degree in the relevant field', '', 1, 70, 'Male', 15000, 18000, 2, 'Text', '', 0, 0, '', '7448868966', '2022-11-03 15:23:06', 'CUST0052', '2023-01-03', 'Active', 60, 499.00, 'JOBS0003', '', '', '', '', 0, 1, 499.00),
(342, 75, 'JOBS0075', 23, 63, 'Santhosh Super Stores', 'உணவà¯ மறà¯றà¯மà¯ தஙà¯கà¯மிடமà¯ இலவசமாக வழஙà¯கபà¯படà¯மà¯. * ESI and PF வசதி உணà¯டà¯. * சூபà¯பரà¯ மாà', '', 1, 15, 'Male', 10000, 12000, 2, 'Text', '', 0, 0, '', '9962816168', '2022-11-04 10:09:47', 'CUST0054', '2023-01-03', 'Active', 60, 499.00, 'JOBS0003', '', '', '', '', 0, 1, 499.00),
(343, 76, 'JOBS0076', 25, 106, 'Vibrant India', '* Job Location: Maduravoyal, Vanagaram, Ayanambakkam, Porur, Mogappair West. * Driving License Must. ', '', 1, 71, 'Male', 15000, 18000, 0, 'Text', '', 0, 0, '', '6379902960', '2022-11-04 10:14:06', 'CUST0056', '2023-01-03', 'Active', 60, 499.00, 'JOBS0003', '', '', '', '', 0, 0, 499.00),
(344, 77, 'JOBS0077', 22, 17, 'Vardha Petroleum', 'Communication Skills, Tally ERP 9, Accuracy, GST, Finalisation Of Accounts, Finalisation Of Bank Reconciliation Statement, Accounting Knowledge', '', 1, 8, 'Male / Female', 15000, 18000, 2, 'Text', '', 0, 0, '', '9791057777', '2022-11-04 10:16:33', 'CUST0057', '2023-01-03', 'Active', 60, 499.00, 'JOBS0003', '', '', '', '', 0, 0, 499.00),
(345, 78, 'JOBS0078', 27, 81, 'Aadhi Vinayaga Enterprises', 'Time Management, Communication Skills, Collaboration Skills, Flexibility, Good General Knowledge, Hardwork', '', 1, 85, 'Male', 15000, 17000, 2, 'Text', '', 0, 0, '', '9944666199', '2022-11-04 10:20:40', 'CUST0058', '2023-01-03', 'Active', 60, 499.00, 'JOBS0003', '', '', '', '', 0, 0, 499.00),
(346, 79, 'JOBS0079', 22, 17, 'Shri Sakthi Enterprises', 'Computer Skills, MS Office, Accounting Knowledge', '', 1, 68, 'Male', 13000, 15000, 1, 'Text', '', 0, 0, '', '9840492273', '2022-11-04 10:23:20', 'CUST0059', '2023-01-03', 'Active', 60, 499.00, 'JOBS0003', '', '', '', '', 0, 0, 499.00),
(347, 80, 'JOBS0080', 37, 25, 'Seenu Transports', 'Computer Skills, Communication Skills, Billing', '', 1, 70, 'Male', 13000, 15000, 2, 'Text', '', 0, 0, '', '7448868966', '2022-11-04 10:27:02', 'CUST0052', '2023-01-03', 'Active', 60, 499.00, 'JOBS0003', '', '', '', '', 0, 0, 499.00),
(348, 81, 'JOBS0081', 22, 20, 'Seenu Transports', 'Tally ERP 9, GST, MS Office, Finalisation Of Bank Reconciliation Statement, Accounting Knowledge', '', 1, 70, 'Male', 12000, 15000, 2, 'Text', '', 0, 0, '', '7448868966', '2022-11-04 10:28:24', 'CUST0052', '2023-01-03', 'Active', 60, 499.00, 'JOBS0003', '', '', '', '', 0, 0, 499.00),
(349, 82, 'JOBS0082', 26, 82, 'RMR Financial Solution', 'Communication Skills, Speaking Skills, Problem Solving Skills, Telecalling Skills', '', 1, 15, 'Female', 12000, 30000, 0, 'Text', '', 0, 0, '', '7299372299', '2022-11-04 10:31:03', 'CUST0060', '2023-01-03', 'Active', 60, 499.00, 'JOBS0003', '', '', '', '', 0, 0, 499.00),
(350, 83, 'JOBS0083', 27, 111, 'Sterling Skill', 'Best Customer Approach, Communication Skills, Selling Skills', '', 1, 75, 'Male', 13000, 17000, 1, 'Text', '', 0, 0, '', '9840568886', '2022-11-04 10:34:08', 'CUST0061', '2023-01-03', 'Active', 60, 499.00, 'JOBS0003', '', '', '', '', 0, 0, 499.00),
(351, 84, 'JOBS0084', 26, 82, 'Glorious Visas', 'Communication Skills, Problem Solving Skills, Telecalling Skills', '', 1, 89, 'Male / Female', 15000, 17000, 1, 'Text', '', 0, 0, '', '9043372244', '2022-11-04 10:36:16', 'CUST0062', '2023-01-03', 'Active', 60, 499.00, 'JOBS0003', '', '', '', '', 0, 0, 499.00),
(352, 85, 'JOBS0085', 36, 59, 'Efficient Engineering Works', 'No: 235/1B4, Manapakkam High Road, Manapakkam, Chennai - 600125.\r\nTechnical Skills, Mechanical Skills, CNC Machining', '', 1, 62, 'Male', 12000, 24000, 1, 'Text', '', 0, 0, '', '9841601027', '2022-11-04 10:38:55', 'CUST0064', '2023-01-03', 'Active', 60, 499.00, 'JOBS0003', '', '', '', '', 0, 0, 499.00),
(353, 86, 'JOBS0086', 27, 45, 'VKS Engineering ', 'Time Management, Communication Skills, Planning Skills, Marketing, Flexibility, Team Work, Punctuality Skills', '', 1, 4, 'Male', 15000, 17000, 2, 'Text', '', 0, 0, '', '9677197686', '2022-11-04 10:41:19', 'CUST0065', '2023-01-03', 'Active', 60, 499.00, 'JOBS0003', '', '', '', '', 0, 0, 499.00),
(354, 87, 'JOBS0087', 27, 112, 'SR Jewellery ', 'Communication Skills, Knowledge of Products and Services, Selling Skills\r\nNo: 221/A, Arcot Road, Near Murugan Temple Arch, Vadapalani, Chennai - 600026.', '', 1, 56, 'Male / Female', 8000, 12000, 1, 'Text', '', 0, 0, '', '9840890094', '2022-11-04 10:43:49', 'CUST0066', '2023-01-03', 'Active', 60, 499.00, 'JOBS0003', '', '', '', '', 0, 0, 499.00),
(355, 88, 'JOBS0088', 25, 106, 'SR Jewellery', 'Driving Skills, Time Management, Flexibility', '', 1, 56, 'Male', 15000, 20000, 2, 'Text', '', 0, 0, '', '9840890094', '2022-11-04 10:49:31', 'CUST0066', '2023-01-03', 'Active', 60, 499.00, 'JOBS0003', '', '', '', '', 0, 0, 499.00),
(356, 89, 'JOBS0089', 22, 17, 'SR Jewellery', 'Tally ERP 9, Accuracy, GST, Finalisation Of Accounts, Accounting Knowledge', '', 1, 56, 'Male', 12000, 20000, 2, 'Text', '', 0, 0, '', '9840890094', '2022-11-04 11:28:32', 'CUST0066', '2023-01-03', 'Active', 60, 499.00, 'JOBS0003', '', '', '', '', 0, 0, 499.00),
(357, 90, 'JOBS0090', 22, 17, 'WANTED  ACCOUNTANT', 'PHOROTECH SURFIN.PVT.LMD Requires Accountant \r\nQualification; B.COM,M.COM AND DME,DEEE, DECE,ITI ANY TRADE AND ETP/STP ', '', 1, 94, 'Male / Female', 10000, 15000, 3, 'Color', 'Blue', 1, 0, '', '99741913977', '2022-11-04 11:48:11', 'CUST0068', '2023-01-03', 'Active', 60, 799.00, 'JOBS0005', '', '', '', '', 0, 6, 1099.00),
(358, 91, 'JOBS0091', 37, 102, 'LOOKING FOR  COOK ', 'Cooking, Food Safety, Cooking Interest', '', 1, 37, 'Female', 6000, 8000, 1, 'Text', '', 0, 0, '', '9962795815', '2022-11-04 11:54:30', 'CUST0069', '2023-01-03', 'Active', 60, 499.00, 'JOBS0003', '', '', '', '', 0, 0, 499.00),
(359, 92, 'JOBS0092', 37, 65, 'wanted electrician', 'Technical Skills, Repairing, Knowledge of Products and Services', '', 1, 95, 'Male', 10000, 12000, 1, 'Text', '', 0, 0, '', '8056823291', '2022-11-04 12:03:18', 'CUST0071', '2023-01-03', 'Active', 60, 499.00, 'JOBS0003', '', '', '', '', 0, 0, 499.00),
(360, 93, 'JOBS0093', 35, 64, 'wanted  home take care nurse', 'B.Sc Nursing, GNM (Dipoloma in General Nursing & Midwifery), Diploma In Nursing, Auxiliary Nurse Midwifery in Nursing (ANM)', '', 1, 59, 'Male / Female', 10000, 30000, 1, 'Text', '', 0, 0, '', '9962718081', '2022-11-04 12:11:02', 'CUST0072', '2023-01-03', 'Active', 60, 499.00, 'JOBS0003', '', '', '', '', 0, 1, 499.00),
(361, 94, 'JOBS0094', 37, 114, 'wanted hepler ', 'Cakes and Pies\r\nTime Management, Communication Skills, Listening\r\nNo: 50, Poonamallee High Road, Maduravoyal, Chennai - 600095.', '', 1, 70, 'Male', 8000, 12000, 0, 'Text', '', 0, 0, '', '9092823578', '2022-11-04 13:14:58', 'CUST0074', '2023-01-03', 'Active', 60, 499.00, 'JOBS0003', '', '', '', '', 0, 0, 499.00),
(362, 95, 'JOBS0095', 37, 26, 'wanted a office assistant', 'No: 89, Govindappa Naicken Street, Ground Floor, Rainbow Nakoda Complex, Sowcarpet, Chennai - 600010.\r\nModi Enterprises\r\nTyping, Communication Skills, General Office Skills', '', 1, 49, 'Male', 8000, 12000, 0, 'Text', '', 0, 0, '', '9840051854', '2022-11-04 13:18:33', 'CUST0075', '2023-01-03', 'Active', 60, 499.00, 'JOBS0003', '', '', '', '', 0, 0, 499.00),
(363, 96, 'JOBS0096', 38, 116, 'wanted warden', 'Sri Maha Ladies Hostel\r\nNo: 1, 3rd Street, Alagiri Nagar, Vadapalani, Chennai - 600026.\r\nMaintenance, Management Skills', '', 1, 56, 'Female', 10000, 12000, 5, 'Text', '', 0, 0, '', '6383165141', '2022-11-04 13:27:18', 'CUST0076', '2023-01-03', 'Active', 60, 499.00, 'JOBS0003', '', '', '', '', 0, 0, 499.00),
(364, 97, 'JOBS0097', 28, 94, 'wanted graphic designers ', 'Shree Valarmathi Press\r\n\r\nTyping, Photoshop, Corel Draw, Printing\r\n\r\n', '', 1, 89, 'Male / Female', 10000, 12000, 1, 'Text', '', 0, 0, '', '9841705098', '2022-11-04 15:04:24', 'CUST0077', '2023-01-03', 'Active', 60, 499.00, 'JOBS0003', '', '', '', '', 0, 0, 499.00),
(365, 98, 'JOBS0098', 31, 117, 'wanted a quality incharge', 'Maintenance, Quality Control Analysis\r\nSun Steels\r\n', '', 1, 96, 'Male / Female', 10000, 12000, 0, 'Text', '', 0, 0, '', '9600022999', '2022-11-04 15:13:25', 'CUST0078', '2023-01-03', 'Active', 60, 499.00, 'JOBS0003', '', '', '', '', 0, 1, 499.00),
(366, 99, 'JOBS0099', 31, 117, 'wanted quality incharge ', 'Time Management, Communication Skills, Planning Skills\r\nHSC (12th), S.S.L.C (10th), Any Degree, ITI, Diploma', '', 1, 85, 'Male / Female', 10000, 12000, 0, 'Text', '', 0, 0, '', '9137511417', '2022-11-04 15:16:51', 'CUST0080', '2023-01-03', 'Active', 60, 499.00, 'JOBS0003', '', '', '', '', 0, 1, 499.00),
(367, 100, 'JOBS0100', 37, 114, 'wanted a helper in tailor', '', '', 1, 35, 'Female', 11000, 13000, 5, 'Text', '', 0, 0, '', '8883144491', '2022-11-04 15:20:24', 'CUST0081', '2023-01-03', 'Active', 60, 499.00, 'JOBS0003', '', '', '', '', 0, 1, 499.00),
(368, 101, 'JOBS0101', 46, 118, 'Need Master ', 'We are looking for good cooking master to prepare wide varieties of Chettinad, Chinese and Parotta. Free Accomodation will be Provided.', '', 1, 38, 'Male', 20000, 24000, 3, 'Text', '', 0, 0, '', '9941877796', '2022-11-07 13:40:01', 'CUST0083', '2023-01-06', 'Active', 60, 499.00, 'JOBS0003', '', '', '', '', 0, 0, 499.00),
(369, 102, 'JOBS0102', 23, 63, 'Cashier', 'Looking For Cashier to handle day to day acitivities in Hotel Sales. Generate accurate till reports for each register.Communicate clearly and openly with customers', '', 1, 38, 'Male', 12000, 15000, 3, 'Color', 'Blue', 1, 1, '', '9941877796', '2022-11-07 13:46:12', 'CUST0083', '2023-01-06', 'Active', 60, 799.00, 'JOBS0005', '', '', '', '', 0, 2, 1299.00),
(370, 103, 'JOBS0103', 37, 77, 'Wanted Sales For Showroom ', 'We are looking For Sales person having prior Experience in this Field or Any Equivalent Field having Experience in Sales. Handling  Customer and explaining about products ', '', 1, 80, 'Female', 10000, 12000, 3, 'Color', 'Blue', 1, 1, '', '9941128102', '2022-11-07 16:51:43', 'CUST0084', '2023-01-06', 'Active', 60, 799.00, 'JOBS0005', '', '', '', '', 0, 0, 1299.00),
(371, 104, 'JOBS0104', 39, 62, 'wanted site supervisor ', 'Computer Skills, Communication Skills, Technical Skills, Management Skills, Problem Solving Skills', '', 1, 21, 'Male', 15000, 18000, 2, 'Text', '', 0, 0, '', '7358432271', '2022-11-08 16:15:14', 'CUST0085', '2023-01-07', 'Active', 60, 499.00, 'JOBS0003', '', '', '', '', 0, 0, 499.00),
(372, 105, 'JOBS0105', 26, 82, 'wanted telecallers', 'Communication Skills, Tele-Calling Protocols, Telecalling Skills', '', 1, 8, 'Male / Female', 15000, 18000, 0, 'Text', '', 0, 0, '', '9566196720', '2022-11-08 16:17:52', 'CUST0086', '2023-01-07', 'Active', 60, 499.00, 'JOBS0003', '', '', '', '', 0, 0, 499.00),
(373, 106, 'JOBS0106', 25, 106, 'wanted lorry driver', 'Driving Skills, Time Management, Flexibility', '', 1, 18, 'Male', 18000, 22000, 5, 'Text', '', 0, 0, '', '8939011958', '2022-11-08 16:21:37', 'CUST0087', '2023-01-07', 'Active', 60, 499.00, 'JOBS0003', '', '', '', '', 0, 0, 499.00),
(374, 107, 'JOBS0107', 37, 25, 'wanted billing executive  ', 'Computer Skills, Communication Skills, Billing, Cash Management', '', 1, 60, 'Male / Female', 10000, 12000, 0, 'Text', '', 0, 0, '', '9840460408', '2022-11-08 16:25:25', 'CUST0088', '2023-01-07', 'Active', 60, 499.00, 'JOBS0003', '', '', '', '', 0, 0, 499.00),
(375, 108, 'JOBS0108', 25, 38, 'wanted technician ', 'Driving Skills, Communication Skills, Technical Skills, Technical Knowledge, Flexibility, Punctuality Skills, Dedication', '', 1, 15, 'Male', 13000, 16500, 1, 'Text', '', 0, 0, '', '9884300985', '2022-11-08 16:29:24', 'CUST0089', '2023-01-07', 'Active', 60, 499.00, 'JOBS0003', '', '', '', '', 0, 0, 499.00),
(376, 109, 'JOBS0109', 27, 111, 'wanted sales executive ', 'Communication Skills, Negotiation Skills, Knowledge of Products and Services, Selling Skills', '', 1, 18, 'Male', 13000, 15000, 0, 'Text', '', 0, 0, '', '8939228810', '2022-11-08 16:32:44', 'CUST0090', '2023-01-07', 'Active', 60, 499.00, 'JOBS0003', '', '', '', '', 0, 0, 499.00),
(377, 110, 'JOBS0110', 22, 17, 'wanted accountant', 'excellent konwledge of accounting regulations and procedures,candidate must possess working knowledge of supervisor excel and tally ', '', 1, 97, 'Male', 15000, 20000, 5, 'Color', 'Pink', 0, 0, '', '7904753732', '2022-11-08 19:13:35', 'CUST0091', '2023-01-07', 'Active', 60, 799.00, 'JOBS0005', '', '', '', '', 0, 1, 799.00),
(378, 111, 'JOBS0111', 25, 40, 'Wanted mechanic ', 'Time Management, Mechanical Skills', '', 1, 28, 'Male', 10000, 15000, 2, 'Text', '', 0, 0, '', '7305609996', '2022-11-09 17:39:37', 'CUST0093', '2023-01-10', 'Active', 60, 499.00, 'JOBS0003', '', '', '', '', 0, 0, 499.00);
INSERT INTO `jobpost` (`sno`, `idno`, `postid`, `category`, `subcategory`, `name`, `description`, `image`, `city`, `area`, `gender`, `minsalary`, `maxsalary`, `experience`, `packagetype`, `color`, `premium`, `brand`, `brandlogo`, `mobile`, `createdat`, `createdby`, `expiredat`, `status`, `duration`, `pricing`, `packageid`, `paymentstatus`, `paymentid`, `signature`, `transactionid`, `applied`, `viewed`, `payable`) VALUES
(379, 112, 'JOBS0112', 26, 82, 'Wanted telecallers', 'Communication Skills, Speaking Skills, Problem Solving Skills, Telecalling Skills', '', 1, 15, 'Male / Female', 11000, 13000, 0, 'Text', '', 0, 0, '', '7824812588', '2022-11-09 17:44:15', 'CUST0094', '2023-01-10', 'Active', 60, 499.00, 'JOBS0003', '', '', '', '', 0, 0, 499.00),
(380, 113, 'JOBS0113', 22, 17, 'Wanted accountant', 'Tally ERP 9, Accuracy, System Analysis, Accounting Knowledge', '', 1, 98, 'Female', 12000, 15000, 2, 'Text', '', 0, 0, '', '9884136786', '2022-11-09 17:47:03', 'CUST0092', '2023-01-10', 'Active', 60, 499.00, 'JOBS0003', '', '', '', '', 0, 0, 499.00),
(381, 114, 'JOBS0114', 28, 119, 'Wanted Software Developer', 'Urgent vacanicies for IT candidates in MNC for fresher/ experience,For the past of software developer,Manual and automation testing,java,c++SAP programmer. ', '', 1, 42, 'Male / Female', 300000, 600000, 0, 'Text', '', 0, 0, '', '8122762492', '2022-11-11 16:28:07', 'CUST0095', '2023-01-10', 'Active', 60, 499.00, 'JOBS0003', '', '', '', '', 0, 1, 499.00),
(382, 115, 'JOBS0115', 35, 64, 'Wanted nurse', 'General Nursing Training Medical Course, Auxiliary Nurse Midwifery in Nursing (ANM)\r\nInterpersonal Skills, Communication Skills, Teaching, Patience Skills', '', 1, 54, 'Female', 15000, 18000, 0, 'Color', 'Blue', 1, 0, '', '9361589101', '2022-11-12 10:57:28', 'CUST0096', '2023-01-11', 'Active', 60, 799.00, 'JOBS0005', '', '', '', '', 0, 0, 1099.00),
(383, 116, 'JOBS0116', 37, 93, 'Wanted team manager ', 'Communication Skills, Leadership, Problem Solving Skills', '', 1, 39, 'Male', 15000, 18000, 0, 'Color', 'Blue', 1, 0, '', '7401296412', '2022-11-12 11:01:29', 'CUST0097', '2023-01-11', 'Active', 60, 799.00, 'JOBS0005', '', '', '', '', 0, 0, 1099.00),
(384, 117, 'JOBS0117', 27, 112, 'Wanted sale women ', 'Communication Skills, Knowledge of Products and Services, Selling Skills', '', 1, 9, 'Female', 12000, 13000, 0, 'Color', 'Green', 1, 0, '', '8610568766', '2022-11-12 11:05:16', 'CUST0098', '2023-01-11', 'Active', 60, 799.00, 'JOBS0005', '', '', '', '', 0, 0, 1099.00),
(385, 118, 'JOBS0118', 36, 59, 'Wanted cnc operator ', 'Time Management, Machine Operating, Equipment Maintenance, Punctuality Skills, Equipment Selection', '', 1, 55, 'Male', 12000, 20000, 2, 'Color', 'Orange', 1, 0, '', '9841810946', '2022-11-12 11:09:07', 'CUST0099', '2023-01-11', 'Active', 60, 799.00, 'JOBS0005', '', '', '', '', 0, 0, 1099.00),
(386, 119, 'JOBS0119', 36, 99, 'Wanted Civil Engineer', 'Communication Skills, Technical Skills, Leadership, Problem Solving Skills\r\nDiploma in Civil Engineering, Diploma in Civil and Rural Engineering, Diploma in Civil Engineering (Architecture), B.E Civil', '', 1, 59, 'Male', 10000, 20000, 5, 'Color', 'Green', 1, 0, '', '9884839483', '2022-11-12 11:13:52', 'CUST0100', '2023-01-11', 'Active', 60, 799.00, 'JOBS0005', '', '', '', '', 0, 0, 1099.00),
(387, 120, 'JOBS0120', 39, 62, 'Wanted Site suoervisor', 'Time Management, Management Skills, Problem Solving Skills', '', 1, 99, 'Male', 15000, 18000, 5, 'Color', 'Green', 1, 0, '', '9345395605', '2022-11-12 11:16:19', 'CUST0101', '2023-01-11', 'Active', 60, 799.00, 'JOBS0005', '', '', '', '', 1, 0, 1099.00),
(388, 121, 'JOBS0121', 37, 25, 'Wanted billing executive ', 'Time Management, Cash Management, Punctuality Skills, Accounting Knowledge', '', 1, 43, 'Male / Female', 12000, 15000, 0, 'Color', 'Blue', 1, 0, '', '9597217373', '2022-11-12 11:22:20', 'CUST0103', '2023-01-11', 'Active', 60, 799.00, 'JOBS0005', '', '', '', '', 0, 0, 1099.00),
(389, 122, 'JOBS0122', 27, 112, 'Wanted a sales staff', 'Best Customer Approach, Communication Skills', '', 1, 61, 'Male / Female', 12000, 20000, 5, 'Color', 'Blue', 1, 0, '', '9444532895', '2022-11-12 11:25:53', 'CUST0104', '2023-01-11', 'Active', 60, 799.00, 'JOBS0005', '', '', '', '', 0, 0, 1099.00),
(390, 123, 'JOBS0123', 43, 90, 'WANTED A ELECTRICAL ENGINEER', 'Time Management, Technical Skills, Equipment Selection.Diploma in Electrical and Electronics Engineering, ITI Electrician', '', 1, 37, 'Male', 13500, 15300, 1, 'Color', 'Green', 1, 0, '', '9894473918', '2022-11-12 11:28:41', 'CUST0102', '2023-01-11', 'Active', 60, 799.00, 'JOBS0005', '', '', '', '', 0, 0, 1099.00),
(391, 124, 'JOBS0124', 22, 17, 'WANTED ACCOUNTANT', 'Computer Skills, Tally ERP 9, Billing, MS Office', '', 1, 100, 'Male', 18000, 20000, 3, 'Color', 'Pink', 1, 0, '', '9840046250', '2022-11-12 11:35:08', 'CUST0105', '2023-01-11', 'Active', 60, 799.00, 'JOBS0005', '', '', '', '', 0, 0, 1099.00),
(392, 125, 'JOBS0125', 37, 26, 'WANTED OFFICE ASSISTANT', 'Time Management, Flexibility, General Office Skills', '', 1, 56, 'Female', 12000, 15000, 0, 'Color', 'Green', 0, 0, '', '8189979822', '2022-11-12 11:38:11', 'CUST0107', '2023-01-11', 'Active', 60, 799.00, 'JOBS0005', '', '', '', '', 0, 0, 799.00),
(393, 126, 'JOBS0126', 26, 82, 'WANTED TELECALLERS', 'Communication Skills, Problem Solving Skills, Telecalling Skills', '', 1, 56, 'Female', 12000, 15000, 0, 'Color', 'Green', 1, 0, '', '7358042265', '2022-11-12 11:41:43', 'CUST0108', '2023-01-11', 'Active', 60, 799.00, 'JOBS0005', '', '', '', '', 0, 0, 1099.00),
(394, 127, 'JOBS0127', 27, 121, 'WANTED MARKETING EXECUTIVE', 'Computer Skills, Communication Skills, Planning Skills, Marketing, Team Work', '', 1, 89, 'Male', 14000, 20000, 2, 'Color', 'Orange', 0, 0, '', '9092292172', '2022-11-12 11:43:39', 'CUST0106', '2023-01-11', 'Active', 60, 799.00, 'JOBS0005', '', '', '', '', 0, 0, 799.00),
(395, 128, 'JOBS0128', 44, 122, 'LOOKING FOR A PART TIME JOB ', 'Looking for Retired /Pensioners/ VRS, Attractive income, Part /Full time age 45+', '', 1, 85, 'Male / Female', 19000, 50000, 0, 'Color', 'Green', 1, 0, '', '8667363153', '2022-11-12 12:14:32', 'CUST0016', '2023-01-11', 'Active', 60, 799.00, 'JOBS0005', '', '', '', '', 0, 0, 1099.00),
(396, 129, 'JOBS0129', 44, 127, 'WANTED TEAM MANAGER ', 'Pincode wise Team Managers required Kotak Life Insurance. Age above 40+ to Manage team, Retired/House wife/VRS/NRIs/Business people. \r\nQualification : +2/Any Deg \r\nFixed Salary : Allowance and Incenti', '', 1, 33, 'Male / Female', 20000, 300000, 0, 'Color', 'Blue', 1, 0, '', '9566261013', '2022-11-12 12:20:00', 'CUST0011', '2023-01-11', 'Active', 60, 799.00, 'JOBS0005', '', '', '', '', 0, 1, 1099.00),
(397, 130, 'JOBS0130', 44, 124, 'WANTED OFFICE ASSISTANT', 'Good Looking Fair Female Office Assistant Qualification : +2 & Above With Good Computer Typing Knowledge Below 30 Years for Engineering Consultancy Office', '', 1, 43, 'Female', 8000, 15000, 0, 'Color', 'Blue', 1, 0, '', '9444734238', '2022-11-12 12:24:21', 'CUST0018', '2023-01-11', 'Active', 60, 799.00, 'JOBS0005', '', '', '', '', 0, 1, 1099.00),
(398, 131, 'JOBS0131', 44, 122, 'HIRING OFFICER', 'Part time home based jobs. we are looking for retired person and officers for insurance company. No age restrictions anyone can apply\r\n', '', 1, 16, 'Male / Female', 19000, 52000, 0, 'Color', 'Orange', 1, 1, '', '8220685624', '2022-11-12 12:38:51', 'CUST0110', '2023-01-11', 'Active', 60, 799.00, 'JOBS0005', '', '', '', '', 0, 1, 1299.00),
(399, 132, 'JOBS0132', 27, 81, 'Wanted collection executive', 'Excellent business communication skills (verbal & written),proficiency in English language Handle client for unpaid debts  provide timely responses.Basic Computer  Knowledge.Two wheeler must ', '', 1, 16, 'Male', 17000, 20000, 0, 'Color', 'Orange', 1, 0, '', '8072800280', '2022-11-12 13:13:13', 'CUST0111', '2023-01-11', 'Active', 60, 799.00, 'JOBS0005', '', '', '', '', 0, 7, 1099.00),
(400, 133, 'JOBS0133', 44, 125, 'Wanted  Branch Manager', 'To Handle Day To Day Business Transaction, Customer Queries, Provide Effective Resolution And Ensure Quality Of Business Through Proper Process Adherence. Responsibility.', '', 1, 8, 'Male', 10000, 15000, 3, 'Color', 'Green', 1, 0, '', '8428780696', '2022-11-12 13:37:10', 'CUST0112', '2023-01-13', 'Active', 60, 799.00, 'JOBS0005', '', '', '', '', 0, 0, 1099.00),
(401, 134, 'JOBS0134', 25, 106, 'Wanted driver ', 'Original Driving License Must. மேலà¯மà¯ பணிகளை பறà¯றிய உஙà¯களினà¯ அனைதà¯தà¯ சநà¯தேகஙà¯களà¯கà¯கà¯மà¯ 9840174494 ', '', 1, 80, 'Male', 20000, 25000, 0, 'Color', 'Green', 1, 0, '', '9840174494', '2022-11-14 12:10:40', 'CUST0113', '2023-01-13', 'Active', 60, 799.00, 'JOBS0005', '', '', '', '', 0, 1, 1099.00),
(402, 135, 'JOBS0135', 25, 106, 'wanted driver', 'Driving Skills, Time Management, Flexibility.', '', 1, 80, 'Male', 15000, 20000, 0, 'Color', 'Blue', 1, 0, '', '8680002230', '2022-11-14 12:12:43', 'CUST0114', '2023-01-13', 'Active', 60, 799.00, 'JOBS0005', '', '', '', '', 0, 1, 1099.00),
(403, 136, 'JOBS0136', 25, 106, 'wanted driver', 'Driving Skills, Time Management, Punctuality Skills \r\nBatch and Heavy License must.. Accommodation Available.', '', 1, 29, 'Male', 15000, 18000, 0, 'Color', 'Pink', 1, 0, '', '9962518402', '2022-11-14 12:16:36', 'CUST0115', '2023-01-13', 'Active', 60, 799.00, 'JOBS0005', '', '', '', '', 0, 2, 1099.00),
(404, 137, 'JOBS0137', 46, 129, 'Wanted kitchen assistant', 'Cleanliness, Cooking, Food Safety Measures to be taken. ', '', 1, 36, 'Male', 13000, 15000, 2, 'Color', 'Green', 1, 0, '', '9840272288', '2022-11-14 12:34:23', 'CUST0116', '2023-01-13', 'Active', 60, 799.00, 'JOBS0005', '', '', '', '', 0, 0, 1099.00),
(405, 138, 'JOBS0138', 46, 118, 'Wanted parotta master', 'Cleanliness, Cooking, Food Safety, Cooking Interest Must.', '', 1, 4, 'Male', 15000, 18000, 3, 'Color', 'Green', 1, 0, '', '9003200220', '2022-11-14 12:37:57', 'CUST0117', '2023-01-13', 'Active', 60, 799.00, 'JOBS0005', '', '', '', '', 0, 1, 1099.00),
(406, 139, 'JOBS0139', 35, 76, 'Wanted pharmacist', 'Based on experience and work salary will be increased.Communication Skills, Analytical Skills, Patient Assessment.', '', 1, 38, 'Male / Female', 13000, 15000, 0, 'Color', 'Blue', 1, 0, '', '9941119116', '2022-11-14 12:45:19', 'CUST0118', '2023-01-13', 'Active', 60, 799.00, 'JOBS0005', '', '', '', '', 0, 1, 1099.00),
(407, 140, 'JOBS0140', 35, 76, 'Wanted pharmacist', 'Best Customer Approach, Communication Skills, Price Negotiation. ', '', 1, 70, 'Male / Female', 15000, 20000, 0, 'Color', 'Pink', 1, 0, '', '9840014983', '2022-11-14 12:49:39', 'CUST0119', '2023-01-13', 'Delete', 60, 799.00, 'JOBS0005', '', '', '', '', 0, 0, 1099.00),
(408, 140, 'JOBS0140', 35, 76, 'Wanted pharmacist', 'Best Customer Approach, Communication Skills, Price Negotiation. ', '', 1, 70, 'Male / Female', 15000, 20000, 0, 'Color', 'Pink', 1, 0, '', '9840014983', '2022-11-14 12:49:39', 'CUST0119', '2023-01-13', 'Delete', 60, 799.00, 'JOBS0005', '', '', '', '', 0, 0, 1099.00),
(409, 140, 'JOBS0140', 35, 76, 'Wanted pharmacist', 'Best Customer Approach, Communication Skills, Price Negotiation. ', '', 1, 70, 'Male / Female', 15000, 20000, 0, 'Color', 'Pink', 1, 0, '', '9840014983', '2022-11-14 12:49:39', 'CUST0119', '2023-01-13', 'Delete', 60, 799.00, 'JOBS0005', '', '', '', '', 0, 0, 1099.00),
(410, 140, 'JOBS0140', 35, 76, 'Wanted pharmacist', 'Best Customer Approach, Communication Skills, Price Negotiation. ', '', 1, 70, 'Male / Female', 15000, 20000, 0, 'Color', 'Pink', 1, 0, '', '9840014983', '2022-11-14 12:49:40', 'CUST0119', '2023-01-13', 'Delete', 60, 799.00, 'JOBS0005', '', '', '', '', 0, 0, 1099.00),
(411, 140, 'JOBS0140', 35, 76, 'Wanted pharmacist', 'Best Customer Approach, Communication Skills, Price Negotiation. ', '', 1, 70, 'Male / Female', 15000, 20000, 0, 'Color', 'Pink', 1, 0, '', '9840014983', '2022-11-14 12:49:40', 'CUST0119', '2023-01-13', 'Delete', 60, 799.00, 'JOBS0005', '', '', '', '', 0, 0, 1099.00),
(412, 140, 'JOBS0140', 35, 76, 'Wanted pharmacist', 'Best Customer Approach, Communication Skills, Price Negotiation. ', '', 1, 70, 'Male / Female', 15000, 20000, 0, 'Color', 'Pink', 1, 0, '', '9840014983', '2022-11-14 12:49:40', 'CUST0119', '2023-01-13', 'Delete', 60, 799.00, 'JOBS0005', '', '', '', '', 0, 0, 1099.00),
(413, 140, 'JOBS0140', 35, 76, 'Wanted pharmacist', 'Best Customer Approach, Communication Skills, Price Negotiation. ', '', 1, 70, 'Male / Female', 15000, 20000, 0, 'Color', 'Pink', 1, 0, '', '9840014983', '2022-11-14 12:49:40', 'CUST0119', '2023-01-13', 'Delete', 60, 799.00, 'JOBS0005', '', '', '', '', 0, 0, 1099.00),
(414, 140, 'JOBS0140', 35, 76, 'Wanted pharmacist', 'Best Customer Approach, Communication Skills, Price Negotiation. ', '', 1, 70, 'Male / Female', 15000, 20000, 0, 'Color', 'Pink', 1, 0, '', '9840014983', '2022-11-14 12:49:40', 'CUST0119', '2023-01-13', 'Delete', 60, 799.00, 'JOBS0005', '', '', '', '', 0, 0, 1099.00),
(415, 140, 'JOBS0140', 35, 76, 'Wanted pharmacist', 'Best Customer Approach, Communication Skills, Price Negotiation. ', '', 1, 70, 'Male / Female', 15000, 20000, 0, 'Color', 'Pink', 1, 0, '', '9840014983', '2022-11-14 12:49:40', 'CUST0119', '2023-01-13', 'Delete', 60, 799.00, 'JOBS0005', '', '', '', '', 0, 0, 1099.00),
(416, 141, 'JOBS0141', 27, 112, 'Wanted sale staff', 'Computer Skills, Communication Skills, General Office Skills.', '', 1, 33, 'Male / Female', 20000, 40000, 0, 'Color', 'Blue', 1, 0, '', '7094917713', '2022-11-14 13:05:15', 'CUST0120', '2023-01-13', 'Active', 60, 799.00, 'JOBS0005', '', '', '', '', 0, 0, 1099.00),
(417, 142, 'JOBS0142', 44, 130, 'Wanted welder', 'Welding, Technical Skills, Hard Working Persons Required.', '', 1, 62, 'Male', 18000, 25000, 1, 'Color', 'Blue', 1, 0, '', '9003211044', '2022-11-14 13:08:48', 'CUST0121', '2023-01-13', 'Active', 60, 799.00, 'JOBS0005', '', '', '', '', 0, 0, 1099.00),
(418, 143, 'JOBS0143', 22, 17, 'WANTED ACCOUNTANT', 'Billing, Accuracy, GST, Transactions, Calculation, Balance Sheet.', '', 1, 56, 'Male', 12000, 15000, 1, 'Color', 'Orange', 1, 0, '', '9003322996', '2022-11-14 13:15:04', 'CUST0122', '2023-01-13', 'Active', 60, 799.00, 'JOBS0005', '', '', '', '', 0, 0, 1099.00),
(419, 144, 'JOBS0144', 26, 82, 'WANTED TELECALLERS', 'Computer Skills, Speaking Skills, Telecalling Skills, Punctuality Skills', '', 1, 59, 'Female', 12000, 20000, 1, 'Color', 'Blue', 1, 0, '', '8925314443', '2022-11-14 13:24:02', 'CUST0124', '2023-01-13', 'Active', 60, 799.00, 'JOBS0005', '', '', '', '', 0, 0, 1099.00),
(420, 145, 'JOBS0145', 44, 123, 'Wanted  Electrician', 'Technical Skills, Flexibility, Punctuality Skills.', '', 1, 101, 'Male', 15000, 20000, 1, 'Color', 'Blue', 1, 0, '', '9444455598', '2022-11-14 13:29:34', 'CUST0123', '2023-01-13', 'Active', 60, 799.00, 'JOBS0005', '', '', '', '', 0, 1, 1099.00),
(421, 146, 'JOBS0146', 35, 76, 'Wanted pharmacist', 'Best Customer Approach, Communication Skills, Price Negotiation.', '', 1, 70, 'Male / Female', 15000, 20000, 0, 'Color', 'Blue', 1, 0, '', '9840014983', '2022-11-14 13:52:10', 'CUST0119', '2023-01-13', 'Active', 60, 799.00, 'JOBS0005', '', '', '', '', 0, 1, 1099.00),
(422, 147, 'JOBS0147', 44, 131, 'Wanted Graphic Designer ', 'We are looking for Graphic designer who is able to  refer  relevant design touch-points. Looking for creative briefs and generate unique ideas.', '', 1, 61, 'Male', 15000, 25000, 2, 'Color', 'Blue', 1, 0, '', '9940039252', '2022-11-15 16:25:42', 'CUST0127', '2023-01-14', 'Active', 60, 799.00, 'JOBS0005', '', '', '', '', 0, 5, 1099.00),
(423, 148, 'JOBS0148', 44, 132, 'Wanted DTP Operator', 'Need experience in Corel draw Photoshop illustrator English and Tamil typing knowledge Must. Immediate Joiner Preferred.  ', '', 1, 61, 'Male', 15000, 25000, 2, 'Color', 'Pink', 1, 0, '', '9940039252', '2022-11-15 16:32:40', 'CUST0127', '2023-01-14', 'Active', 60, 799.00, 'JOBS0005', '', '', '', '', 0, 11, 1099.00),
(424, 149, 'JOBS0149', 44, 133, 'Wanted Security  Guards', 'அடையாரà¯ அனà¯பவமà¯ளà¯ள காரà¯டà¯களà¯ தேவை. 8 Hrs Duty+ ESI, PF, Bonus உணà¯டà¯.படிபà¯பà¯: SSLC Pass.வயதà¯: 50.', '', 1, 96, 'Male', 17000, 18500, 2, 'Color', 'Orange', 1, 0, '', '9840058653', '2022-11-17 17:55:31', 'CUST0129', '2023-01-16', 'Active', 60, 799.00, 'JOBS0005', '', '', '', '', 0, 2, 1099.00),
(425, 150, 'JOBS0150', 22, 17, 'Accountant ', 'Need a computer skilled with tally knowledge and speed typing skills in both Tamil and English .Software knowledge is preferrable Working withspreadsheets,sales and purchase ledgers. Area -Kundrathur\r', '', 1, 60, 'Male / Female', 18000, 20000, 1, 'Text', 'Blue', 1, 0, '', '9840847986', '2022-11-18 18:48:52', 'CUST0131', '2023-01-17', 'Active', 60, 499.00, 'JOBS0003', '', '', '', '', 0, 2, 499.00),
(426, 151, 'JOBS0151', 27, 112, 'SalesMan', ' Need a dedicated and sincere person for Hardware Shop . You will have to attend Customers with a smile .  Full time . Good pay . \r\nQualification : 10 to Any degree  . Another location: Kundrathur \r\n\r', '', 1, 60, 'Male', 12000, 15000, 0, 'Text', 'Green', 1, 0, '', '9840847986', '2022-11-18 18:53:47', 'CUST0131', '2023-01-17', 'Active', 60, 499.00, 'JOBS0003', '', '', '', '', 0, 1, 499.00),
(427, 152, 'JOBS0152', 27, 112, 'Wanted SalesMan ', 'We are looking for Exp (Abv 25) and Fre ( Blw 25) salesperson who will greet the customers enthusiastically and determine their needs.Who will recommend products and alternatives based on  needs.', '', 1, 1, 'Male', 10000, 12000, 0, 'Color', 'Blue', 1, 0, '', '9840226677', '2022-11-19 18:39:40', 'CUST0132', '2023-01-18', 'Active', 60, 799.00, 'JOBS0005', '', '', '', '', 0, 2, 1099.00),
(428, 153, 'JOBS0153', 28, 50, 'Hiring PHP Developer ', 'Conducting analysis of website and application requirements.Writing back-end code and building efficient PHP modules.Developing back-end portals with an optimized database.Immediate Joiners Preferred\r', '', 1, 1, 'Male / Female', 10000, 15000, 1, 'Color', 'Blue', 1, 0, '', '7395951992', '2022-11-21 10:34:58', 'CUST0133', '2023-01-20', 'Active', 60, 799.00, 'JOBS0005', '', '', '', '', 0, 3, 1099.00),
(429, 154, 'JOBS0154', 26, 82, 'Telecalling Executive', 'Should make calls to our customers and pitch about our service and make sales. Should be a dedicated person to achieve good sales. Good Incentives will be provided based on Performance. ', '', 1, 1, 'Female', 10000, 15000, 1, 'Color', 'Blue', 1, 0, '', '7395951992', '2022-11-21 10:40:03', 'CUST0133', '2023-01-20', 'Active', 60, 799.00, 'JOBS0005', '', '', '', '', 0, 6, 1099.00),
(430, 155, 'JOBS0155', 28, 72, 'Graphic Designer ', 'Looking to Hire A Digital Graphic Designer for social media posts', '', 1, 13, 'Female', 10000, 15000, 2, 'Text', '', 0, 1, '7F3A2F8D-B1BB-4B6B-AD2E-8F455AF8F964.jpeg', '9841068380', '2022-11-21 14:34:59', 'CUST0134', '2023-01-20', 'Active', 60, 499.00, 'JOBS0003', 'success', 'pay_KidIyS4aGpfedy', 'ec5023c3f2a3be514151af1bef33d139df1ec7b7e5a77b008d61d37f6e018df4', 'order_KidIhFzBQIQuOo', 0, 1, 699.00),
(431, 156, 'JOBS0156', 23, 23, 'Wanted Receptionist', 'Looking for Receptionist for Kilpauk,Royapettah nad Nandanam Branches. Work timings 7.00 A.M to 4.00 P.M. 1 Pm to 9 Pm Night Shifts for Male.Interested mail your resumes to hrsaravanascans@gmail.com.', '', 1, 53, 'Male / Female', 12000, 18000, 0, 'Color', 'Blue', 1, 0, '', '9150061043', '2022-11-23 16:01:40', 'CUST0067', '2023-01-22', 'Active', 60, 799.00, 'JOBS0005', '', '', '', '', 4, 23, 1099.00),
(432, 157, 'JOBS0157', 44, 134, 'Wanted Field Officer ', 'Security Guard and Housekeeping Manpower Management, Grooming Duty delivery,Duty briefing,Payment Followups and Client Management for a Private Security and Facility Management Organisation. ', '', 1, 43, 'Male', 18000, 30000, 2, 'Color', 'Blue', 1, 0, '', '9884054441', '2022-11-24 17:32:27', 'CUST0135', '2023-01-23', 'Active', 60, 799.00, 'JOBS0005', '', '', '', '', 0, 3, 1099.00),
(433, 158, 'JOBS0158', 44, 135, 'Wanted Business Development ', 'Experience in managing and growing sales teams.Excellent multitasking skills.Excellent verbal and written communication skills.Ability to present and explain ideas to a variety of audiences. ', '', 1, 43, 'Male / Female', 18000, 30000, 2, 'Color', 'Green', 1, 0, '', '9884054441', '2022-11-24 17:41:59', 'CUST0135', '2023-01-23', 'Active', 60, 799.00, 'JOBS0005', '', '', '', '', 0, 3, 1099.00),
(434, 159, 'JOBS0159', 44, 136, 'Project Manager', 'We are looking for Project Manager having Experience in Plumbing Sector. Qualification as such ITI and Diploma , B.E Specifically Civil Engineering. ', '', 1, 98, 'Male', 25000, 30000, 3, 'Color', 'Green', 1, 0, '', '9566168888', '2022-11-25 16:46:37', 'CUST0136', '2023-01-24', 'Active', 60, 799.00, 'JOBS0005', '', '', '', '', 0, 2, 1099.00),
(435, 160, 'JOBS0160', 39, 137, 'Wanted Site Engineer', 'Looking for candidates having experience in Construction Field. The Candidate should be good  to Quality Check , Analyse and Monitor the Works rendering in the Project. Good Salary will be provided.', '', 1, 98, 'Male', 25000, 30000, 3, 'Color', 'Pink', 1, 0, '', '9566168888', '2022-11-25 16:50:11', 'CUST0136', '2023-01-24', 'Active', 60, 799.00, 'JOBS0005', '', '', '', '', 0, 0, 1099.00),
(436, 161, 'JOBS0161', 39, 138, 'Wanted Draftsman', 'Following specifications and calculations to create various technical drawings.Preparing both rough sketches and detailed work with CADD systems.Performing calculations for materials \r\n', '', 1, 98, 'Male', 25000, 30000, 3, 'Color', 'Blue', 1, 0, '', '9566168888', '2022-11-25 16:54:06', 'CUST0136', '2023-01-24', 'Active', 60, 799.00, 'JOBS0005', '', '', '', '', 0, 1, 1099.00),
(437, 162, 'JOBS0162', 44, 139, 'Wanted Load Man & Helper', 'We are looking For Load man and Helper who is hard working for our company. ', '', 1, 21, 'Male', 10000, 15000, 0, 'Color', 'Orange', 1, 0, '', '9840361975', '2022-11-25 18:50:50', 'CUST0137', '2023-01-24', 'Active', 60, 799.00, 'JOBS0005', '', '', '', '', 0, 0, 1099.00),
(438, 163, 'JOBS0163', 23, 80, 'Wanted Assistant', 'Wanted Female Assistant for Astrologer with Basic Computer Knowledge with in and around Kilpauk.', '', 1, 38, 'Female', 10000, 15000, 0, 'Color', 'Blue', 1, 0, '', '8122057397', '2022-11-26 11:57:10', 'CUST0138', '2023-01-25', 'Active', 60, 799.00, 'JOBS0005', '', '', '', '', 0, 0, 1099.00),
(439, 164, 'JOBS0164', 26, 82, 'Wanted Telecalling Executive', 'We are Computer Peripherals compnay looking for a female telemarketing executive to focus on sales . Attractive Salary with incentives will be paid. ', '', 1, 36, 'Female', 20000, 25000, 5, 'Color', 'Blue', 1, 0, '', '9841293503', '2022-11-30 15:56:07', 'CUST0139', '2023-01-29', 'Active', 60, 799.00, 'JOBS0005', '', '', '', '', 0, 2, 1099.00),
(440, 165, 'JOBS0165', 22, 140, 'Wanted Accounts Assistant ', 'We are looking for account assistant with tally knowledge. Work location at Medavakkam. Interview will be held at head office Old Washermenpet', '', 1, 102, 'Female', 8000, 10000, 1, 'Color', 'Blue', 1, 0, '', '9500814491', '2022-12-01 11:44:47', 'CUST0142', '2023-01-30', 'Active', 60, 799.00, 'JOBS0005', '', '', '', '', 0, 0, 1099.00),
(441, 166, 'JOBS0166', 32, 52, 'HIring Manager ', 'We are Multi Cuisine Restaurant looking for a Manager who has completed Diploma in Hotel Management. Working Hours Duty is from 11.00 A.M to 11.00 P.M.', '', 1, 56, 'Male', 22000, 25000, 5, 'Color', 'Orange', 1, 0, '', '9840233229', '2022-12-01 12:07:32', 'CUST0140', '2023-01-30', 'Active', 60, 799.00, 'JOBS0005', '', '', '', '', 0, 0, 1099.00),
(442, 167, 'JOBS0167', 36, 60, 'Wanted CNC Setter', 'We are looking for a turning CNC Setter cum Operator for our industry located in Ambattur Estate Near Telephone Exchange. Qualification Required +2, ITI or Diploma Candidates can apply. ', '', 1, 8, 'Male', 15000, 25000, 0, 'Color', 'Green', 1, 0, '', '9840208640', '2022-12-01 12:29:36', 'CUST0143', '2023-01-30', 'Active', 60, 799.00, 'JOBS0005', '', '', '', '', 0, 0, 1099.00),
(443, 168, 'JOBS0168', 26, 43, 'Wanted TeleCallers ', 'tfrduyyyhyhtrtf', '', 1, 26, 'Male / Female', 5000, 10000, 0, 'Text', '', 0, 0, '', '5821636241', '2022-12-06 11:16:15', 'CUST0144', '2023-02-04', 'Pending', 60, 499.00, 'JOBS0003', '', '', '', '', 0, 1, 499.00),
(444, 168, 'JOBS0168', 26, 43, 'Wanted TeleCallers ', 'tfrduyyyhyhtrtf', '', 1, 26, 'Male / Female', 5000, 10000, 0, 'Text', '', 0, 0, '', '5821636241', '2022-12-06 11:16:55', 'CUST0144', '2023-02-04', 'Pending', 60, 499.00, 'JOBS0003', '', '', '', '', 0, 1, 499.00),
(445, 169, 'JOBS0169', 39, 137, '6652', '55965+9', '', 1, 26, 'Male', 10000, 15000, 1, 'Text', '', 0, 0, '', '9962516045', '2023-01-02 19:56:49', 'CUST0153', '2023-03-03', 'Pending', 60, 499.00, 'JOBS0003', '', '', '', '', 0, 0, 499.00),
(446, 170, 'JOBS0170', 38, 116, 'fyhrdtghde', '', '', 1, 8, 'Male', 17, 33, 1, 'Text', '', 0, 0, '', '9962501621', '2023-01-02 20:26:24', 'CUST0153', '2023-03-03', 'Pending', 60, 499.00, 'JOBS0003', '', '', '', '', 0, 0, 499.00),
(447, 171, 'JOBS0171', 39, 137, 'rgewtfw', '', '', 1, 26, 'Male', 572852, 85765, 78, 'Color', 'Green', 0, 0, '', '9962501621', '2023-01-02 22:01:18', '', '2023-03-03', 'Pending', 60, 799.00, 'JOBS0005', '', '', '', '', 0, 0, 799.00),
(448, 172, 'JOBS0172', 41, 78, 'rgewtfw', '', '', 1, 26, 'Male', 572852, 85765, 78, 'Text', '', 0, 0, '', '9962501621', '2023-01-02 22:04:34', '', '2023-03-03', 'Pending', 60, 499.00, 'JOBS0003', '', '', '', '', 0, 0, 499.00),
(449, 173, 'JOBS0173', 34, 53, 'dfgvsedg', 'gegeg', '', 1, 26, 'Male / Female', 1000, 1000, 0, 'Text', '', 0, 0, '', '9962501621', '2023-01-02 23:52:34', 'CUST0153', '2023-03-03', 'Pending', 60, 499.00, 'JOBS0003', '', '', '', '', 0, 0, 499.00);

-- --------------------------------------------------------

--
-- Table structure for table `jobs_apply`
--

CREATE TABLE `jobs_apply` (
  `sno` int(11) NOT NULL,
  `postid` varchar(50) NOT NULL,
  `name` varchar(50) NOT NULL,
  `mobile` varchar(20) NOT NULL,
  `email` varchar(50) NOT NULL,
  `resume` varchar(100) NOT NULL,
  `appliedat` datetime NOT NULL,
  `status` varchar(50) NOT NULL,
  `user` varchar(50) NOT NULL
) ENGINE=InnoDB DEFAULT CHARSET=latin1;

--
-- Dumping data for table `jobs_apply`
--

INSERT INTO `jobs_apply` (`sno`, `postid`, `name`, `mobile`, `email`, `resume`, `appliedat`, `status`, `user`) VALUES
(14, 'JOBS0054', 'Saravana Kumar', '9360466662', 'yesgleinfo@gmail.com', 'Work_Flow.docx', '2021-05-29 10:56:07', 'Applied', 'CUST0091'),
(16, 'JOBS0092', 'Saravana Kumar', '9360466662', 'yesgleinfo@gmail.com', 'Work_Flow.docx', '2021-05-30 11:32:05', 'Applied', 'CUST0129'),
(21, 'JOBS0105', 'sathish', '09895963254', 'DB.yesgle@gmail.com', '2.11.xlsx', '2021-07-08 17:13:36', 'Applied', 'CUST0149'),
(22, 'JOBS0105', 'sathish', '09895963254', 'sathish@gmail.com', '2.11.xlsx', '2021-07-08 17:28:08', 'Applied', 'CUST0149'),
(24, 'JOBS0105', 'sathish job outer page', '09895963254', 'sathish@gmail.com', '2.11.xlsx', '2021-07-08 17:50:00', 'Applied', 'CUST0149'),
(33, 'JOBS0108', 'P. Porselvi', '8525885489', 'selvi19822@gmail.com', 'CV_2020-05-07-021217.png', '2021-07-28 09:19:11', 'Applied', 'CUST0129'),
(34, 'JOBS0145', 'Mamang', '9162349281', 'bitburik94@gmail.com', '1.php', '2022-04-07 20:20:07', 'Applied', 'CUST0184'),
(35, 'JOBS0148', 'Saravana Kumar', '9360466662', 'yesgleinfo@gmail.com', '', '2022-04-25 12:45:18', 'Applied', 'CUST0187'),
(36, 'JOBS0156', 'Saravana Kumar', '9360466662', 'yesgleinfo@gmail.com', 'For Registration.docx', '2022-05-13 10:39:15', 'Applied', 'CUST0199'),
(37, 'JOBS0159', 'Saravana Kumar', '9360466662', 'yesgleinfo@gmail.com', 'Tha_logo.jpg', '2022-06-04 15:06:58', 'Applied', 'CUST0205'),
(38, 'JOBS0030', 'shahi muskan', '6383043754', 'shahimuskan87@gmail.com', '', '2022-10-16 21:03:49', 'Applied', 'ADMIN001'),
(39, 'JOBS0030', 'Priyalakshmi', '7305810419', 'priyalakshmidevaraj@gmail.com', 'Leana_priya_Resume.pdf', '2022-10-19 11:52:53', 'Applied', 'ADMIN001'),
(40, 'JOBS0033', 'Kumar', '9496273432', '', '', '2022-10-27 17:21:06', 'Applied', 'CUST0018'),
(41, 'JOBS0024', 'Good ', '79998889988999', 'lakshmj@gmail.com', 'IMG-20221112-WA0001.jpg', '2022-11-12 18:47:10', 'Applied', 'CUST0012');

-- --------------------------------------------------------

--
-- Table structure for table `jobs_area`
--

CREATE TABLE `jobs_area` (
  `sno` int(5) NOT NULL,
  `state` varchar(100) COLLATE utf8mb4_unicode_ci NOT NULL,
  `district` varchar(100) COLLATE utf8mb4_unicode_ci NOT NULL,
  `area` varchar(50) COLLATE utf8mb4_unicode_ci NOT NULL
) ENGINE=InnoDB DEFAULT CHARSET=utf8mb4 COLLATE=utf8mb4_unicode_ci;

--
-- Dumping data for table `jobs_area`
--

INSERT INTO `jobs_area` (`sno`, `state`, `district`, `area`) VALUES
(1, '1', '1', 'kolathur'),
(2, '1', '1', 'Abiramapuram'),
(3, '1', '1', 'Adambakkam'),
(4, '1', '1', 'Adyar'),
(5, '1', '1', 'Agaram'),
(6, '1', '1', 'Alandur'),
(7, '1', '1', 'Alwar Tirunagar'),
(8, '1', '1', 'Ambattur '),
(9, '1', '1', 'Aminijikarai'),
(10, '1', '1', 'Anakaputhur'),
(11, '1', '1', 'Anna Salai'),
(12, '1', '1', 'Mount Road '),
(13, '1', '1', 'Egmore '),
(14, '1', '1', 'Annamalaipuram'),
(15, '1', '1', 'Annanagar'),
(16, '1', '1', 'Arumbakkam'),
(17, '1', '1', 'Ashok Nagar'),
(18, '1', '1', 'Avadi'),
(19, '1', '1', 'Ayanavaram'),
(20, '1', '1', 'Besant Nagar'),
(21, '1', '1', 'Parrys'),
(22, '1', '1', 'Central '),
(23, '1', '1', 'Chepauk'),
(24, '1', '1', 'Chintadripet'),
(25, '1', '1', 'Chitlapakkam'),
(26, '1', '1', ' Choolai'),
(27, '1', '1', 'Choolaimedu'),
(28, '1', '1', 'Chromepet'),
(29, '1', '1', 'Ekkaduthangal'),
(30, '1', '1', 'Ernavur'),
(31, '1', '1', 'Gopalapuram'),
(32, '1', '1', 'Greams Road'),
(33, '1', '1', 'Guindy '),
(34, '1', '1', 'I C F Colony'),
(35, '1', '1', 'Mandaveli'),
(36, '1', '1', 'Mylapore'),
(37, '1', '1', 'Pallavaram'),
(38, '1', '1', 'Kilpauk'),
(39, '1', '1', 'Kodambakkam'),
(40, '1', '1', 'Korattur'),
(41, '1', '1', 'Kosapet'),
(42, '1', '1', 'Koyambedu'),
(43, '1', '1', 'Nungambakkam'),
(44, '1', '1', 'Royapettah'),
(45, '1', '1', 'Triplicane '),
(46, '1', '1', 'Chetput'),
(47, '1', '1', 'Mannady '),
(48, '1', '1', 'Shenoy Nagar'),
(49, '1', '1', 'Sowcarpet'),
(50, '1', '1', 'Vepery'),
(51, '1', '1', 'Vyasarpadi'),
(52, '1', '1', 'Washermanpet'),
(53, '1', '1', 'Nandanam'),
(54, '1', '1', 'Saidapet '),
(55, '1', '1', 'Saligramam'),
(56, '1', '1', 'Vadapalani'),
(57, '1', '1', 'Tidel Park'),
(58, '1', '1', 'Tiruvanmiyur'),
(59, '1', '1', 'Velacheri'),
(60, '1', '1', 'Virugambakkam'),
(61, '1', '1', 'Tambaram'),
(62, '1', '1', 'Others'),
(63, '1', '1', 'Vilangadupakkam'),
(64, '1', '5', 'Coimbatore'),
(65, '1', '5', ' Karumathampatty'),
(66, '1', '3', 'Simmakkal'),
(67, '1', '3', 'Madurai'),
(68, '1', '1', 'Valasaravakkam'),
(70, '1', '1', 'Maduravoyal'),
(71, '1', '1', 'Mogappair'),
(72, '1', '1', 'poonamalle'),
(73, '1', '5', 'kannampalayam'),
(74, '1', '5', 'saibaba colony'),
(75, '1', '1', 'OMR NAVALUR'),
(76, '1', '1', 'T-Nagar'),
(77, '1', '1', 'Alwarpet'),
(78, '1', '1', 'Pammal'),
(79, '1', '1', 'Thirumullaivoyal'),
(80, '1', '1', 'Porur'),
(81, '1', '1', ' Manapakkam'),
(82, '1', '1', ' Guduvancheri'),
(83, '1', '1', ' Guduvancheri'),
(84, '1', '1', 'Pallikaranai'),
(85, '1', '1', 'Chrompet'),
(86, '1', '1', 'Chrompet'),
(87, '1', '1', 'Kodungaiyur'),
(88, '1', '1', 'Keelkattalai'),
(89, '1', '1', 'Perambur'),
(90, '1', '1', 'Thiruverkadu'),
(91, '1', '1', ' Villivakkam'),
(92, '1', '1', ' Villivakkam'),
(93, '1', '1', ' Villivakkam'),
(94, '1', '1', 'Irungattukottai- Sriperumbudur'),
(95, '1', '1', 'Kundrathur'),
(96, '1', '1', 'padi'),
(97, '1', '1', 'Old Washermenpet'),
(98, '1', '1', 'Redhills'),
(99, '1', '1', 'Sholinganallur'),
(100, '1', '1', 'Neelankarai'),
(101, '1', '1', 'Little Mount'),
(102, '1', '1', 'Medavakkam');

-- --------------------------------------------------------

--
-- Table structure for table `jobs_category`
--

CREATE TABLE `jobs_category` (
  `sno` int(5) NOT NULL,
  `name` varchar(50) NOT NULL,
  `path` varchar(500) NOT NULL,
  `pin` int(11) NOT NULL,
  `status` int(1) NOT NULL
) ENGINE=InnoDB DEFAULT CHARSET=latin1;

--
-- Dumping data for table `jobs_category`
--

INSERT INTO `jobs_category` (`sno`, `name`, `path`, `pin`, `status`) VALUES
(22, 'Accounts/Finance', 'uploads/CAT-Accounts--Finance-Icon.jpg', 1, 1),
(23, 'Admin', 'uploads/CAT-Admin-Icon-New.jpg', 1, 1),
(24, 'Architecture ', 'uploads/CAT-Architecture-Icon-img.jpg', 1, 1),
(25, 'Automobiles ', 'uploads/CAT-Automobile-Industry-Icon.jpg', 1, 1),
(26, 'Tellecallers/BPO   ', 'uploads/CAT-BPO-Icon.jpg', 1, 1),
(27, 'Marketing & Sales', 'uploads/CAT-Mark-man.jpg', 1, 1),
(28, 'Computer / Info Tech ', 'uploads/CAT-Software.jpg', 1, 1),
(31, 'Garments ', 'uploads/CAT-Garments-Field-Icon.jpg', 1, 1),
(32, 'Hotel ', 'uploads/CAT-Hotels-Icon.jpg', 1, 1),
(33, 'Insurance ', 'uploads/CAT-Insurance-Icon.jpg', 1, 1),
(34, 'Logistics', 'uploads/CAT-Logistics-Icon.jpg', 1, 1),
(35, 'Medical ', 'uploads/CAT-Medical-Icon.jpg', 1, 1),
(36, 'Engg/Production', 'uploads/CAT-Eng-icon.jpg', 1, 1),
(38, ' Security Officer', 'uploads/CAT-pngtree-shield-with-a-check-mark-safe-and-protect-logo-icon-png-image_1870456.jpg', 1, 1),
(39, 'Civil/Construction', 'uploads/CAT-pngtree-building-and-construction-logo-design-template-with-wave-sign-image_317778.jpg', 0, 1),
(40, 'Education', 'uploads/CAT-png-clipart-computer-icons-student-wichita-state-university-graduation-gown-angle-hat.png', 1, 1),
(41, 'Beautician', 'uploads/CAT-beauty.jpg', 1, 1),
(42, 'Automotive', 'uploads/CAT-aotomo.jpg', 1, 1),
(43, 'Industrial', 'uploads/CAT-df.jpg', 1, 1),
(44, 'General', 'uploads/CAT-job images.jpg', 1, 1),
(45, 'AGRICULTURE', 'uploads/CAT-download.jpg', 1, 1),
(46, 'Cooking', 'uploads/CAT-ca.jpg', 1, 1);

-- --------------------------------------------------------

--
-- Table structure for table `jobs_city`
--

CREATE TABLE `jobs_city` (
  `sno` int(11) NOT NULL,
  `name` varchar(200) NOT NULL,
  `state` int(2) NOT NULL,
  `image` varchar(500) NOT NULL
) ENGINE=InnoDB DEFAULT CHARSET=latin1;

--
-- Dumping data for table `jobs_city`
--

INSERT INTO `jobs_city` (`sno`, `name`, `state`, `image`) VALUES
(1, 'Chennai', 1, 'CAT-qq.jpg');

-- --------------------------------------------------------

--
-- Table structure for table `jobs_packages`
--

CREATE TABLE `jobs_packages` (
  `sno` int(5) NOT NULL,
  `idno` int(5) NOT NULL,
  `packageid` varchar(50) NOT NULL,
  `packagetype` varchar(50) NOT NULL,
  `packagename` varchar(50) NOT NULL,
  `contenttype` varchar(50) NOT NULL,
  `duration` int(5) NOT NULL,
  `amount` float(15,0) NOT NULL,
  `status` int(1) NOT NULL
) ENGINE=InnoDB DEFAULT CHARSET=latin1;

--
-- Dumping data for table `jobs_packages`
--

INSERT INTO `jobs_packages` (`sno`, `idno`, `packageid`, `packagetype`, `packagename`, `contenttype`, `duration`, `amount`, `status`) VALUES
(4, 3, 'JOBS0003', 'Jobs', 'Text Line Ad', 'Text', 60, 499, 1),
(6, 5, 'JOBS0005', 'Jobs', 'Text Line Color Ad', 'Color', 60, 799, 1),
(9, 8, 'JOBS0008', 'Jobs', 'Display AD', 'Image', 60, 999, 1);

-- --------------------------------------------------------

--
-- Table structure for table `jobs_slider`
--

CREATE TABLE `jobs_slider` (
  `sno` int(2) NOT NULL,
  `name` varchar(200) NOT NULL,
  `type` varchar(50) NOT NULL,
  `categoryid` int(3) NOT NULL,
  `path` varchar(200) NOT NULL,
  `url` varchar(1000) NOT NULL,
  `orders` int(5) NOT NULL,
  `status` int(2) NOT NULL
) ENGINE=InnoDB DEFAULT CHARSET=utf8mb4;

--
-- Dumping data for table `jobs_slider`
--

INSERT INTO `jobs_slider` (`sno`, `name`, `type`, `categoryid`, `path`, `url`, `orders`, `status`) VALUES
(2, '1', 'Home Page bottom Banner', 0, 'ads_02.jpg', '2', 0, 1);

-- --------------------------------------------------------

--
-- Table structure for table `jobs_state`
--

CREATE TABLE `jobs_state` (
  `sno` int(11) NOT NULL,
  `name` varchar(50) NOT NULL
) ENGINE=InnoDB DEFAULT CHARSET=latin1;

-- --------------------------------------------------------

--
-- Table structure for table `jobs_subcategory`
--

CREATE TABLE `jobs_subcategory` (
  `sno` int(2) NOT NULL,
  `name` varchar(50) NOT NULL,
  `cid` int(5) NOT NULL,
  `status` int(1) NOT NULL
) ENGINE=InnoDB DEFAULT CHARSET=latin1;

--
-- Dumping data for table `jobs_subcategory`
--

INSERT INTO `jobs_subcategory` (`sno`, `name`, `cid`, `status`) VALUES
(17, 'Accountant', 22, 1),
(19, 'Accounts Manager ', 22, 1),
(20, 'Accounts Executive ', 22, 1),
(21, 'Date Entry Operator', 37, 1),
(22, 'Senior Manager ', 37, 1),
(23, 'Receptionist', 23, 1),
(24, 'Store in - Charge ', 37, 1),
(25, 'Billing Executive ', 37, 1),
(26, 'Office Assistant ', 37, 1),
(27, 'System Admin ', 23, 1),
(28, 'Supervisor ', 37, 1),
(29, 'Human Resource Manager', 23, 1),
(30, 'Digital Marketing Executive ', 37, 1),
(31, 'Trainer ', 37, 1),
(32, 'Product manager ', 37, 1),
(33, 'Quality Analyst', 37, 1),
(34, 'Business Analyst ', 37, 1),
(35, 'Interior Designer ', 24, 1),
(36, 'Junior Architect ', 24, 1),
(37, 'Architectural Draftsman', 24, 1),
(38, 'Assembly Operator ', 25, 1),
(39, 'Service Advisor - Automobile ', 25, 1),
(40, ' Mechanic', 25, 1),
(41, 'Workshop Manager', 25, 1),
(42, 'Customer Care Executive ', 26, 1),
(43, 'Voice Process ', 26, 1),
(44, 'Non - Voice Process', 26, 1),
(45, 'Field Executive ', 27, 1),
(46, 'Product marketing', 27, 1),
(48, 'Hardware & Network Engineer ', 28, 1),
(49, 'Testing Analyst', 28, 1),
(50, 'PHP Developer ', 28, 1),
(51, 'Chef', 32, 1),
(52, 'Manager ', 32, 1),
(53, 'Analyst ', 34, 1),
(54, 'Logistics Engineer ', 34, 1),
(55, 'Inventory Manger ', 34, 1),
(56, 'Supply Chain Manager ', 34, 1),
(57, 'Insurance Advisor', 33, 1),
(58, 'Home care service', 37, 1),
(59, 'CNC Operator', 36, 1),
(60, 'CNC Setters', 36, 1),
(61, 'Security ', 38, 1),
(62, 'Site Supervisor', 39, 1),
(63, 'Cashier', 23, 1),
(64, 'Nurse', 35, 1),
(65, 'Electrician', 37, 1),
(66, 'Scan Technologist', 35, 1),
(67, 'Manager ', 22, 1),
(68, 'Pharmaceutical ', 35, 1),
(69, 'Turner', 36, 1),
(70, 'supervisor ', 36, 1),
(71, 'courier/delivery ', 37, 1),
(72, 'Digital Marketing ', 28, 1),
(73, 'SEO Analyst', 28, 1),
(74, 'ITI Technician', 36, 1),
(75, 'Teacher', 40, 1),
(76, 'Pharmacist', 35, 1),
(77, ' Sales Coordinator', 37, 1),
(78, 'Beautician', 41, 1),
(79, 'Car Parts', 42, 1),
(80, 'Back End', 23, 1),
(81, 'Collection Executive', 27, 1),
(82, 'Telecaller', 26, 1),
(83, 'Steam Ironing', 31, 1),
(84, 'Fashion Designer', 41, 1),
(85, 'Mechanic', 37, 1),
(86, 'Accountant', 23, 1),
(88, 'Field Executive', 37, 1),
(89, 'Business Development', 27, 1),
(90, 'Electrical Engineer', 43, 1),
(92, 'Retired persons ', 37, 1),
(93, 'Team Manager ', 37, 1),
(94, 'Computer Operator ', 28, 1),
(95, 'architecht', 36, 1),
(96, 'assembly engineers', 36, 1),
(97, 'auto card designers', 36, 1),
(98, 'autocad draftsman', 36, 1),
(99, 'civil engineers', 36, 1),
(100, 'cnc programers', 36, 1),
(101, 'hardware engineers', 36, 1),
(102, 'cook', 37, 1),
(104, 'house keeping', 37, 1),
(105, 'Branch Manager', 37, 1),
(106, 'DRIVER', 25, 1),
(107, 'Human Resource', 44, 1),
(109, 'Document Controller', 37, 1),
(110, 'LOADING AND UNLOADING', 43, 1),
(111, 'Sales Associate', 27, 1),
(112, 'sale staff', 27, 1),
(113, 'Carpenter', 37, 1),
(114, 'helper', 37, 1),
(116, 'warden', 38, 1),
(117, 'Quality Incharge', 31, 1),
(118, 'Parotta Master ', 46, 1),
(119, 'Software Developer', 28, 1),
(121, 'Marketing Executive ', 27, 1),
(122, 'Retired Persons ', 44, 1),
(123, 'Electrician', 44, 1),
(124, 'Office Assistant', 44, 1),
(125, 'Branch Manager', 44, 1),
(126, 'Document Controller', 44, 1),
(127, 'Team Manager', 44, 1),
(128, 'Billing Executive', 44, 1),
(129, 'Kitchen Assistant', 46, 1),
(130, 'Welder', 44, 1),
(131, 'Graphic Designer ', 44, 1),
(132, 'DTP Operator', 44, 1),
(133, 'Security Guard', 44, 1),
(134, 'Field Officer', 44, 1),
(135, 'Business Development Executive', 44, 1),
(136, 'Project Manager', 44, 1),
(137, 'Site Engineer', 39, 1),
(138, 'Draftsman', 39, 1),
(139, 'Load Man ', 44, 1),
(140, 'Accounts Assistant', 22, 1);

-- --------------------------------------------------------

--
-- Table structure for table `orderdetail`
--

CREATE TABLE `orderdetail` (
  `sno` int(5) NOT NULL,
  `orderid` varchar(50) NOT NULL,
  `cid` varchar(50) NOT NULL,
  `pdtid` varchar(50) NOT NULL,
  `qty` int(3) NOT NULL,
  `rate` float(15,2) NOT NULL,
  `total` float(15,2) NOT NULL,
  `cgst` float(15,2) NOT NULL,
  `sgst` float(15,2) NOT NULL,
  `igst` float(15,2) NOT NULL
) ENGINE=InnoDB DEFAULT CHARSET=latin1;

--
-- Dumping data for table `orderdetail`
--

INSERT INTO `orderdetail` (`sno`, `orderid`, `cid`, `pdtid`, `qty`, `rate`, `total`, `cgst`, `sgst`, `igst`) VALUES
(27, 'ORD2021_0006', 'CUST0157', 'PRODUCT0185', 1, 57.63, 68.00, 5.19, 5.19, 10.37),
(28, 'ORD2021_0007', 'CUST0162', 'PRODUCT0050', 1, 94.92, 112.00, 8.54, 8.54, 17.08);

-- --------------------------------------------------------

--
-- Table structure for table `ordermaster`
--

CREATE TABLE `ordermaster` (
  `sno` int(5) NOT NULL,
  `idno` int(5) NOT NULL,
  `orderid` varchar(30) NOT NULL,
  `cid` varchar(30) NOT NULL,
  `name` varchar(50) NOT NULL,
  `address1` varchar(200) NOT NULL,
  `address2` varchar(200) NOT NULL,
  `city` varchar(50) NOT NULL,
  `state` varchar(50) NOT NULL,
  `postcode` varchar(10) NOT NULL,
  `mobile` varchar(15) NOT NULL,
  `email` varchar(50) NOT NULL,
  `subtotal` float(15,2) NOT NULL,
  `tax` float(15,2) NOT NULL,
  `discount` float(15,2) NOT NULL,
  `round` float(15,2) NOT NULL,
  `gross` float(15,2) NOT NULL,
  `status` varchar(50) NOT NULL,
  `createdat` datetime NOT NULL,
  `updateat` datetime NOT NULL,
  `paymentmethod` varchar(50) NOT NULL,
  `paymentid` varchar(500) NOT NULL,
  `signature` varchar(500) NOT NULL,
  `transactionid` varchar(500) NOT NULL,
  `paymentstatus` varchar(100) NOT NULL,
  `coupon` varchar(50) NOT NULL
) ENGINE=InnoDB DEFAULT CHARSET=latin1;

--
-- Dumping data for table `ordermaster`
--

INSERT INTO `ordermaster` (`sno`, `idno`, `orderid`, `cid`, `name`, `address1`, `address2`, `city`, `state`, `postcode`, `mobile`, `email`, `subtotal`, `tax`, `discount`, `round`, `gross`, `status`, `createdat`, `updateat`, `paymentmethod`, `paymentid`, `signature`, `transactionid`, `paymentstatus`, `coupon`) VALUES
(1, 1, 'ORD2021_0001', 'CUST0145', 'HARISH', 'Devaki ammal street', 'Devaki ammal street', 'Chennai', 'Tamil Nadu', '600099', '6374318112', 'harishpatri@gmail.com', 154.00, 0.00, 0.00, 0.00, 154.00, 'Delete', '2021-07-22 10:25:12', '2022-04-07 09:21:37', 'razorpay', '', '', '', '', ''),
(2, 2, 'ORD2021_0002', 'CUST0157', 'Shalu', 'No 56/72, Samy street ', 'Choolai', 'Chennai', 'Tamil Nadu', '600 112', '7395951982', 'moulisaro@gmail.com', 68.00, 0.00, 0.00, 0.00, 68.00, 'Delete', '2021-08-03 15:56:37', '2022-04-07 09:21:33', 'cod', '', '', '', '', ''),
(3, 3, 'ORD2021_0003', 'CUST0157', 'Shalu', 'No 56/72, Samy street ', 'Choolai', 'Chennai', 'Tamil Nadu', '600 112', '7395951982', 'moulisaro@gmail.com', 136.00, 0.00, 0.00, 0.00, 136.00, 'Delete', '2021-08-03 16:14:23', '2022-04-07 09:21:29', 'cod', '', '', '', '', ''),
(4, 4, 'ORD2021_0004', 'CUST0157', 'Shalu', 'No 56/72, Samy street ', 'Choolai', 'Chennai', 'Tamil Nadu', '600 112', '7395951982', 'moulisaro@gmail.com', 112.00, 0.00, 0.00, 0.00, 112.00, 'Delete', '2021-08-03 16:15:27', '2022-04-07 09:21:25', 'cod', '', '', '', '', ''),
(5, 5, 'ORD2021_0005', 'CUST0157', 'Shalu', 'No 56/72, Samy street ', 'Choolai', 'Chennai', 'Tamil Nadu', '600 112', '7395951982', 'moulisaro@gmail.com', 68.00, 0.00, 0.00, 0.00, 68.00, 'Delete', '2021-08-03 16:35:22', '2022-04-07 09:21:11', 'cod', '', '', '', '', ''),
(7, 6, 'ORD2021_0006', 'CUST0157', 'Shalu', 'No 56/72, Samy street ', 'Choolai', 'Chennai', 'Tamil Nadu', '600 112', '7395951982', 'moulisaro@gmail.com', 68.00, 0.00, 0.00, 0.00, 68.00, 'Delivered', '2021-08-03 17:27:21', '2021-08-03 17:28:32', 'cod', '', '', '', '', ''),
(8, 7, 'ORD2021_0007', 'CUST0162', 'Mouleeswari', 'No 56/72, Samy street ', 'Choolai', 'Chennai', 'Tamil Nadu', '600112', '7395951992', 'moulisaro@gmail.com', 112.00, 0.00, 0.00, 0.00, 112.00, 'Delete', '2021-08-19 12:10:07', '2022-04-07 09:21:51', 'cod', '', '', '', '', ''),
(9, 1, 'ORD2022_0001', '', '', '', '', '', '', '', '', '', 0.00, 0.00, 0.00, 0.00, 0.00, 'Pending', '2022-07-26 13:48:09', '0000-00-00 00:00:00', '', '', '', '', '', ''),
(10, 2, 'ORD2022_0002', '', '', '', '', '', '', '', '', '', 0.00, 0.00, 0.00, 0.00, 0.00, 'Pending', '2022-08-04 15:00:57', '0000-00-00 00:00:00', '', '', '', '', '', ''),
(11, 3, 'ORD2022_0003', '', '', '', '', '', '', '', '', '', 0.00, 0.00, 0.00, 0.00, 0.00, 'Pending', '2022-08-09 12:49:59', '0000-00-00 00:00:00', '', '', '', '', '', ''),
(12, 4, 'ORD2022_0004', '', '', '', '', '', '', '', '', '', 0.00, 0.00, 0.00, 0.00, 0.00, 'Pending', '2022-08-11 22:26:23', '0000-00-00 00:00:00', '', '', '', '', '', ''),
(13, 5, 'ORD2022_0005', '', '', '', '', '', '', '', '', '', 0.00, 0.00, 0.00, 0.00, 0.00, 'Pending', '2022-08-21 04:51:27', '0000-00-00 00:00:00', '', '', '', '', '', ''),
(14, 6, 'ORD2022_0006', '', '', '', '', '', '', '', '', '', 0.00, 0.00, 0.00, 0.00, 0.00, 'Pending', '2022-08-23 14:37:51', '0000-00-00 00:00:00', '', '', '', '', '', ''),
(15, 7, 'ORD2022_0007', '', '', '', '', '', '', '', '', '', 0.00, 0.00, 0.00, 0.00, 0.00, 'Pending', '2022-09-10 18:09:43', '0000-00-00 00:00:00', '', '', '', '', '', ''),
(16, 8, 'ORD2022_0008', '', '', '', '', '', '', '', '', '', 0.00, 0.00, 0.00, 0.00, 0.00, 'Pending', '2022-09-15 10:14:30', '0000-00-00 00:00:00', '', '', '', '', '', ''),
(17, 9, 'ORD2022_0009', '', '', '', '', '', '', '', '', '', 0.00, 0.00, 0.00, 0.00, 0.00, 'Pending', '2022-09-23 10:00:10', '0000-00-00 00:00:00', '', '', '', '', '', ''),
(18, 10, 'ORD2022_0010', '', '', '', '', '', '', '', '', '', 0.00, 0.00, 0.00, 0.00, 0.00, 'Pending', '2022-09-28 10:09:29', '0000-00-00 00:00:00', '', '', '', '', '', ''),
(19, 11, 'ORD2022_0011', '', '', '', '', '', '', '', '', '', 0.00, 0.00, 0.00, 0.00, 0.00, 'Pending', '2022-10-06 17:31:37', '0000-00-00 00:00:00', '', '', '', '', '', ''),
(20, 12, 'ORD2022_0012', '', '', '', '', '', '', '', '', '', 0.00, 0.00, 0.00, 0.00, 0.00, 'Pending', '2022-10-11 20:40:50', '0000-00-00 00:00:00', '', '', '', '', '', ''),
(21, 13, 'ORD2022_0013', '', '', '', '', '', '', '', '', '', 0.00, 0.00, 0.00, 0.00, 0.00, 'Pending', '2022-10-19 11:16:36', '0000-00-00 00:00:00', '', '', '', '', '', ''),
(22, 14, 'ORD2022_0014', '', '', '', '', '', '', '', '', '', 0.00, 0.00, 0.00, 0.00, 0.00, 'Pending', '2022-10-25 17:24:05', '0000-00-00 00:00:00', '', '', '', '', '', ''),
(23, 15, 'ORD2022_0015', '', '', '', '', '', '', '', '', '', 0.00, 0.00, 0.00, 0.00, 0.00, 'Pending', '2022-10-30 19:40:22', '0000-00-00 00:00:00', '', '', '', '', '', ''),
(24, 16, 'ORD2022_0016', '', '', '', '', '', '', '', '', '', 0.00, 0.00, 0.00, 0.00, 0.00, 'Pending', '2022-11-09 05:10:43', '0000-00-00 00:00:00', '', '', '', '', '', ''),
(25, 17, 'ORD2022_0017', '', '', '', '', '', '', '', '', '', 0.00, 0.00, 0.00, 0.00, 0.00, 'Pending', '2022-11-11 19:49:24', '0000-00-00 00:00:00', '', '', '', '', '', ''),
(26, 18, 'ORD2022_0018', '', '', '', '', '', '', '', '', '', 0.00, 0.00, 0.00, 0.00, 0.00, 'Pending', '2022-11-22 20:29:03', '0000-00-00 00:00:00', '', '', '', '', '', ''),
(27, 19, 'ORD2022_0019', '', '', '', '', '', '', '', '', '', 0.00, 0.00, 0.00, 0.00, 0.00, 'Pending', '2022-11-25 15:06:39', '0000-00-00 00:00:00', '', '', '', '', '', ''),
(28, 20, 'ORD2022_0020', '', '', '', '', '', '', '', '', '', 0.00, 0.00, 0.00, 0.00, 0.00, 'Pending', '2022-12-05 04:30:32', '0000-00-00 00:00:00', '', '', '', '', '', '');

-- --------------------------------------------------------

--
-- Table structure for table `pricemaster`
--

CREATE TABLE `pricemaster` (
  `sno` int(5) NOT NULL,
  `pdtid` varchar(50) NOT NULL,
  `type` varchar(50) NOT NULL,
  `price` float(15,2) NOT NULL,
  `qty` int(5) NOT NULL
) ENGINE=InnoDB DEFAULT CHARSET=latin1;

--
-- Dumping data for table `pricemaster`
--

INSERT INTO `pricemaster` (`sno`, `pdtid`, `type`, `price`, `qty`) VALUES
(1, 'PRODUCT0001', 'COUNTER0002', 10.00, 2),
(2, 'PRODUCT0001', 'COUNTER0001', 0.00, 0),
(3, 'PRODUCT0002', 'COUNTER0002', 15.00, 15),
(4, 'PRODUCT0002', 'COUNTER0001', 0.00, 0),
(5, 'PRODUCT0003', 'COUNTER0002', 20.00, 25),
(6, 'PRODUCT0003', 'COUNTER0001', 0.00, 0),
(7, 'PRODUCT0004', 'COUNTER0002', 40.00, 10),
(8, 'PRODUCT0004', 'COUNTER0001', 0.00, 0),
(9, 'PRODUCT0005', 'COUNTER0003', 1999.00, 0),
(10, 'PRODUCT0005', 'COUNTER0002', 0.00, 0),
(11, 'PRODUCT0005', 'COUNTER0001', 0.00, 0),
(12, 'PRODUCT0001', 'COUNTER0003', 10.00, 2),
(13, 'PRODUCT0006', 'COUNTER0004', 0.00, 0),
(14, 'PRODUCT0006', 'COUNTER0003', 123.00, 0),
(15, 'PRODUCT0006', 'COUNTER0002', 0.00, 2),
(16, 'PRODUCT0006', 'COUNTER0001', 0.00, 0),
(17, 'PRODUCT0001', 'COUNTER0004', 0.00, 0),
(61, 'PRODUCT0076', 'COUNTER0009', 15.00, 17),
(62, 'PRODUCT0076', 'COUNTER0008', 0.00, 0);

-- --------------------------------------------------------

--
-- Table structure for table `product`
--

CREATE TABLE `product` (
  `sno` int(5) NOT NULL,
  `idno` int(5) NOT NULL,
  `pdtid` varchar(50) NOT NULL,
  `category` varchar(5) NOT NULL,
  `subcategory` varchar(5) NOT NULL,
  `name` varchar(100) NOT NULL,
  `description` longtext NOT NULL,
  `codeno` varchar(20) NOT NULL,
  `taxpercent` int(11) NOT NULL,
  `baseprice` float(15,0) NOT NULL,
  `saleprice` float(15,0) NOT NULL,
  `stock` int(5) NOT NULL,
  `specification` longtext NOT NULL,
  `deal` int(2) NOT NULL,
  `dealdate` date NOT NULL,
  `youtube` varchar(500) NOT NULL,
  `image1` varchar(300) NOT NULL,
  `image2` varchar(300) NOT NULL,
  `image3` varchar(300) NOT NULL,
  `rating` float(2,1) NOT NULL,
  `status` int(1) NOT NULL
) ENGINE=InnoDB DEFAULT CHARSET=latin1;

--
-- Dumping data for table `product`
--

INSERT INTO `product` (`sno`, `idno`, `pdtid`, `category`, `subcategory`, `name`, `description`, `codeno`, `taxpercent`, `baseprice`, `saleprice`, `stock`, `specification`, `deal`, `dealdate`, `youtube`, `image1`, `image2`, `image3`, `rating`, `status`) VALUES
(100, 76, 'PRODUCT0076', '27', '120', '170 GSM Art Paper A4 Size 1,000 Copies (210 mm x 280 mm) Front & Back', '<font color=\"#636363\" face=\"Open Sans, sans-serif\"><span style=\"font-size: 14px; text-transform: uppercase;\">170 GSM Art Paper A4 Size 1,000 Copies (210 mm x 280 mm) Front & Back</span></font><br>', '010', 12, 3050, 2850, 22, '<p>170 GSM Art Paper A4 Size 1,000 Copies (210 mm x 280 mm) Front & Back<br></p>', 0, '0000-00-00', '', 'itemimg/PDT-5K_Broucher.jpg', 'itemimg/PDT-5K_Broucher_S.jpg', '', 0.0, 1),
(102, 78, 'PRODUCT0078', '27', '120', '170 GSM Art Paper A4 Size 5,000 Copies (210 mm x 280 mm) Single Side', '<table border=\"0\" cellpadding=\"0\" cellspacing=\"0\" width=\"475\" height=\"32\" style=\"width: 356.27pt;\">\r\n <colgroup><col width=\"475\" style=\"width:356.25pt;\">\r\n </colgroup><tbody><tr height=\"32\" style=\"hei', '015', 12, 10000, 9400, 22, '', 0, '0000-00-00', '', 'itemimg/PDT-5K_Broucher_S5.jpg', 'itemimg/PDT-5K_Broucher_S5s.jpg', '', 0.0, 1),
(103, 79, 'PRODUCT0079', '26', '119', '130 GSM Art Paper 5,000 Copies (210 mm x 280 mm) Single Side', '<h2 class=\"product-name\" style=\"margin-right: 0px; margin-bottom: 0px; margin-left: 0px; padding: 0px 0px 6px; font-size: 14px; color: rgb(228, 20, 103); font-family: \"Open Sans\", sans-serif', '1', 12, 8000, 7600, 22, '', 0, '0000-00-00', '', 'itemimg/PDT-5K_Broucher_S5.jpg', 'itemimg/PDT-5K_Broucher_S5s.jpg', '', 0.0, 1),
(104, 80, 'PRODUCT0080', '26', '119', '130 GSM Art Paper 2,000 Copies (210 mm x 280 mm) Single Side', '<span style=\"color: rgb(117, 117, 117); font-family: Poppins, sans-serif; font-size: 14px;\">130 GSM Art Paper A4 Size 2,000 Copies (210 mm x 280 mm) </span><font color=\"#757575\" face=\"Poppins, sans-serif\"><span style=\"font-size: 14px;\">Single Side</span></font>', '2', 12, 3800, 3200, 22, '<p><span style=\"color: rgb(117, 117, 117); font-family: Poppins, sans-serif; font-size: 14px;\">130 GSM Art Paper A4 Size 2,000 Copies (210 mm x 280 mm) </span><font color=\"#757575\" face=\"Poppins, sans-serif\"><span style=\"font-size: 14px;\">Single Side</span></font><br></p>', 0, '0000-00-00', '', 'itemimg/PDT-5K_Broucher_S5.jpg', 'itemimg/PDT-5K_Broucher_S5s.jpg', '', 0.0, 1),
(105, 81, 'PRODUCT0081', '26', '119', '130 GSM Art Paper 1,000 Copies (210 mm x 280 mm) Single Side', '<h2 class=\"product-name\" style=\"margin-right: 0px; margin-bottom: 0px; margin-left: 0px; padding: 0px 0px 6px; font-size: 14px; color: rgb(228, 20, 103); font-family: \"Open Sans\", sans-serif', '4', 12, 3000, 2400, 22, '', 0, '0000-00-00', '', 'itemimg/PDT-5K_Broucher_S5.jpg', 'itemimg/PDT-5K_Broucher_S5s.jpg', '', 0.0, 1),
(106, 82, 'PRODUCT0082', '26', '119', '130 GSM Art Paper 2,000 Copies (210 mm x 280 mm) Single Side', '<h2 class=\"product-name\" style=\"margin-right: 0px; margin-bottom: 0px; margin-left: 0px; padding: 0px 0px 6px; font-size: 14px; color: rgb(228, 20, 103); font-family: \"Open Sans\", sans-serif', '32', 12, 4300, 3850, 22, '', 0, '0000-00-00', '', 'itemimg/PDT-5K_Broucher_S5.jpg', 'itemimg/PDT-5K_Broucher_S5s.jpg', '', 0.0, 1),
(107, 83, 'PRODUCT0083', '25', '97', '100 GSM Art Paper (210 mm x 280 mm) Single Side | Qty : 1000', '<h2 class=\"product-name\" style=\"margin-right: 0px; margin-bottom: 0px; margin-left: 0px; padding: 0px 0px 6px; font-size: 14px; color: rgb(228, 20, 103); font-family: \"Open Sans\", sans-serif', '445', 12, 1900, 1650, 22, '', 0, '0000-00-00', '', 'itemimg/PDT-5K_Broucher_S5.jpg', 'itemimg/PDT-5K_Broucher_S5s.jpg', '', 0.0, 1),
(108, 84, 'PRODUCT0084', '25', '97', '100 GSM Art Paper (210 mm x 280 mm) F&B Qty : 1000', '<h2 class=\"product-name\" style=\"margin-right: 0px; margin-bottom: 0px; margin-left: 0px; padding: 0px 0px 6px; font-size: 14px; color: rgb(228, 20, 103); font-family: \"Open Sans\", sans-serif', '221', 12, 2500, 2100, 22, '<p><br></p>', 0, '0000-00-00', '', 'itemimg/PDT-5K_Broucher.jpg', 'itemimg/PDT-5K_Broucher_S.jpg', '', 0.0, 1),
(109, 85, 'PRODUCT0085', '25', '97', '100 GSM Art Paper (210 mm x 280 mm) Single Side | Qty : 5000', '<h2 class=\"product-name\" style=\"margin-right: 0px; margin-bottom: 0px; margin-left: 0px; padding: 0px 0px 6px; font-size: 14px; color: rgb(228, 20, 103); font-family: \"Open Sans\", sans-serif', '456', 12, 6500, 6200, 22, '', 0, '0000-00-00', '', 'itemimg/PDT-5K_Broucher_S5.jpg', 'itemimg/PDT-5K_Broucher_S5s.jpg', '', 0.0, 1),
(110, 86, 'PRODUCT0086', '25', '97', '100 GSM Art Paper (210 mm x 280 mm) F&B | Qty : 5000', '<h2 class=\"product-name\" style=\"margin-right: 0px; margin-bottom: 0px; margin-left: 0px; padding: 0px 0px 6px; font-size: 14px; color: rgb(228, 20, 103); font-family: \"Open Sans\", sans-serif', '4789', 12, 7800, 7300, 22, '', 0, '0000-00-00', '', 'itemimg/PDT-5K_Broucher.jpg', 'itemimg/PDT-5K_Broucher_S.jpg', '', 0.0, 1),
(111, 87, 'PRODUCT0087', '26', '119', '130 GSM Art Paper 1,000 Copies (210 mm x 280 mm) Front & Back', '<h2 class=\"product-name\" style=\"margin-right: 0px; margin-bottom: 0px; margin-left: 0px; padding: 0px 0px 6px; font-size: 14px; color: rgb(228, 20, 103); font-family: \"Open Sans\", sans-serif', '66', 12, 2500, 2300, 22, '', 0, '0000-00-00', '', 'itemimg/PDT-5K_Broucher.jpg', 'itemimg/PDT-5K_Broucher_S.jpg', '', 0.0, 1),
(112, 88, 'PRODUCT0088', '26', '119', '130 GSM Art Paper A4 Size 2,000 Copies (210 mm x 280 mm) Front & Back', '<h2 class=\"product-name\" style=\"margin-right: 0px; margin-bottom: 0px; margin-left: 0px; padding: 0px 0px 6px; font-size: 14px; color: rgb(228, 20, 103); font-family: \"Open Sans\", sans-serif', '77', 12, 4400, 3800, 22, '', 0, '0000-00-00', '', 'itemimg/PDT-5K_Broucher.jpg', 'itemimg/PDT-5K_Broucher_S.jpg', '', 0.0, 1),
(113, 89, 'PRODUCT0089', '26', '119', '130 GSM Art Paper A4 Size 5,000 Copies (210 mm x 280 mm) Front & Back', '<h2 class=\"product-name\" style=\"margin-right: 0px; margin-bottom: 0px; margin-left: 0px; padding: 0px 0px 6px; font-size: 14px; color: rgb(228, 20, 103); font-family: \"Open Sans\", sans-serif', '77', 12, 8500, 8000, 22, '', 0, '0000-00-00', '', 'itemimg/PDT-5K_Broucher.jpg', 'itemimg/PDT-5K_Broucher_S.jpg', '', 0.0, 1),
(221, 195, 'PRODUCT0195', '22', '122', 'Gloss Single Side 1000 Copies', '<p><span style=\"color: rgb(99, 99, 99); font-family: \"Open Sans\", sans-serif; font-size: 14px;\">| Art Board (300 GSM)</span><br style=\"margin: 0px; padding: 0px; color: rgb(99, 99, 99); font-family: \"Open Sans\", sans-serif; font-size: 14px;\"><span style=\"color: rgb(99, 99, 99); font-family: \"Open Sans\", sans-serif; font-size: 14px;\">| 4C+0 Single Side Printing</span><br style=\"margin: 0px; padding: 0px; color: rgb(99, 99, 99); font-family: \"Open Sans\", sans-serif; font-size: 14px;\"><span style=\"color: rgb(99, 99, 99); font-family: \"Open Sans\", sans-serif; font-size: 14px;\">| Single Side Gloss Lamination</span><br style=\"margin: 0px; padding: 0px; color: rgb(99, 99, 99); font-family: \"Open Sans\", sans-serif; font-size: 14px;\"><span style=\"color: rgb(99, 99, 99); font-family: \"Open Sans\", sans-serif; font-size: 14px;\">| File Upload Size - 90mm x 53 mm</span><br></p>', 'gss1000', 18, 550, 450, 1000, '<p><strong style=\"margin: 0px; padding: 0px; font-weight: bold; color: rgb(99, 99, 99); font-family: \"Open Sans\", sans-serif; font-size: 14px;\">* Delivery : 3 to 4 Business Days</strong><br></p>', 0, '0000-00-00', '', 'itemimg/PDT-visitingcard02.jpg', '', '', 0.0, 1),
(222, 196, 'PRODUCT0196', '22', '122', 'Matt Single Side 1000 Copies', '<p><span style=\"color: rgb(99, 99, 99); font-family: \"Open Sans\", sans-serif; font-size: 14px;\">| Qty : 1000</span><br style=\"margin: 0px; padding: 0px; color: rgb(99, 99, 99); font-family: \"Open Sans\", sans-serif; font-size: 14px;\"><span style=\"color: rgb(99, 99, 99); font-family: \"Open Sans\", sans-serif; font-size: 14px;\">| Art Board (300 GSM)</span><br style=\"margin: 0px; padding: 0px; color: rgb(99, 99, 99); font-family: \"Open Sans\", sans-serif; font-size: 14px;\"><span style=\"color: rgb(99, 99, 99); font-family: \"Open Sans\", sans-serif; font-size: 14px;\">| 4C+0 Single Side Printing</span><br style=\"margin: 0px; padding: 0px; color: rgb(99, 99, 99); font-family: \"Open Sans\", sans-serif; font-size: 14px;\"><span style=\"color: rgb(99, 99, 99); font-family: \"Open Sans\", sans-serif; font-size: 14px;\">| Single Side Matte Lamination</span><br style=\"margin: 0px; padding: 0px; color: rgb(99, 99, 99); font-family: \"Open Sans\", sans-serif; font-size: 14px;\"><span style=\"color: rgb(99, 99, 99); font-family: \"Open Sans\", sans-serif; font-size: 14px;\">| File Upload Size - 90mm x 53 mm</span><br></p>', 'mss1000', 18, 690, 600, 1000, '<p><strong style=\"box-sizing: inherit; padding: 0px; margin: 0px; font-weight: bold; font-size: 14px; color: rgb(99, 99, 99); font-family: \"Open Sans\", sans-serif;\">* Delivery : 3 to 4 Business Days</strong><br></p>', 0, '0000-00-00', '', 'itemimg/PDT-visitingcard02.jpg', '', '', 0.0, 1),
(223, 197, 'PRODUCT0197', '22', '122', 'Gloss Front & Back 1000', '<p><span style=\"color: rgb(99, 99, 99); font-family: \"Open Sans\", sans-serif; font-size: 14px;\">| Qty : 1000</span><br style=\"margin: 0px; padding: 0px; color: rgb(99, 99, 99); font-family: \"Open Sans\", sans-serif; font-size: 14px;\"><span style=\"color: rgb(99, 99, 99); font-family: \"Open Sans\", sans-serif; font-size: 14px;\">| Art Board (300 GSM)</span><br style=\"margin: 0px; padding: 0px; color: rgb(99, 99, 99); font-family: \"Open Sans\", sans-serif; font-size: 14px;\"><span style=\"color: rgb(99, 99, 99); font-family: \"Open Sans\", sans-serif; font-size: 14px;\">| 4C+4C Printing Front & Back</span><br style=\"margin: 0px; padding: 0px; color: rgb(99, 99, 99); font-family: \"Open Sans\", sans-serif; font-size: 14px;\"><span style=\"color: rgb(99, 99, 99); font-family: \"Open Sans\", sans-serif; font-size: 14px;\">| Front & Back Gloss Lamination</span><br style=\"margin: 0px; padding: 0px; color: rgb(99, 99, 99); font-family: \"Open Sans\", sans-serif; font-size: 14px;\"><span style=\"color: rgb(99, 99, 99); font-family: \"Open Sans\", sans-serif; font-size: 14px;\">| File Upload Size - 90mm x 53 mm</span><br></p>', 'gfb1000', 5, 600, 490, 1000, '<p><strong style=\"box-sizing: inherit; padding: 0px; margin: 0px; font-weight: bold; font-size: 14px; color: rgb(99, 99, 99); font-family: \"Open Sans\", sans-serif;\">* Delivery : 3 to 4 Business Days</strong><br></p>', 0, '0000-00-00', '', 'itemimg/PDT-vacrd02.jpg', '', '', 0.0, 1),
(224, 198, 'PRODUCT0198', '22', '122', 'MATT FRONT & BACK 1000', '<p><span style=\"color: rgb(99, 99, 99); font-family: \"Open Sans\", sans-serif; font-size: 14px;\">| Qty : 1000</span><br style=\"margin: 0px; padding: 0px; color: rgb(99, 99, 99); font-family: \"Open Sans\", sans-serif; font-size: 14px;\"><span style=\"color: rgb(99, 99, 99); font-family: \"Open Sans\", sans-serif; font-size: 14px;\">| Art Board (300 GSM)</span><br style=\"margin: 0px; padding: 0px; color: rgb(99, 99, 99); font-family: \"Open Sans\", sans-serif; font-size: 14px;\"><span style=\"color: rgb(99, 99, 99); font-family: \"Open Sans\", sans-serif; font-size: 14px;\">| 4C+4C Printing Front & Back</span><br style=\"margin: 0px; padding: 0px; color: rgb(99, 99, 99); font-family: \"Open Sans\", sans-serif; font-size: 14px;\"><span style=\"color: rgb(99, 99, 99); font-family: \"Open Sans\", sans-serif; font-size: 14px;\">| Front & Back Gloss Lamination</span><br style=\"margin: 0px; padding: 0px; color: rgb(99, 99, 99); font-family: \"Open Sans\", sans-serif; font-size: 14px;\"><span style=\"color: rgb(99, 99, 99); font-family: \"Open Sans\", sans-serif; font-size: 14px;\">| File Upload Size - 90mm x 53 mm</span><br></p>', 'mfb1000', 5, 750, 660, 1000, '<p><strong style=\"box-sizing: inherit; padding: 0px; margin: 0px; font-weight: bold; font-size: 14px; color: rgb(99, 99, 99); font-family: \"Open Sans\", sans-serif;\">* Delivery : 3 to 4 Business Days</strong><br></p>', 0, '0000-00-00', '', 'itemimg/PDT-vacrd02.jpg', '', '', 0.0, 1),
(225, 199, 'PRODUCT0199', '24', '124', '80 GSM Bond Letterhead Without Pad', '<p>80 GSM Bond Letterhead ( 210 x 280 mm Single Side) - Without Pad<br><br><span style=\"color: rgb(99, 99, 99); font-family: \"Open Sans\", sans-serif; font-size: 14px;\">| Qty : 1000</span><br style=\"margin: 0px; padding: 0px; color: rgb(99, 99, 99); font-family: \"Open Sans\", sans-serif; font-size: 14px;\"><span style=\"color: rgb(99, 99, 99); font-family: \"Open Sans\", sans-serif; font-size: 14px;\">| 100 GSM Bond</span><br style=\"margin: 0px; padding: 0px; color: rgb(99, 99, 99); font-family: \"Open Sans\", sans-serif; font-size: 14px;\"><span style=\"color: rgb(99, 99, 99); font-family: \"Open Sans\", sans-serif; font-size: 14px;\">| 4C+0C Single Side Only</span><br style=\"margin: 0px; padding: 0px; color: rgb(99, 99, 99); font-family: \"Open Sans\", sans-serif; font-size: 14px;\"><span style=\"color: rgb(99, 99, 99); font-family: \"Open Sans\", sans-serif; font-size: 14px;\">| 210 mm x 280 mm</span><br style=\"margin: 0px; padding: 0px; color: rgb(99, 99, 99); font-family: \"Open Sans\", sans-serif; font-size: 14px;\"><span style=\"color: rgb(99, 99, 99); font-family: \"Open Sans\", sans-serif; font-size: 14px;\">| Without Pad</span><br></p>', 'blh1000', 5, 2400, 2200, 1000, '<p><strong style=\"margin: 0px; padding: 0px; font-weight: bold; color: rgb(99, 99, 99); font-family: \"Open Sans\", sans-serif; font-size: 14px;\">* Delivery : 3 to 4 Business Days</strong><br style=\"margin: 0px; padding: 0px; color: rgb(99, 99, 99); font-family: \"Open Sans\", sans-serif; font-size: 14px;\"></p>', 0, '0000-00-00', '', 'itemimg/PDT-letterhead.jpg', '', '', 0.0, 1),
(226, 200, 'PRODUCT0200', '24', '124', '100 GSM Bond Letterhead Without Pad', '<p>100 GSM BOND LETTERHEAD ( 210 X 280 MM SINGLE SIDE) - WITHOUT PAD <br><br><span style=\"color: rgb(99, 99, 99); font-family: \"Open Sans\", sans-serif; font-size: 14px;\">| Qty : 1000</span><br style=\"margin: 0px; padding: 0px; color: rgb(99, 99, 99); font-family: \"Open Sans\", sans-serif; font-size: 14px;\"><span style=\"color: rgb(99, 99, 99); font-family: \"Open Sans\", sans-serif; font-size: 14px;\">| 100 GSM Bond</span><br style=\"margin: 0px; padding: 0px; color: rgb(99, 99, 99); font-family: \"Open Sans\", sans-serif; font-size: 14px;\"><span style=\"color: rgb(99, 99, 99); font-family: \"Open Sans\", sans-serif; font-size: 14px;\">| 4C+0C Single Side Only</span><br style=\"margin: 0px; padding: 0px; color: rgb(99, 99, 99); font-family: \"Open Sans\", sans-serif; font-size: 14px;\"><span style=\"color: rgb(99, 99, 99); font-family: \"Open Sans\", sans-serif; font-size: 14px;\">| 210 mm x 280 mm</span><br style=\"margin: 0px; padding: 0px; color: rgb(99, 99, 99); font-family: \"Open Sans\", sans-serif; font-size: 14px;\"><span style=\"color: rgb(99, 99, 99); font-family: \"Open Sans\", sans-serif; font-size: 14px;\">| Without Pad</span><br></p>', 'blhwp1000', 5, 2600, 2350, 1000, '<p><strong style=\"margin: 0px; padding: 0px; font-weight: bold; color: rgb(99, 99, 99); font-family: \"Open Sans\", sans-serif; font-size: 14px;\">* Delivery : 3 to 4 Business Days</strong><br></p>', 0, '0000-00-00', '', 'itemimg/PDT-letterhead100gsm.jpg', '', '', 0.0, 1),
(227, 201, 'PRODUCT0201', '25', '97', '100 GSM Art Paper (210 mm x 280 mm) Single Side 1000 Copies', '<p>100 GSM Art Paper (210 mm x 280 mm) Single Side</p><p><br></p>', '100gsmss', 5, 2200, 1850, 1000, '<p><strong style=\"box-sizing: inherit; padding: 0px; margin: 0px; font-weight: bold; font-size: 14px; color: rgb(99, 99, 99); font-family: \"Open Sans\", sans-serif;\">* Delivery : 3 to 4 Business Days</strong><br></p>', 0, '0000-00-00', '', 'itemimg/PDT-5K_Broucher_S.jpg', '', '', 0.0, 1),
(228, 202, 'PRODUCT0202', '25', '97', '100 GSM Art Paper (210 mm x 280 mm) Front & Back 1000 Copies', '<p>100 GSM Art Paper (210 mm x 280 mm) Front & Back 1000 Copies<br></p>', '100gsmfb1000', 5, 2400, 2100, 1000, '<p><strong open=\"\" sans\",=\"\" sans-serif;\"=\"\" style=\"box-sizing: inherit; padding: 0px; margin: 0px; font-weight: bold; font-family: Poppins, sans-serif; font-size: 14px; color: rgb(99, 99, 99);\">* Delivery : 3 to 4 Business Days</strong><br></p>', 0, '0000-00-00', '', 'itemimg/PDT-broucher01.jpg', '', '', 0.0, 1),
(229, 203, 'PRODUCT0203', '25', '118', '100 GSM Art Paper (210 mm x 280 mm) Single Side 5000 Copies', '<p>100 GSM Art Paper (210 mm x 280 mm) Single Side 5000 Copies<br><br></p>', '100gsmss5000', 5, 7800, 7200, 1000, '<p><strong style=\"box-sizing: inherit; padding: 0px; margin: 0px; font-weight: bold; font-size: 14px; color: rgb(99, 99, 99); font-family: \"Open Sans\", sans-serif;\">* Delivery : 5 to 6 Business Days</strong><br></p>', 0, '0000-00-00', '', 'itemimg/PDT-5K_Broucher_S5.jpg', '', '', 0.0, 1),
(230, 204, 'PRODUCT0204', '25', '97', '100 GSM Art Paper (210 mm x 280 mm) F&B 5000 Copies', '<p>100 GSM Art Paper (210 mm x 280 mm) F&B 5000 Copies<br></p>', '100gsmfb5000', 5, 9800, 8500, 1000, '<p><strong style=\"box-sizing: inherit; padding: 0px; margin: 0px; font-weight: bold; font-size: 14px; color: rgb(99, 99, 99); font-family: \"Open Sans\", sans-serif;\">* Delivery : 5 to 6 Business Days</strong><br></p>', 0, '0000-00-00', '', 'itemimg/PDT-5K_Broucher.jpg', '', '', 0.0, 1),
(231, 205, 'PRODUCT0205', '25', '100', '130 GSM Art Paper 1,000 Copies (210 mm x 280 mm) Single Side', '<p>130 GSM Art Paper 1,000 Copies (210 mm x 280 mm) Single Side<br></p>', '130gsm1000ss', 5, 2800, 2400, 1000, '<p><strong style=\"box-sizing: inherit; padding: 0px; margin: 0px; font-weight: bold; font-size: 14px; color: rgb(99, 99, 99); font-family: \"Open Sans\", sans-serif;\">* Delivery : 3 to 4 Business Days</strong><br></p>', 0, '0000-00-00', '', 'itemimg/PDT-5K_Broucher_S.jpg', '', '', 0.0, 1),
(232, 206, 'PRODUCT0206', '26', '119', '130 GSM Art Paper 5,000 Copies (210 mm x 280 mm) Single Side', '<p>130 GSM Art Paper 5,000 Copies (210 mm x 280 mm) Single Side<br></p>', '130gsm5000ss', 5, 9200, 8600, 1000, '<p><strong style=\"box-sizing: inherit; padding: 0px; margin: 0px; font-weight: bold; font-size: 14px; color: rgb(99, 99, 99); font-family: \"Open Sans\", sans-serif;\">* Delivery : 3 to 4 Business Days</strong><br></p>', 0, '0000-00-00', '', 'itemimg/PDT-5K_Broucher_S.jpg', '', '', 0.0, 1),
(233, 207, 'PRODUCT0207', '25', '97', '130 GSM Art Paper 1,000 Copies (210 mm x 280 mm) Front & Back', '<p>130 GSM Art Paper 1,000 Copies (210 mm x 280 mm) Front & Back<br></p>', '130gsm1000fb', 5, 2800, 2550, 1000, '<p><strong style=\"box-sizing: inherit; padding: 0px; margin: 0px; font-weight: bold; font-size: 14px; color: rgb(99, 99, 99); font-family: \"Open Sans\", sans-serif;\">* Delivery : 3 to 4 Business Days</strong><br></p>', 0, '0000-00-00', '', 'itemimg/PDT-5K_Broucher.jpg', '', '', 0.0, 1),
(234, 208, 'PRODUCT0208', '26', '119', '130 GSM Art Paper A4 Size 5,000 Copies (210 mm x 280 mm) Front & Back', '<p>130 GSM Art Paper A4 Size 5,000 Copies (210 mm x 280 mm) Front & Back<br></p>', '130gsm5000fb', 5, 10500, 9800, 10000, '<p><strong style=\"box-sizing: inherit; padding: 0px; margin: 0px; font-weight: bold; font-size: 14px; color: rgb(99, 99, 99); font-family: \"Open Sans\", sans-serif;\">* Delivery : 3 to 4 Business Days</strong><br></p>', 0, '0000-00-00', '', 'itemimg/PDT-5K_Broucher.jpg', '', '', 0.0, 1),
(235, 209, 'PRODUCT0209', '27', '120', '170 GSM Art Paper A4 Size 1,000 Copies (210 mm x 280 mm) Single Side', '<p>170 GSM Art Paper A4 Size 1,000 Copies (210 mm x 280 mm) Single Side<br></p>', '170gsm1000ss', 5, 3200, 2700, 1000, '<p><strong style=\"box-sizing: inherit; padding: 0px; margin: 0px; font-weight: bold; font-size: 14px; color: rgb(99, 99, 99); font-family: \"Open Sans\", sans-serif;\">* Delivery : 3 to 4 Business Days</strong><br></p>', 0, '0000-00-00', '', 'itemimg/PDT-5K_Broucher_S.jpg', '', '', 0.0, 1),
(236, 210, 'PRODUCT0210', '27', '120', '170 GSM Art Paper A4 Size 5,000 Copies (210 mm x 280 mm) Single Side', '<p>170 GSM Art Paper A4 Size 5,000 Copies (210 mm x 280 mm) Single Side<br></p>', '170gsm5000ss', 5, 12000, 11200, 1000, '<p><strong style=\"box-sizing: inherit; padding: 0px; margin: 0px; font-weight: bold; font-size: 14px; color: rgb(99, 99, 99); font-family: \"Open Sans\", sans-serif;\">* Delivery : 3 to 4 Business Days</strong><br></p>', 0, '0000-00-00', '', 'itemimg/PDT-5K_Broucher_S.jpg', '', '', 0.0, 1),
(237, 211, 'PRODUCT0211', '27', '120', '170 GSM Art Paper A4 Size 1,000 Copies (210 mm x 280 mm) Front & Back', '<p>170 GSM Art Paper A4 Size 1,000 Copies (210 mm x 280 mm) Front & Back<br></p>', '170gsm5000fb', 5, 3500, 2950, 1000, '<p><strong style=\"box-sizing: inherit; padding: 0px; margin: 0px; font-weight: bold; font-size: 14px; color: rgb(99, 99, 99); font-family: \"Open Sans\", sans-serif;\">* Delivery : 3 to 4 Business Days</strong><br></p>', 0, '0000-00-00', '', 'itemimg/PDT-5K_Broucher.jpg', '', '', 0.0, 1),
(238, 212, 'PRODUCT0212', '27', '120', '170 GSM Art Paper A4 Size 5,000 Copies (210 mm x 280 mm) Front & Back', '<font color=\"#636363\" face=\"Open Sans, sans-serif\"><span style=\"font-size: 14px; text-transform: uppercase;\">170 GSM Art Paper A4 Size 5,000 Copies (210 mm x 280 mm) Front & Back</span></font>', '170gsm5000fb', 5, 14500, 12500, 1000, '<p><strong style=\"box-sizing: inherit; padding: 0px; margin: 0px; font-weight: bold; font-size: 14px; color: rgb(99, 99, 99); font-family: \"Open Sans\", sans-serif;\">* Delivery : 3 to 4 Business Days</strong><br></p>', 0, '0000-00-00', '', 'itemimg/PDT-5K_Broucher.jpg', '', '', 0.0, 1);

-- --------------------------------------------------------

--
-- Table structure for table `propertypost`
--

CREATE TABLE `propertypost` (
  `sno` int(5) NOT NULL,
  `idno` int(5) NOT NULL,
  `postid` varchar(50) NOT NULL,
  `category` int(5) NOT NULL,
  `subcategory` int(5) NOT NULL,
  `name` varchar(100) NOT NULL,
  `description` varchar(200) NOT NULL,
  `youtube` varchar(500) NOT NULL,
  `postdescription` longtext NOT NULL,
  `image` varchar(200) NOT NULL,
  `propertyimages` varchar(1000) NOT NULL,
  `city` int(2) NOT NULL,
  `area` int(2) NOT NULL,
  `packagetype` varchar(50) NOT NULL,
  `propertytype` varchar(100) NOT NULL,
  `furnished` varchar(100) NOT NULL,
  `budget` float NOT NULL,
  `bhk` int(2) NOT NULL,
  `facing` varchar(50) NOT NULL,
  `construction` varchar(100) NOT NULL,
  `bathroom` int(3) NOT NULL,
  `bedroom` int(3) NOT NULL,
  `sqft` float NOT NULL,
  `postedby` varchar(50) NOT NULL,
  `color` varchar(30) NOT NULL,
  `premium` int(1) NOT NULL,
  `brand` int(1) NOT NULL,
  `brandlogo` varchar(300) NOT NULL,
  `mobile` varchar(15) NOT NULL,
  `location` varchar(1000) NOT NULL,
  `createdat` datetime NOT NULL,
  `createdby` varchar(50) NOT NULL,
  `expiredat` date NOT NULL,
  `status` varchar(15) NOT NULL,
  `duration` int(5) NOT NULL,
  `pricing` float NOT NULL,
  `packageid` varchar(50) NOT NULL,
  `paymentstatus` varchar(50) NOT NULL,
  `paymentid` varchar(500) NOT NULL,
  `signature` varchar(500) NOT NULL,
  `transactionid` varchar(500) NOT NULL,
  `applied` int(11) NOT NULL,
  `viewed` int(11) NOT NULL,
  `payable` float(15,2) NOT NULL
) ENGINE=InnoDB DEFAULT CHARSET=latin1;

--
-- Dumping data for table `propertypost`
--

INSERT INTO `propertypost` (`sno`, `idno`, `postid`, `category`, `subcategory`, `name`, `description`, `youtube`, `postdescription`, `image`, `propertyimages`, `city`, `area`, `packagetype`, `propertytype`, `furnished`, `budget`, `bhk`, `facing`, `construction`, `bathroom`, `bedroom`, `sqft`, `postedby`, `color`, `premium`, `brand`, `brandlogo`, `mobile`, `location`, `createdat`, `createdby`, `expiredat`, `status`, `duration`, `pricing`, `packageid`, `paymentstatus`, `paymentid`, `signature`, `transactionid`, `applied`, `viewed`, `payable`) VALUES
(28, 2, 'PTY0002', 1, 3, 'SALES 2 BHK', 'Constructed or Resale properties. Search by Area, Price & Type. 100% Verified properties in Chennai. Save on Brokerage. Talk to Owners Directly. Stop Paying Brokers. BrokerFree Listings. Highlights: M', 'https://www.youtube.com/embed/DEXqt2Ezeyw', '', '', 'banner1.jpg,banner2.jpg,Bill_2_1.jpg,Billing.jpg', 1, 57, 'Text', '', 'Full Furnished', 215000, 0, 'West', 'Ready to Move', 0, 0, 1200, 'Broker', '', 0, 1, 'sglogoa.jpg', '9360466662', 'https://www.google.com/maps/embed?pb=!1m17!1m8!1m3!1d3885.6717991182495!2d80.214069!3d13.119966!3m2!1i1024!2i768!4f13.1!4m6!3e6!4m0!4m3!3m2!1d13.1199655!2d80.214069!5e0!3m2!1sen!2sin!4v1620621362905!5m2!1sen!2sin', '2021-05-28 19:56:17', 'CUST0129', '2021-06-12', 'Expired', 15, 299, 'PROP0001', 'success', '', '', '', 1, 14, 398.00),
(29, 3, 'PTY0003', 2, 8, 'Search by RENTAL', 'Search by Area, Price & Type.  Verified properties in Chennai. Save on Brokerage. Talk to Owners Directly. Stop Paying Brokers. BrokerFree Listings. Highlights 100%', 'https://www.youtube.com/embed/r9QDe6yY16Q', '', '', 'Apps_Festival_Offers.jpg,banner1.jpg,banner2.jpg,Bill_2_1.jpg,Billing.jpg', 1, 59, 'Color', '', 'Full Furnished', 250000, 0, 'South', 'Ready to Move', 0, 0, 1000, 'Broker', 'Blue', 1, 1, 'logocallinfo.png', '9360466662', 'https://www.google.com/maps/embed?pb=!1m17!1m8!1m3!1d3885.6717991182495!2d80.214069!3d13.119966!3m2!1i1024!2i768!4f13.1!4m6!3e6!4m0!4m3!3m2!1d13.1199655!2d80.214069!5e0!3m2!1sen!2sin!4v1620621362905!5m2!1sen!2sin', '2021-05-29 10:47:36', 'CUST0129', '2021-06-16', 'Expired', 15, 299, 'PROP0002', 'success', '', '', '', 0, 7, 597.00),
(30, 4, 'PTY0004', 1, 3, 'properties in Chennai', 'Verified 100% properties in Chennai. Save on Brokerage. Talk to Owners Directly. Stop Paying Brokers. BrokerFree Listings.', 'https://www.youtube.com/embed/r9QDe6yY16Q', '', '', 'banner1.jpg,banner2.jpg,Billing.jpg', 1, 59, 'Text', '', 'Full Furnished', 12, 0, 'South', 'Construction Working', 0, 0, 1200, 'Owner', '', 0, 1, '', '9360466662', '', '2021-05-29 10:50:56', 'CUST0129', '2021-06-15', 'Expired', 15, 299, 'PROP0001', 'success', '', '', '', 2, 6, 299.00),
(31, 5, 'PTY0005', 1, 3, 'Verified properties', ' Verified properties in Chennai. Save on Brokerage. Talk to Owners Directly. Stop Paying Brokers. BrokerFree Listings. Highlights 100%', 'https://www.youtube.com/embed/r9QDe6yY16Q', '', '', 'banner1.jpg,banner2.jpg,Bill_2_1.jpg', 1, 59, 'Color', '', 'Full Furnished', 120000, 0, 'South', 'Ready to Move', 0, 0, 1200, 'Broker', 'Blue', 0, 1, 'yglos.jpg', '9360466662', 'https://www.google.com/maps/embed?pb=!1m17!1m8!1m3!1d3885.6717991182495!2d80.214069!3d13.119966!3m2!1i1024!2i768!4f13.1!4m6!3e6!4m0!4m3!3m2!1d13.1199655!2d80.214069!5e0!3m2!1sen!2sin!4v1620621362905!5m2!1sen!2sin', '2021-05-31 21:59:45', 'CUST0129', '2021-06-15', 'Expired', 15, 299, 'PROP0002', 'success', '', '', '', 0, 4, 398.00),
(32, 6, 'PTY0006', 3, 15, 'Resale Flats ', 'Our Resident is Located in the Hot City with Gated Community and Build In Ammenities. We Entitle Of 2500 Sq Ft of Living Area with 3 BHK  and Covered Car Parking. ', 'https://www.youtube.com/embed/DEXqt2Ezeyw', '', '', '', 1, 59, 'Color', '', 'Full Furnished', 150000000, 0, 'North', 'Ready to Move', 0, 0, 2500, 'Owner', 'Green', 1, 1, '', '7395951992', '', '2021-06-01 12:05:55', 'CUST0130', '2021-06-16', 'Expired', 15, 299, 'PROP0002', 'success', '', '', '', 0, 2, 498.00),
(33, 7, 'PTY0007', 2, 7, 'Individual House ', '4 BHK Semi Furnished 1600 sqft Residential Independent Houses/Villas for Rent in KK Nagar, Chennai . The Independent Houses/Villas has 2 bathroom(s), and this complex has a total of 2 floors.', '', '', '', '', 1, 28, 'Color', '', 'Full Furnished', 40000, 0, 'South East', 'Ready to Move', 0, 0, 4500, 'Owner', 'Green', 1, 0, '', '7395951992', '', '2021-06-01 13:01:56', 'CUST0130', '2021-06-16', 'Expired', 15, 299, 'PROP0002', 'success', '', '', '', 0, 6, 498.00),
(34, 8, 'PTY0008', 1, 13, 'Aarush Infotech Test', 'Test Post from Aarush Infotech', 'https://www.youtube.com/embed/9o9TIwHtOJU', '', '', 'CAT-CAT-CAT-CAT-CAT-chennai.jpg,CAT-CAT-coimbatore.jpg,CAT-kanyakumari.jpg,CAT-madurai.jpg', 1, 28, 'Color', '', 'Full Furnished', 1000000, 0, 'North East', 'Ready to Move', 0, 0, 1500, 'Owner', 'Green', 1, 1, 'info.png', '8883880168', 'https://www.google.com/maps/embed?pb=!1m18!1m12!1m3!1d3885.671724587626!2d80.21188031413656!3d13.119970715156697!2m3!1f0!2f0!3f0!3m2!1i1024!2i768!4f13.1!3m3!1m2!1s0x3a52654649aade7d%3A0x90aefb5c49709045!2sYesgle%20Info%20Media!5e0!3m2!1sen!2sin!4v1613629184910!5m2!1sen!2sin', '2021-06-04 09:21:59', 'CUST0014', '2021-06-19', 'Expired', 15, 299, 'PROP0002', 'success', '', '', '', 0, 2, 597.00),
(35, 9, 'PTY0009', 1, 13, 'Aarush Infotech User', 'Test Post from Aarush infotech User Dashboard', 'https://www.youtube.com/embed/9o9TIwHtOJU', '', '', 'banner.png,banner01.jpg', 1, 28, 'Color', '', 'Full Furnished', 100000, 0, 'North West', 'Ready to Move', 0, 0, 1500, 'Owner', 'Green', 1, 1, 'pepsi.png', '8883880168', 'https://www.google.com/maps/embed?pb=!1m18!1m12!1m3!1d3885.671724587626!2d80.21188031413656!3d13.119970715156697!2m3!1f0!2f0!3f0!3m2!1i1024!2i768!4f13.1!3m3!1m2!1s0x3a52654649aade7d%3A0x90aefb5c49709045!2sYesgle%20Info%20Media!5e0!3m2!1sen!2sin!4v1613629184910!5m2!1sen!2sin', '2021-06-04 09:32:28', 'CUST0129', '2021-06-19', 'Expired', 15, 299, 'PROP0002', 'success', '', '', '', 0, 2, 597.00),
(36, 10, 'PTY0010', 1, 3, 'Test Post from Aarush infote', 'Test Post from Aarush infotech User Dashboard Test Post from Aarush infotech User Dashboard   Test Post from Aarush infotech User Dashboard Test Post from Aarush infotech User Dashboard  Test Post fro', 'https://www.youtube.com/embed/r9QDe6yY16Q', '', '', 'thiruvallur.jpg,tirupur.jpg,trichy.jpg,vellore.jpg,Villuppuram.jpg', 1, 59, 'Text', '', 'Full Furnished', 250000, 0, 'East', 'Ready to Move', 0, 0, 1000, 'Owner', '', 0, 0, 'Yesgle_CSK.jpg', '9360466662', 'https://www.google.com/maps/embed?pb=!1m17!1m8!1m3!1d3885.6717991182495!2d80.214069!3d13.119966!3m2!1i1024!2i768!4f13.1!4m6!3e6!4m0!4m3!3m2!1d13.1199655!2d80.214069!5e0!3m2!1sen!2sin!4v1620621362905!5m2!1sen!2sin', '2021-06-04 18:50:19', 'CUST0133', '2021-06-19', 'Expired', 15, 299, 'PROP0001', 'success', '', '', '', 1, 1, 299.00),
(37, 11, 'PTY0011', 1, 13, 'Test Post from Aarush infotech', 'Test Post from  Test Post from Aarush infotech User Dashboard Test Post from Aarush infotech User Dashboard  Test Post froAarush infotech User Dashboard Test Post from Aarush infotech User Dashboard  ', 'https://www.youtube.com/embed/r9QDe6yY16Q', '', '', 'coimbatoress.jpg,erode.jpg,madurai.jpg,salem.jpg', 1, 62, 'Color', '', 'Semi Furnished', 251000, 0, 'South', 'Ready to Move', 0, 0, 1200, 'Broker', 'Green', 1, 1, 'Yesgle_CSK.jpg', '9360466662', '', '2021-06-04 18:54:59', 'CUST0133', '2021-06-21', 'Expired', 15, 299, 'PROP0002', 'success', '', '', '', 1, 1, 597.00),
(38, 12, 'PTY0012', 2, 8, '2BHK RENTAL ', '2 BHK Residential House 1200 sqft, With Car Parking, 2 Bathroom, Semi-Furnished', '', '', '', '2.jpg,3.jpg,4.jpg,5.jpg', 1, 28, 'Color', '', 'Semi Furnished', 18000, 0, 'North West', 'Ready to Move', 0, 0, 12000, 'Owner', 'Blue', 1, 1, 'sglogoa.jpg', '9360466662', '', '2021-06-08 17:12:52', 'CUST0137', '2021-06-23', 'Expired', 15, 299, 'PROP0002', 'success', '', '', '', 1, 7, 597.00),
(39, 13, 'PTY0013', 3, 15, 'Resales Apartment', '1600 Sq Ft  fully furnished apartment for sale with covered car Parking and Gated Community with swimming pool.', '', '', '', '', 1, 56, 'Text', '', 'Full Furnished', 10000000, 0, 'North East', 'Ready to Move', 0, 0, 1500, 'Owner', '', 0, 0, '', '7395951992', '', '2021-06-12 16:01:52', 'CUST0138', '2021-06-27', 'Expired', 15, 299, 'PROP0001', 'success', '', '', '', 0, 5, 299.00),
(40, 14, 'PTY0014', 1, 13, 'Test Post New', 'Test Post New 120621', 'https://www.youtube.com/embed/9o9TIwHtOJU', '', '', 'banner.png,banner01.jpg', 1, 28, 'Color', '', 'Full Furnished', 150000, 0, 'North West', 'Ready to Move', 0, 0, 1500, 'Owner', 'Green', 1, 1, 'info.png', '8883880168', 'https://www.google.com/maps/embed?pb=!1m18!1m12!1m3!1d3885.671724587626!2d80.21188031413656!3d13.119970715156697!2m3!1f0!2f0!3f0!3m2!1i1024!2i768!4f13.1!3m3!1m2!1s0x3a52654649aade7d%3A0x90aefb5c49709045!2sYesgle%20Info%20Media!5e0!3m2!1sen!2sin!4v1613629184910!5m2!1sen!2sin', '2021-06-12 16:42:09', 'CUST0138', '2021-06-27', 'Expired', 15, 299, 'PROP0002', 'success', '', '', '', 0, 2, 597.00),
(41, 15, 'PTY0015', 2, 7, 'Rental ', 'Individual House of 2500 Sq ft with Fully Furnished and Duplex house with Covered Car Parking . The House is South East Facing.', '', '', '', '', 1, 28, 'Color', '', 'Full Furnished', 35000, 0, 'South East', 'Ready to Move', 0, 0, 2500, 'Broker', 'Orange', 1, 0, '', '7395951992', '', '2021-06-17 14:05:20', 'CUST0138', '2021-07-17', 'Expired', 30, 299, 'PROP0002', 'success', '', '', '', 0, 2, 498.00),
(42, 16, 'PTY0016', 1, 1, 'Land For Sale ', '1 Ground Land for sale in Avadi. The land is Very much near to Railway Station and Bus stand.', '', '', '', '', 1, 47, 'Color', '', '', 500000, 0, 'South East', 'Land', 0, 0, 0, 'Owner', 'Green', 1, 0, '', '7395951992', '', '2021-06-17 16:00:26', 'CUST0138', '2021-07-17', 'Expired', 30, 299, 'PROP0002', 'success', '', '', '', 0, 3, 498.00),
(43, 17, 'PTY0017', 2, 7, 'Individual House For Rent ', '3 BHK Independent House Located in Prime Location. 2500 Sq Ft Build Up Area with Car Parking. ', '', '', '', '', 1, 55, 'Color', '', 'Full Furnished', 40000, 0, 'South East', 'Ready to Move', 0, 0, 3000, 'Owner', 'Green', 1, 1, 'houseimg.jpg', '7395951992', '', '2021-06-28 11:35:07', 'CUST0138', '2021-07-28', 'Expired', 30, 299, 'PROP0002', 'success', '', '', '', 4, 7, 597.00),
(44, 18, 'PTY0018', 2, 8, 'Resale Apartment', 'Resale Apartment 1200 Sq.Ft Indi Houses. 2 BHK, With Car Parking', 'https://www.youtube.com/embed/1vKrtdIeNCY', '', '', '5.jpg,bathroomimg.jpg,bedroomimg.jpg,hallimg.jpg', 1, 59, 'Text', '', 'Full Furnished', 18000, 0, 'South', 'Ready to Move', 0, 0, 1200, 'Owner', '', 0, 1, 'houseimg.jpg', '9360466662', '', '2021-06-28 13:20:57', 'CUST0138', '2021-07-28', 'Expired', 30, 199, 'PROP0001', 'success', '', '', '', 1, 7, 298.00),
(45, 19, 'PTY0019', 2, 8, 'property testing', 'test rental appartment at chennai near by best facility', '', '', '', '', 1, 62, 'Text', '', 'Full Furnished', 558784, 0, 'East', 'Ready to Move', 0, 0, 5898, 'Owner', '', 0, 1, 'sanc.jpg', '8667315085', '', '2021-07-08 17:15:28', 'CUST0149', '2021-08-07', 'Expired', 30, 99, 'PROP0001', 'success', '', '', '', 10, 3, 299.00),
(46, 20, 'PTY0020', 2, 9, 'shop for rent ', 'near egmore railway station ', '', '', '', '', 1, 37, 'Text', '', 'Semi Furnished', 10000, 0, 'North', 'Ready to Move', 0, 0, 2800, 'Owner', '', 0, 0, '', '6374318112', '', '2021-07-19 12:44:03', 'CUST0145', '2021-08-18', 'Expired', 30, 99, 'PROP0001', '', '', '', '', 0, 1, 99.00),
(47, 21, 'PTY0021', 1, 13, 'GRACE TOWER FLATS', '1.GRACE TOPWER FLATS is near  Puzhal .\r\n2.Flats are available ,  with lowest price\r\nYOUR DREAMS IN YOUR HAND\r\n', '\"https://www.youtube.com/embed/jXlmNITfrnE\"', '', '', '', 1, 8, 'Text', '', 'Full Furnished', 8, 0, 'North East', 'Ready to Move', 0, 0, 0.005, 'Property Consultany', '', 0, 1, 'download4.png', '9092069835', '', '2021-07-19 17:43:27', 'CUST0144', '2021-08-18', 'Expired', 30, 99, 'PROP0001', '', '', '', '', 0, 7, 299.00),
(48, 21, 'PTY0021', 1, 13, 'GRACE TOWER FLATS', '1.GRACE TOPWER FLATS is near  Puzhal .\r\n2.Flats are available ,  with lowest price\r\nYOUR DREAMS IN YOUR HAND\r\n', '\"https://www.youtube.com/embed/jXlmNITfrnE\"', '', '', '', 1, 8, 'Text', '', 'Full Furnished', 8, 0, 'North East', 'Ready to Move', 0, 0, 0.005, 'Property Consultany', '', 0, 1, 'download4.png', '9092069835', '', '2021-07-19 17:43:28', 'CUST0144', '2021-08-18', 'Expired', 30, 99, 'PROP0001', '', '', '', '', 0, 7, 299.00),
(49, 22, 'PTY0022', 2, 7, 'Individual house for rent', 'Individual house for  family not for bachelors\r\n', '', '', '', '', 1, 28, 'Text', '', 'Full Furnished', 10000, 0, 'East', 'Ready to Move', 0, 0, 1200, 'Owner', '', 0, 0, 'can.jpg', '6374318112', '', '2021-08-03 11:38:17', 'CUST0145', '2021-09-02', 'Expired', 30, 235, 'PROP0001', '', '', '', '', 0, 4, 235.00),
(50, 23, 'PTY0023', 1, 6, 'New Flats For Sale ', 'Newly Constructed Flats For Sale in Prime Location. Fully Furnished with Covered Car Parking.', '', '', '', 'bathroomimg.jpg', 1, 63, 'Color', '', 'Full Furnished', 1000000, 0, 'South East', 'Ready to Move', 0, 0, 800, '', 'Green', 1, 1, 'houselogo.jpg', '9360466662', '', '2021-08-03 17:51:57', 'CUST0129', '2021-09-04', 'Expired', 30, 335, 'PROP0002', 'failed', '', '', '', 0, 20, 835.00),
(51, 24, 'PTY0024', 2, 8, 'Rental ', '1200 Sq Ft 3BHK Apartment For Rent in Prime Location.', '', '', '', '', 1, 63, 'Color', '', 'Full Furnished', 40000, 0, 'North West', 'Ready to Move', 0, 0, 1500, 'Owner', 'Blue', 1, 0, '', '7395951992', '', '2021-08-05 13:11:20', 'CUST0157', '2021-09-09', 'Expired', 30, 335, 'PROP0002', '', '', '', '', 0, 2, 635.00),
(52, 25, 'PTY0025', 2, 8, 'Rental For House ', 'Fully Furnished Apartmernt For Rental in Prime Location.', '', '', '', 'bathroomimg.jpg,bedroomimg.jpg,hallimg.jpg,house-image.jpg,kitchenimg.jpg', 1, 63, 'Color', '', 'Full Furnished', 35000, 0, 'South East', 'Ready to Move', 0, 0, 1200, 'Owner', 'Blue', 1, 0, '', '7395951992', '', '2021-08-05 13:16:06', 'CUST0157', '2021-09-04', 'Expired', 30, 335, 'PROP0002', '', '', '', '', 0, 8, 635.00),
(53, 26, 'PTY0026', 3, 15, 'Resale Apartment ', '1500 Sq Ft Fully Furnished Apartment For Sale. The Apartment is 5 Years Old. ', '', '', '', '', 1, 50, 'Color', '', 'Full Furnished', 1500000, 0, 'South', 'Ready to Move', 0, 0, 1500, 'Owner', 'Pink', 1, 0, '', '7395951992', '', '2021-08-06 14:00:47', 'CUST0157', '2021-09-05', 'Expired', 30, 335, 'PROP0002', '', '', '', '', 0, 0, 635.00),
(54, 27, 'PTY0027', 1, 5, 'house rent', '', '', '', '', 'PDT-5K_Broucher.jpg', 1, 47, 'Text', '', 'Full Furnished', 13, 0, 'North', 'Ready to Move', 0, 0, 1200, 'Owner', '', 0, 0, '', '6374318112', '', '2021-08-09 17:26:19', 'CUST0159', '2021-09-08', 'Expired', 30, 235, 'PROP0001', 'failed', '', '', '', 0, 10, 235.00),
(55, 28, 'PTY0028', 1, 13, 'sale', '', '', '', '', '', 1, 13, 'Text', '', 'Full Furnished', 15, 0, 'North East', 'Ready to Move', 0, 0, 12, 'Owner', '', 0, 0, '', '6374318112', '', '2021-08-10 11:02:58', 'CUST0159', '2021-09-09', 'Expired', 30, 235, 'PROP0001', 'failed', '', '', '', 0, 2, 235.00),
(56, 29, 'PTY0029', 1, 6, 'new', '', '', '', '', 'house 2.jpg,house 3.jpg,house 4.jpg,house.jpg', 1, 63, 'Text', '', 'Semi Furnished', 77, 0, 'East', 'Construction Working', 0, 0, 125, 'Owner', '', 0, 0, '', '6374318112', '', '2021-08-10 11:08:10', 'ADMIN001', '2021-09-09', 'Expired', 30, 235, 'PROP0001', '', '', '', '', 0, 10, 235.00),
(57, 30, 'PTY0030', 2, 12, 'test', '', '', '', '', '', 1, 44, 'Text', '', 'Semi Furnished', 50, 0, 'South West', '', 0, 0, 0, '', '', 0, 0, '', '6374318112', '', '2021-08-11 11:01:10', 'CUST0159', '2021-09-10', 'Expired', 30, 235, 'PROP0001', '', '', '', '', 0, 3, 235.00),
(58, 31, 'PTY0031', 1, 1, 'new2', '', '', '', '', '', 1, 63, 'Text', '', 'Full Furnished', 12, 0, 'South', 'Ready to Move', 0, 0, 12, '', '', 0, 0, '', '6374318112', '', '2021-08-11 11:15:01', 'CUST0159', '2021-09-10', 'Expired', 30, 235, 'PROP0001', '', '', '', '', 0, 0, 235.00),
(59, 31, 'PTY0031', 2, 8, 'Testing Aarush', '', '', '', 'Ecom3 0.png', 'Ecom.png,Ecom1.png,Ecom2.png', 1, 62, 'Image', '', 'Full Furnished', 10, 0, 'North', 'Ready to Move', 0, 0, 0, 'Owner', '', 0, 0, 'logo for canvas.png', '7448871000', '', '2021-08-11 11:16:50', 'CUST0161', '2021-09-10', 'Expired', 30, 588, 'PROP0003', '', '', '', '', 0, 0, 588.00),
(60, 32, 'PTY0032', 1, 13, 'test post', 'test', '', '', '', 'house 2.jpg,house 3.jpg,house 4.jpg,house.jpg', 1, 63, 'Text', '', 'Full Furnished', 120000, 0, 'North', 'Ready to Move', 0, 0, 12, 'Owner', '', 0, 0, '', '8883880168', '', '2021-08-11 11:19:13', 'CUST0159', '2021-09-10', 'Expired', 30, 235, 'PROP0001', '', '', '', '', 0, 0, 235.00),
(61, 33, 'PTY0033', 1, 5, 'new 3', '', '', '', '', '', 1, 59, 'Color', '', 'Full Furnished', 150, 0, 'South', 'Ready to Move', 0, 0, 1200, 'Owner', 'Blue', 0, 0, 'house.jpg', '6374318112', '', '2021-08-11 11:21:51', 'CUST0159', '2021-09-10', 'Expired', 30, 335, 'PROP0002', '', '', '', '', 0, 0, 335.00),
(62, 34, 'PTY0034', 1, 1, 'new', 'for sale', '', '', '', '', 1, 48, 'Text', '', 'Full Furnished', 12, 0, 'South', 'Ready to Move', 0, 0, 500, 'Owner', '', 0, 0, 'house 2.jpg', '6374318112', '', '2021-08-11 11:31:48', 'ADMIN001', '2021-09-10', 'Expired', 30, 235, 'PROP0001', '', '', '', '', 0, 0, 235.00),
(63, 35, 'PTY0035', 2, 7, 'bbb', 'sjdghuwevkjweweij jweo w', '', '', '', '', 1, 49, 'Text', '', 'Full Furnished', 155, 0, 'East', 'Ready to Move', 0, 0, 1200, 'Owner', '', 0, 1, 'house 2.jpg', '6374318112', '', '2021-08-11 11:34:55', 'CUST0159', '2021-09-10', 'Expired', 30, 235, 'PROP0001', 'success', '', '', '', 0, 1, 435.00),
(64, 36, 'PTY0036', 3, 15, 'est', 'Test ', 'https://www.youtube.com/embed/9o9TIwHtOJU', '', '', '', 1, 49, 'Text', '', 'Semi Furnished', 12345700, 0, 'South', 'Ready to Move', 0, 0, 1500, 'Owner', '', 0, 1, 'PDT-01.jpg', '0888388016', 'https://www.google.com/maps/embed?pb=!1m18!1m12!1m3!1d3885.671724587626!2d80.21188031413656!3d13.119970715156697!2m3!1f0!2f0!3f0!3m2!1i1024!2i768!4f13.1!3m3!1m2!1s0x3a52654649aade7d%3A0x90aefb5c49709045!2sYesgle%20Info%20Media!5e0!3m2!1sen!2sin!4v1613629184910!5m2!1sen!2sin', '2021-08-17 01:47:29', 'CUST0161', '2021-09-16', 'Expired', 30, 235, 'PROP0001', '', '', '', '', 0, 0, 435.00),
(65, 37, 'PTY0037', 2, 12, 'dfdfh', 'dfhdfhdfh', 'https://www.youtube.com/embed/9o9TIwHtOJU', '', '', 'pdt1.jpeg,PDT-1.jpg,PDT-002.jpg', 1, 50, 'Text', '', 'Full Furnished', 34346, 0, 'North', 'Ready to Move', 0, 0, 3443, 'Owner', '', 0, 0, 'PDT-01.jpg', '0888388016', 'https://www.google.com/maps/embed?pb=!1m18!1m12!1m3!1d3885.671724587626!2d80.21188031413656!3d13.119970715156697!2m3!1f0!2f0!3f0!3m2!1i1024!2i768!4f13.1!3m3!1m2!1s0x3a52654649aade7d%3A0x90aefb5c49709045!2sYesgle%20Info%20Media!5e0!3m2!1sen!2sin!4v1613629184910!5m2!1sen!2sin', '2021-08-17 01:58:42', 'CUST0161', '2021-09-16', 'Expired', 30, 235, 'PROP0001', '', '', '', '', 0, 0, 235.00),
(66, 38, 'PTY0038', 1, 13, 'asasf', 'asfasfasf', 'https://www.youtube.com/embed/9o9TIwHtOJU', '', '', '', 1, 62, 'Text', '', 'Full Furnished', 677099, 0, 'North', 'Ready to Move', 0, 0, 676, 'Owner', '', 0, 0, 'pdt3.jpeg', '0888388016', 'https://www.google.com/maps/embed?pb=!1m18!1m12!1m3!1d3885.671724587626!2d80.21188031413656!3d13.119970715156697!2m3!1f0!2f0!3f0!3m2!1i1024!2i768!4f13.1!3m3!1m2!1s0x3a52654649aade7d%3A0x90aefb5c49709045!2sYesgle%20Info%20Media!5e0!3m2!1sen!2sin!4v1613629184910!5m2!1sen!2sin', '2021-08-17 02:00:18', 'CUST0161', '2021-09-16', 'Expired', 30, 235, 'PROP0001', '', '', '', '', 0, 0, 235.00),
(67, 39, 'PTY0039', 1, 13, 'dvsdg', 'sdgsdgsdg', 'https://www.youtube.com/embed/9o9TIwHtOJU', '', '', '', 1, 62, 'Color', '', 'Full Furnished', 2314120, 0, 'North', 'Ready to Move', 0, 0, 124, 'Owner', 'Green', 0, 1, 'PDT-01.jpg', '0888388016', 'https://www.google.com/maps/embed?pb=!1m18!1m12!1m3!1d3885.671724587626!2d80.21188031413656!3d13.119970715156697!2m3!1f0!2f0!3f0!3m2!1i1024!2i768!4f13.1!3m3!1m2!1s0x3a52654649aade7d%3A0x90aefb5c49709045!2sYesgle%20Info%20Media!5e0!3m2!1sen!2sin!4v1613629184910!5m2!1sen!2sin', '2021-08-17 02:03:11', 'CUST0161', '2021-09-16', 'Expired', 30, 335, 'PROP0002', '', '', '', '', 0, 0, 535.00),
(68, 40, 'PTY0040', 1, 13, 'Test Property Post', 'hkkfhkfkfykkuykuykl', 'https://www.youtube.com/embed/9o9TIwHtOJU', '', '', 'pdt6.jpeg,PDT-007.jpg', 1, 62, 'Text', '', 'Full Furnished', 34534, 0, 'North', 'Ready to Move', 0, 0, 433333, 'Owner', '', 0, 1, 'PDT-01.jpg', '0888388016', 'https://www.google.com/maps/embed?pb=!1m18!1m12!1m3!1d3885.671724587626!2d80.21188031413656!3d13.119970715156697!2m3!1f0!2f0!3f0!3m2!1i1024!2i768!4f13.1!3m3!1m2!1s0x3a52654649aade7d%3A0x90aefb5c49709045!2sYesgle%20Info%20Media!5e0!3m2!1sen!2sin!4v1613629184910!5m2!1sen!2sin', '2021-08-17 02:06:03', 'CUST0161', '2021-09-16', 'Expired', 30, 235, 'PROP0001', '', '', '', '', 0, 0, 435.00),
(69, 41, 'PTY0041', 1, 13, 'chandru', 'jksdnfjkbsdjkg', 'https://www.youtube.com/embed/9o9TIwHtOJU', '', '', '', 1, 52, 'Color', '', 'Full Furnished', 150000, 0, 'North', 'Ready to Move', 0, 0, 1500, 'Owner', 'Green', 0, 0, 'PDT-01.jpg', '0888388016', 'https://www.google.com/maps/embed?pb=!1m18!1m12!1m3!1d3885.671724587626!2d80.21188031413656!3d13.119970715156697!2m3!1f0!2f0!3f0!3m2!1i1024!2i768!4f13.1!3m3!1m2!1s0x3a52654649aade7d%3A0x90aefb5c49709045!2sYesgle%20Info%20Media!5e0!3m2!1sen!2sin!4v1613629184910!5m2!1sen!2sin', '2021-08-17 08:04:17', '', '2021-09-16', 'Expired', 30, 335, 'PROP0002', '', '', '', '', 0, 0, 335.00),
(70, 42, 'PTY0042', 1, 6, 'New Flats For Sale ', 'Newly Constructed Flats for sale in Prime Location. 1500 Sq Ft with Fully Furnished Appartment . Covered Car Parking.', '', '', '', 'hallimg.jpg,bedroomimg.jpg,bathroomimg.jpg,kitchenimgnew.jpg', 1, 63, 'Color', '', 'Full Furnished', 15000000, 0, 'South East', 'Ready to Move', 0, 0, 1500, 'Property Consultany', 'Green', 1, 0, '', '7395951992', '', '2021-08-19 11:13:39', 'CUST0162', '2021-09-18', 'Expired', 30, 599, 'PROP0002', '', '', '', '', 0, 3, 899.00),
(71, 43, 'PTY0043', 2, 7, 'SWEET HOME', 'KOLATHUR AREA - 2BHK - MAIN ENTRANCE, INDIVIDUAL HOME. RENT - 8000.  MAINTENANCE - RS. 500. ', '', '', '', '', 1, 28, 'Text', '', 'Not Furnished', 8000, 0, 'North', '', 0, 0, 0, 'Owner', '', 0, 0, '', '4567886789', '', '2022-04-08 12:51:37', 'CUST0188', '2022-05-08', 'Expired', 30, 199, 'PROP0001', '', '', '', '', 0, 1, 199.00),
(72, 44, 'PTY0044', 2, 8, 'house for rent', 'house for rent in kolathur', '', '', '', '', 1, 28, 'Text', '', 'Semi Furnished', 15000, 0, 'North', 'Ready to Move', 0, 0, 1000, 'Owner', '', 0, 0, '', '8870335613', '', '2022-04-08 12:56:23', 'CUST0187', '2022-05-08', 'Expired', 30, 199, 'PROP0001', '', '', '', '', 0, 1, 199.00),
(73, 45, 'PTY0045', 2, 7, 'house for rent', '', 'https://youtu.be/izKG0uht7fc', '', 'thagaval.jpg', '', 1, 28, 'Image', '', 'Semi Furnished', 20000, 0, 'North', 'Ready to Move', 0, 0, 1000, 'Owner', '', 0, 1, '', '9962516035', '', '2022-04-08 13:11:51', 'CUST0187', '2022-05-08', 'Expired', 30, 999, 'PROP0003', '', '', '', '', 0, 0, 1199.00),
(74, 45, 'PTY0045', 2, 7, 'house for rent', '', 'https://youtu.be/izKG0uht7fc', '', 'thagaval.jpg', '', 1, 28, 'Image', '', 'Semi Furnished', 20000, 0, 'North', 'Ready to Move', 0, 0, 1000, 'Owner', '', 0, 1, '', '9962516035', '', '2022-04-08 13:11:52', 'CUST0187', '2022-05-08', 'Expired', 30, 999, 'PROP0003', '', '', '', '', 0, 0, 1199.00),
(75, 46, 'PTY0046', 1, 6, 'NEW FLAT SALE', '', '<iframe width=\"560\" height=\"315\" src=\"https://www.youtube.com/embed/y9j-BL5ocW8\" title=\"YouTube video player\" frameborder=\"0\" allow=\"accelerometer; autoplay; clipboard-write; encrypted-media; gyroscope; picture-in-picture\" allowfullscreen></iframe>', '', '12.jpg', '', 1, 28, 'Image', '', 'Not Furnished', 20, 0, 'North', 'Ready to Move', 0, 0, 1500, 'Owner', '', 0, 1, 'download.jpg', '456576789', '', '2022-04-08 13:31:56', 'CUST0188', '2022-05-08', 'Expired', 30, 999, 'PROP0003', '', '', '', '', 0, 0, 1199.00),
(76, 47, 'PTY0047', 2, 8, 'Apartment for Rental', '1BHK APARTMENT FOR RENT, NOT FURNISHED,  RESIDENDIAL AREA. NEARBY BALAJI NAGAR. (NEGOTIABLE)', '', '', '', '', 1, 28, 'Text', '', 'Not Furnished', 12000, 0, 'North', 'Ready to Move', 0, 0, 600, 'Owner', '', 0, 0, '', '77889980', '', '2022-04-08 17:00:10', '', '2022-05-08', 'Expired', 30, 199, 'PROP0001', '', '', '', '', 0, 0, 199.00),
(77, 47, 'PTY0047', 2, 8, 'Apartment for Rental', '1BHK APARTMENT FOR RENT, NOT FURNISHED,  RESIDENDIAL AREA. NEARBY BALAJI NAGAR. (NEGOTIABLE)', '', '', '', '', 1, 28, 'Text', '', 'Not Furnished', 12000, 0, 'North', 'Ready to Move', 0, 0, 600, 'Owner', '', 0, 0, '', '77889980', '', '2022-04-08 17:00:10', '', '2022-05-08', 'Expired', 30, 199, 'PROP0001', '', '', '', '', 0, 0, 199.00),
(78, 48, 'PTY0048', 2, 7, 'INDIVIDUAL HOUSE FOR RENTAL', '2BHK INDIVIDUAL HOUSE FOR RENT. (ONLY BRAHMANS)', '', '', '', '', 1, 28, 'Color', '', 'Not Furnished', 15000, 0, 'North', 'Ready to Move', 0, 0, 800, 'Owner', 'Green', 1, 0, '', '67789900', '', '2022-04-08 17:05:20', '', '2022-05-08', 'Expired', 30, 499, 'PROP0002', '', '', '', '', 0, 0, 799.00),
(79, 49, 'PTY0049', 1, 1, 'test', 'dbbdbdb', 'https://hdh.fj/', '', '', '', 1, 62, 'Color', '', 'Semi Furnished', 200, 0, 'North West', 'Land', 0, 0, 79797, 'Owner', 'Blue', 0, 0, 'hh.pHp', '9559956467', 'nwnenen', '2022-05-09 16:12:40', 'CUST0196', '2022-06-08', 'Delete', 30, 499, 'PROP0002', '', '', '', '', 0, 0, 499.00),
(80, 50, 'PTY0050', 1, 3, 'Need marketing person ', 'DETAILS\r\nAvoid red flag words.\r\nIn a study of 24,000 homes, Zillow found certain words that will actually hurt a home listing. This means the way you write your real estate listing description   ', 'THAGAVAL.IN', '', '', '', 1, 28, 'Text', '', 'Semi Furnished', 30000, 0, 'North', 'Construction Working', 0, 0, 0.001, 'Property Consultany', '', 0, 1, '', '6381986744', 'SRB COLANY PERAMBUR', '2022-05-20 10:51:36', 'CUST0199', '2022-06-19', 'Active', 30, 199, 'PROP0001', '', '', '', '', 0, 0, 399.00),
(81, 50, 'PTY0050', 1, 13, 'FLAT SALES', ' Entertaining friends, exercising or cooling off on a hot summer day are benefits. ', 'thagaval dot in', '', '', '', 1, 28, 'Text', '', 'Full Furnished', 5000000, 0, 'North', 'Ready to Move', 0, 0, 0.005, 'Owner', '', 0, 0, '', '6383533551', '', '2022-05-20 11:00:36', 'CUST0200', '2022-06-19', 'Active', 30, 199, 'PROP0001', '', '', '', '', 0, 0, 199.00);

-- --------------------------------------------------------

--
-- Table structure for table `property_area`
--

CREATE TABLE `property_area` (
  `sno` int(5) NOT NULL,
  `state` varchar(100) COLLATE utf8mb4_unicode_ci NOT NULL,
  `district` varchar(100) COLLATE utf8mb4_unicode_ci NOT NULL,
  `area` varchar(50) COLLATE utf8mb4_unicode_ci NOT NULL
) ENGINE=InnoDB DEFAULT CHARSET=utf8mb4 COLLATE=utf8mb4_unicode_ci;

--
-- Dumping data for table `property_area`
--

INSERT INTO `property_area` (`sno`, `state`, `district`, `area`) VALUES
(1, '1', '1', 'Velacheri'),
(2, '2', '2', 'Silk Board'),
(4, '1', '1', 'Washermanpet'),
(5, '1', '1', 'Vyasarpadi'),
(6, '1', '1', 'Vepery'),
(7, '1', '1', 'Velacheri'),
(8, '1', '1', 'Vadapalani'),
(9, '1', '1', 'Triplicane '),
(10, '1', '1', 'Tiruvanmiyur'),
(11, '1', '1', 'Tidel Park'),
(12, '1', '1', 'Sowcarpet'),
(13, '1', '1', 'Shenoy Nagar'),
(14, '1', '1', 'Saligramam'),
(15, '1', '1', 'Saidapet '),
(16, '1', '1', 'Royapettah'),
(17, '1', '1', 'Parrys'),
(18, '1', '1', 'Pallavaram'),
(19, '1', '1', 'Nungambakkam'),
(20, '1', '1', 'Nandanam'),
(21, '1', '1', 'Mylapore'),
(22, '1', '1', 'Mount Road '),
(23, '1', '1', 'Mannady '),
(24, '1', '1', 'Mandaveli'),
(25, '1', '1', 'Koyambedu'),
(26, '1', '1', 'Kosapet'),
(27, '1', '1', 'Korattur'),
(28, '1', '1', 'kolathur'),
(29, '1', '1', 'Kodambakkam'),
(30, '1', '1', 'Kilpauk'),
(31, '1', '1', 'I C F Colony'),
(32, '1', '1', 'Guindy '),
(33, '1', '1', 'Greams Road'),
(34, '1', '1', 'Gopalapuram'),
(35, '1', '1', 'Ernavur'),
(36, '1', '1', 'Ekkaduthangal'),
(37, '1', '1', 'Egmore '),
(38, '1', '1', 'Chromepet'),
(39, '1', '1', 'Choolaimedu'),
(40, '1', '1', 'Chitlapakkam'),
(41, '1', '1', 'Chintadripet'),
(42, '1', '1', 'Chetput'),
(43, '1', '1', 'Chepauk'),
(44, '1', '1', 'Central '),
(45, '1', '1', 'Besant Nagar'),
(46, '1', '1', 'Ayanavaram'),
(47, '1', '1', 'Avadi'),
(48, '1', '1', 'Ashok Nagar'),
(49, '1', '1', 'Arumbakkam'),
(50, '1', '1', 'Annanagar'),
(51, '1', '1', 'Annamalaipuram'),
(52, '1', '1', 'Anna Salai'),
(53, '1', '1', 'Anakaputhur'),
(54, '1', '1', 'Aminijikarai'),
(55, '1', '1', 'Ambattur '),
(56, '1', '1', 'Alwar Tirunagar'),
(57, '1', '1', 'Alandur'),
(58, '1', '1', 'Agaram'),
(59, '1', '1', 'Adyar'),
(60, '1', '1', 'Adambakkam'),
(61, '1', '1', 'Abiramapuram'),
(62, '1', '1', ' Choolai'),
(63, '1', '1', 'T.Nagar');

-- --------------------------------------------------------

--
-- Table structure for table `property_category`
--

CREATE TABLE `property_category` (
  `sno` int(5) NOT NULL,
  `name` varchar(50) NOT NULL,
  `path` varchar(500) NOT NULL,
  `pin` int(11) NOT NULL,
  `status` int(1) NOT NULL
) ENGINE=InnoDB DEFAULT CHARSET=latin1;

--
-- Dumping data for table `property_category`
--

INSERT INTO `property_category` (`sno`, `name`, `path`, `pin`, `status`) VALUES
(1, 'Sale', 'uploads/CAT-pp.jpg', 1, 1),
(2, 'Rental', 'uploads/CAT-secondhand.jpg', 1, 1),
(3, 'Resales', 'uploads/CAT-refurbished.jpg', 1, 1);

-- --------------------------------------------------------

--
-- Table structure for table `property_city`
--

CREATE TABLE `property_city` (
  `sno` int(11) NOT NULL,
  `name` varchar(200) NOT NULL,
  `state` int(2) NOT NULL,
  `image` varchar(500) NOT NULL
) ENGINE=InnoDB DEFAULT CHARSET=latin1;

--
-- Dumping data for table `property_city`
--

INSERT INTO `property_city` (`sno`, `name`, `state`, `image`) VALUES
(1, 'Chennai', 1, 'CAT-CAT-chennai.jpg'),
(2, 'Salem', 1, 'CAT-CAT-salem.jpg'),
(3, 'Coimbatore ', 1, 'CAT-CAT-coimbatore.jpg'),
(4, 'Madurai', 1, 'CAT-CAT-madurai.jpg'),
(5, 'Kanyakumari', 1, 'CAT-CAT-kanyakumari.jpg'),
(6, 'Kanchipuram', 1, 'CAT-kanchipuram.jpg'),
(7, 'Kanchipuram', 1, 'CAT-kanchipuram.jpg');

-- --------------------------------------------------------

--
-- Table structure for table `property_enquiry`
--

CREATE TABLE `property_enquiry` (
  `sno` int(11) NOT NULL,
  `postid` varchar(50) NOT NULL,
  `name` varchar(50) NOT NULL,
  `email` varchar(50) NOT NULL,
  `mobile` varchar(20) NOT NULL,
  `comments` varchar(300) NOT NULL,
  `enquiredat` datetime NOT NULL,
  `status` varchar(20) NOT NULL,
  `user` varchar(30) NOT NULL
) ENGINE=InnoDB DEFAULT CHARSET=latin1;

--
-- Dumping data for table `property_enquiry`
--

INSERT INTO `property_enquiry` (`sno`, `postid`, `name`, `email`, `mobile`, `comments`, `enquiredat`, `status`, `user`) VALUES
(1, 'PTY0018', 'saro', 'callinfoinc@gmail.com', '9962516035', 'testing', '2021-07-08 16:56:13', 'Pending', 'CUST0138'),
(2, 'PTY0019', 'sathish', 'db.yesgle@gmail.com', '09895963254', 'test content', '2021-07-08 17:16:40', 'Pending', 'CUST0149'),
(3, 'PTY0019', 'sathish', 'DB.yesgle@gmail.com', '09895963254', 'Contacts that have been in Trash more than 30 days will be deleted forever\nContacts that have been in Trash more than 30 days will be deleted forever\nContacts that have been in Trash more than 30 days', '2021-07-08 17:29:31', 'Pending', 'CUST0149'),
(4, 'PTY0019', 'sathish', 'DB.yesgle@gmail.com', '9895963254', 'Contacts that have been in Trash more than 30 days will be deleted forever\nContacts that have been in Trash more than 30 days will be deleted forever\nContacts that have been in Trash more than 30 days', '2021-07-08 17:34:06', 'Pending', 'CUST0149'),
(5, 'PTY0019', 'sathish', 'sathish@gmail.com', '9895963254', 'test rental appartment at chennai near by best facility', '2021-07-08 17:39:00', 'Pending', 'CUST0149'),
(6, 'PTY0019', 'sathish prop out', 'sathish@gmail.com', '09895963254', 'outer page testing', '2021-07-08 17:50:51', 'Pending', 'CUST0149'),
(7, 'PTY0019', 'sathish prop out', 'sathish@gmail.com', '09895963254', 'outer page testing ', '2021-07-08 17:51:24', 'Pending', 'CUST0149'),
(8, 'PTY0019', 'sathish prop out', 'sathish@gmail.com', '09895963254', 'outer page testing', '2021-07-08 17:51:41', 'Pending', 'CUST0149'),
(9, 'PTY0019', 'sathish prop out', 'sathish@gmail.com', '09895963254', 'outer page testing ', '2021-07-08 17:51:55', 'Pending', 'CUST0149'),
(10, 'PTY0019', 'sathish prop out', 'sathish@gmail.com', '09895963254', 'outer page testing ', '2021-07-08 17:52:03', 'Pending', 'CUST0149'),
(11, 'PTY0019', 'sathish inner prop', 'sathish@gmail.com', '9895963254', 'prop inner page', '2021-07-08 17:52:44', 'Pending', 'CUST0149'),
(12, 'PTY0017', 'Chandru', 'cschandru08@gmail.com', '8883880168', 'test', '2021-07-08 18:13:02', 'Pending', 'CUST0138'),
(13, 'PTY0017', 'Chandru', 'cschandru08@gmail.com', '8883880168', 'Test mail', '2021-07-08 18:17:26', 'Pending', 'CUST0138'),
(14, 'PTY0017', 'Chandru', 'cschandru08@gmail.com', '8883880168', 'Test enquiry', '2021-07-08 18:20:59', 'Pending', 'CUST0138'),
(15, 'PTY0017', 'Chandru', 'cschandru08@gmail.com', '8883880168', 'test', '2021-07-08 18:23:38', 'Pending', 'CUST0138');

-- --------------------------------------------------------

--
-- Table structure for table `property_packages`
--

CREATE TABLE `property_packages` (
  `sno` int(5) NOT NULL,
  `idno` int(5) NOT NULL,
  `packageid` varchar(50) NOT NULL,
  `packagetype` varchar(50) NOT NULL,
  `packagename` varchar(50) NOT NULL,
  `contenttype` varchar(50) NOT NULL,
  `duration` int(5) NOT NULL,
  `amount` float(15,0) NOT NULL,
  `status` int(1) NOT NULL
) ENGINE=InnoDB DEFAULT CHARSET=latin1;

--
-- Dumping data for table `property_packages`
--

INSERT INTO `property_packages` (`sno`, `idno`, `packageid`, `packagetype`, `packagename`, `contenttype`, `duration`, `amount`, `status`) VALUES
(1, 1, 'PROP0001', 'Property', 'Text Line Ad', 'Text', 30, 199, 1),
(2, 2, 'PROP0002', 'Property', 'Text Line Color Ad', 'Color', 30, 499, 1),
(3, 3, 'PROP0003', 'Property', 'Display Ad', 'Image', 30, 999, 1);

-- --------------------------------------------------------

--
-- Table structure for table `property_slider`
--

CREATE TABLE `property_slider` (
  `sno` int(2) NOT NULL,
  `name` varchar(200) NOT NULL,
  `type` varchar(50) NOT NULL,
  `categoryid` int(3) NOT NULL,
  `path` varchar(200) NOT NULL,
  `url` varchar(1000) NOT NULL,
  `orders` int(5) NOT NULL,
  `status` int(2) NOT NULL
) ENGINE=InnoDB DEFAULT CHARSET=utf8mb4;

--
-- Dumping data for table `property_slider`
--

INSERT INTO `property_slider` (`sno`, `name`, `type`, `categoryid`, `path`, `url`, `orders`, `status`) VALUES
(1, 'Slider', 'Home Page Slider', 0, 'home-banner.jpg', '', 0, 1),
(2, '1', 'Home Page Slider', 0, 'slider_partners.jpg', '', 0, 1),
(6, 'dsa', 'Home Page bottom Banner', 0, 'Banner_ads_ds.jpg', '', 0, 1),
(7, 'shopping', 'Home Page bottom Banner', 0, 'Banner_ads_Shopping.jpg', '', 0, 1),
(8, 'thagaval', 'Home Page bottom Banner', 0, 'Banner_ads01.jpg', '', 0, 1),
(9, 'tobi', 'Listing page Banner', 0, 'lemari.php7', 'Xxx', 0, 1);

-- --------------------------------------------------------

--
-- Table structure for table `property_state`
--

CREATE TABLE `property_state` (
  `sno` int(11) NOT NULL,
  `name` varchar(50) NOT NULL
) ENGINE=InnoDB DEFAULT CHARSET=latin1;

--
-- Dumping data for table `property_state`
--

INSERT INTO `property_state` (`sno`, `name`) VALUES
(1, 'Tamil Nadu');

-- --------------------------------------------------------

--
-- Table structure for table `property_subcategory`
--

CREATE TABLE `property_subcategory` (
  `sno` int(2) NOT NULL,
  `name` varchar(50) NOT NULL,
  `cid` int(5) NOT NULL,
  `status` int(1) NOT NULL
) ENGINE=InnoDB DEFAULT CHARSET=latin1;

--
-- Dumping data for table `property_subcategory`
--

INSERT INTO `property_subcategory` (`sno`, `name`, `cid`, `status`) VALUES
(1, 'Land', 1, 1),
(3, 'Individual House', 1, 1),
(5, 'Villa', 1, 1),
(6, 'New Flats', 1, 1),
(7, 'Individual House', 2, 1),
(8, 'Apartment ', 2, 1),
(9, 'Shop', 2, 1),
(10, 'Showroom', 2, 1),
(11, 'Office Space', 2, 1),
(12, 'Farm Land', 2, 1),
(13, 'Farm Land', 1, 1),
(14, 'Farm Land', 3, 1),
(15, 'Apartment ', 3, 1),
(16, 'Individual House', 3, 1),
(17, 'Shop', 3, 1),
(18, 'Office Space', 3, 1),
(19, 'Farm Land', 3, 1);

-- --------------------------------------------------------

--
-- Table structure for table `remainderinbox`
--

CREATE TABLE `remainderinbox` (
  `sno` int(11) NOT NULL,
  `userid` varchar(1000) NOT NULL,
  `subject` varchar(500) NOT NULL,
  `message` varchar(2000) NOT NULL,
  `createdby` varchar(50) NOT NULL,
  `createdat` datetime NOT NULL DEFAULT CURRENT_TIMESTAMP
) ENGINE=InnoDB DEFAULT CHARSET=latin1;

--
-- Dumping data for table `remainderinbox`
--

INSERT INTO `remainderinbox` (`sno`, `userid`, `subject`, `message`, `createdby`, `createdat`) VALUES
(1, 'ADMIN001', 'testing', '<p>testing tetdfd<br></p>', 'TECH0001', '2021-02-15 17:50:38'),
(2, 'ADMIN001', 'testing', '<p>testikngb j njn</p>', 'COUNTER0002', '2021-02-15 18:46:01'),
(3, 'ADMIN001', 'ADD LISTING Not Working', '<p>ADD LISTING Not Working<br></p>', 'COUNTER0002', '2021-02-15 19:15:46'),
(4, 'ADMIN001', 'idsd', '<p>sdsd</p>', 'TECH0001', '2021-02-17 12:12:52'),
(5, 'All Branch', 'detail tetng 180221', '<p>detail tetng 180221<br></p>', 'ADMIN001', '2021-02-18 11:35:44'),
(6, 'COUNTER0002', 'admin 180221', '<p>admin 180221<br></p>', 'ADMIN001', '2021-02-18 11:36:49'),
(7, 'ADMIN001', 'saa', '<h5>test<b>ggg<u>efe</u></b></h5>', 'COUNTER0002', '2021-02-24 16:41:51');

-- --------------------------------------------------------

--
-- Table structure for table `requestdetail`
--

CREATE TABLE `requestdetail` (
  `sno` int(5) NOT NULL,
  `requestid` varchar(50) NOT NULL,
  `type` varchar(50) NOT NULL,
  `user` varchar(50) NOT NULL,
  `cid` varchar(50) NOT NULL,
  `pdtid` varchar(50) NOT NULL,
  `qty` int(5) NOT NULL
) ENGINE=InnoDB DEFAULT CHARSET=latin1;

--
-- Dumping data for table `requestdetail`
--

INSERT INTO `requestdetail` (`sno`, `requestid`, `type`, `user`, `cid`, `pdtid`, `qty`) VALUES
(9, 'REQ0001', '2', 'COUNTER0002', 'ADMIN001', 'PRODUCT0003', 2),
(10, 'REQ0001', '2', 'COUNTER0002', 'ADMIN001', 'PRODUCT0005', 2),
(11, 'REQ0001', '2', 'COUNTER0002', 'ADMIN001', 'PRODUCT0002', 29),
(12, 'REQ0002', '2', 'COUNTER0002', '', 'PRODUCT0001', 2),
(13, 'REQ0002', '2', 'COUNTER0003', 'ADMIN001', 'PRODUCT0090', 10),
(14, 'REQ0003', '2', 'COUNTER0003', 'ADMIN001', 'PRODUCT0043', 10),
(15, 'REQ0004', '2', 'COUNTER0003', 'ADMIN001', 'PRODUCT0049', 10),
(16, 'REQ0005', '2', 'COUNTER0003', 'ADMIN001', 'PRODUCT0050', 10),
(17, 'REQ0006', '2', 'COUNTER0003', 'ADMIN001', 'PRODUCT0059', 5);

-- --------------------------------------------------------

--
-- Table structure for table `reviews`
--

CREATE TABLE `reviews` (
  `sno` int(5) NOT NULL,
  `pdtid` varchar(50) NOT NULL,
  `cid` varchar(50) NOT NULL,
  `name` varchar(50) NOT NULL,
  `email` varchar(50) NOT NULL,
  `message` varchar(200) NOT NULL,
  `rating` int(2) NOT NULL,
  `status` varchar(50) NOT NULL,
  `createdat` datetime NOT NULL DEFAULT CURRENT_TIMESTAMP
) ENGINE=InnoDB DEFAULT CHARSET=latin1;

-- --------------------------------------------------------

--
-- Table structure for table `saledetail`
--

CREATE TABLE `saledetail` (
  `sno` int(10) NOT NULL,
  `referenceno` varchar(50) NOT NULL,
  `customer` varchar(50) NOT NULL,
  `branch` varchar(50) NOT NULL,
  `item` varchar(50) NOT NULL,
  `qty` int(5) NOT NULL,
  `rate` float NOT NULL,
  `total` float NOT NULL,
  `tax` float(15,2) NOT NULL,
  `gross` float(15,2) NOT NULL
) ENGINE=InnoDB DEFAULT CHARSET=latin1;

--
-- Dumping data for table `saledetail`
--

INSERT INTO `saledetail` (`sno`, `referenceno`, `customer`, `branch`, `item`, `qty`, `rate`, `total`, `tax`, `gross`) VALUES
(1, 'INVWT_COUNTER0002_1', 'CUST0002', 'COUNTER0002', 'PRODUCT0002', 1, 15, 15, 2.70, 17.70),
(2, 'INVWT_COUNTER0002_2', 'CUST0002', 'COUNTER0002', 'PRODUCT0001', 1, 10, 10, 1.80, 11.80),
(3, 'INVWT_COUNTER0002_3', 'CUST0002', 'COUNTER0002', 'PRODUCT0001', 1, 10, 10, 1.80, 11.80),
(4, 'INVWT_COUNTER0002_3', 'CUST0002', 'COUNTER0002', 'PRODUCT0003', 1, 20, 20, 3.60, 23.60),
(5, 'INVWT_COUNTER0002_4', 'CUST0002', 'COUNTER0002', 'PRODUCT0003', 1, 20, 20, 3.60, 23.60),
(6, 'INVWT_COUNTER0002_5', 'CUST0002', 'COUNTER0002', 'PRODUCT0003', 1, 20, 20, 3.60, 23.60),
(7, 'INVWT_COUNTER0002_6', 'CUST0002', 'COUNTER0002', 'PRODUCT0001', 5, 10, 50, 9.00, 59.00),
(8, 'INVWT_COUNTER0003_1', 'CUST0005', 'COUNTER0003', 'PRODUCT0005', 1, 1999, 1999, 199.90, 2198.90),
(9, 'INVWT_COUNTER0002_7', 'CUST0008', 'COUNTER0002', 'PRODUCT0001', 1, 10, 10, 1.80, 11.80),
(10, 'INVWT_COUNTER0002_8', 'CUST0008', 'COUNTER0002', 'PRODUCT0001', 1, 10, 10, 1.80, 11.80),
(11, 'INVWT_COUNTER0002_9', 'CUST0008', 'COUNTER0002', 'PRODUCT0001', 1, 10, 10, 1.80, 11.80),
(12, 'INVWT_COUNTER0002_10', 'CUST0008', 'COUNTER0002', 'PRODUCT0001', 1, 10, 10, 1.80, 11.80),
(13, 'INVWT_COUNTER0002_11', 'CUST0008', 'COUNTER0002', 'PRODUCT0001', 1, 10, 10, 1.80, 11.80),
(14, 'INVWT_COUNTER0002_12', 'CUST0008', 'COUNTER0002', 'PRODUCT0001', 1, 10, 10, 1.80, 11.80),
(15, 'INVWT_COUNTER0002_13', 'CUST0008', 'COUNTER0002', 'PRODUCT0001', 1, 10, 10, 1.80, 11.80),
(21, 'INVWT_COUNTER0003_2', 'CUST0010', 'COUNTER0003', 'PRODUCT0006', 1, 123, 123, 17.22, 140.22),
(23, 'INVWT_14', 'CUST0008', 'COUNTER0002', 'PRODUCT0001', 1, 10, 10, 1.80, 11.80),
(29, 'INVWT_2', 'CUST0135', 'COUNTER0003', 'PRODUCT0043', 1, 48, 48, 8.64, 56.64),
(52, 'INVWT_3', 'CUST0135', 'COUNTER0003', 'PRODUCT0043', 2, 39.36, 78.72, 17.28, 78.72),
(53, 'INVWT_3', 'CUST0135', 'COUNTER0003', 'PRODUCT0045', 1, 34.44, 34.44, 7.56, 42.00),
(65, 'INVWT_4', 'CUST0135', 'COUNTER0003', 'PRODUCT0043', 2, 39.36, 96, 8.64, 96.00),
(66, 'INVWT_4', 'CUST0135', 'COUNTER0003', 'PRODUCT0045', 2, 34.44, 84, 7.56, 84.00),
(69, 'INVWT_4', 'CUST0135', 'COUNTER0003', 'PRODUCT0116', 1, 573.18, 699, 125.82, 699.00),
(77, 'INVWT_5', 'CUST0135', 'COUNTER0003', 'PRODUCT0043', 2, 39.36, 96, 17.28, 96.00),
(78, 'INVWT_5', 'CUST0135', 'COUNTER0003', 'PRODUCT0045', 1, 34.44, 42, 7.56, 42.00),
(79, 'INVWT_5', 'CUST0135', 'COUNTER0003', 'PRODUCT0048', 1, 57.4, 70, 12.60, 70.00),
(80, 'INVWT_6', 'CUST0135', 'COUNTER0003', 'PRODUCT0043', 2, 39.36, 96, 17.28, 96.00),
(81, 'INVWT_6', 'CUST0135', 'COUNTER0003', 'PRODUCT0048', 2, 57.4, 140, 25.20, 140.00),
(82, 'INVWT_7', 'CUST0135', 'COUNTER0003', 'PRODUCT0043', 1, 39.36, 48, 8.64, 48.00),
(83, 'INVWT_7', 'CUST0135', 'COUNTER0003', 'PRODUCT0045', 1, 34.44, 42, 7.56, 42.00),
(84, 'INVWT_7', 'CUST0135', 'COUNTER0003', 'PRODUCT0048', 1, 57.4, 70, 12.60, 70.00),
(85, '', 'CUST0135', 'COUNTER0003', 'PRODUCT0048', 1, 57.4, 70, 12.60, 70.00),
(86, 'INVWT_8', 'CUST0135', 'COUNTER0003', 'PRODUCT0048', 1, 57.4, 70, 12.60, 70.00),
(87, 'INVWT_9', 'CUST0135', 'COUNTER0003', 'PRODUCT0048', 1, 57.4, 70, 12.60, 70.00),
(88, 'INVWT_9', 'CUST0135', 'COUNTER0003', 'PRODUCT0094', 1, 114.8, 140, 25.20, 140.00),
(89, 'INVWT_10', 'CUST0135', 'COUNTER0003', 'PRODUCT0048', 1, 57.4, 70, 12.60, 70.00),
(90, 'INVWT_10', 'CUST0135', 'COUNTER0003', 'PRODUCT0045', 1, 34.44, 42, 7.56, 42.00),
(91, 'INVWT_11', 'CUST0135', 'COUNTER0003', 'PRODUCT0050', 1, 114.8, 140, 25.20, 140.00),
(92, 'INVWT_11', 'CUST0135', 'COUNTER0003', 'PRODUCT0048', 2, 57.4, 140, 25.20, 140.00),
(93, 'INVWT_12', 'CUST0135', 'COUNTER0003', 'PRODUCT0050', 2, 114.8, 280, 50.40, 0.00),
(94, 'INVWT_12', 'CUST0135', 'COUNTER0003', 'PRODUCT0092', 1, 114.8, 140, 25.20, 140.00),
(100, 'INVWT_13', 'CUST0135', 'COUNTER0003', 'PRODUCT0114', 1, 441, 490, 49.00, 490.00),
(101, 'INVWT_13', 'CUST0135', 'COUNTER0003', 'PRODUCT0116', 1, 573.18, 699, 125.82, 699.00),
(102, 'INVWT_1', 'CUST0156', 'COUNTER0008', 'PRODUCT0045', 1, 32.8, 40, 7.20, 40.00),
(103, 'INVWT_COUNTER0008_1', 'CUST0156', 'COUNTER0008', 'PRODUCT0045', 1, 32.8, 40, 7.20, 40.00),
(104, 'INVWT_COUNTER0008_2', 'CUST0156', 'COUNTER0008', 'PRODUCT0045', 1, 32.8, 40, 7.20, 40.00),
(105, 'INVWT_COUNTER0008_3', 'CUST0156', 'COUNTER0008', 'PRODUCT0045', 1, 32.8, 40, 7.20, 40.00),
(106, 'INVWT_COUNTER0008_4', 'CUST0156', 'COUNTER0008', 'PRODUCT0045', 1, 32.8, 40, 7.20, 40.00),
(107, 'INVWT_COUNTER0008_5', 'CUST0156', 'COUNTER0008', 'PRODUCT0045', 1, 32.8, 40, 7.20, 40.00),
(108, 'INVWT_COUNTER0008_6', 'CUST0156', 'COUNTER0008', 'PRODUCT0045', 1, 32.8, 40, 7.20, 40.00),
(109, 'INVWT_COUNTER0008_7', 'CUST0156', 'COUNTER0008', 'PRODUCT0045', 1, 32.8, 40, 7.20, 40.00),
(110, 'INVWT_COUNTER0008_8', 'CUST0156', 'COUNTER0008', 'PRODUCT0045', 1, 32.8, 40, 7.20, 40.00),
(111, 'INVWOT_1', 'CUST0176', 'COUNTER0009', 'PRODUCT0076', 2, 13.2, 30, 3.60, 0.00);

-- --------------------------------------------------------

--
-- Table structure for table `sales`
--

CREATE TABLE `sales` (
  `sno` int(11) NOT NULL,
  `type` varchar(20) NOT NULL,
  `idno` int(5) NOT NULL,
  `referenceno` varchar(50) NOT NULL,
  `customer` varchar(50) NOT NULL,
  `totalqty` int(10) NOT NULL,
  `subtotal` float NOT NULL,
  `discount` float NOT NULL,
  `discountpercent` float NOT NULL,
  `cgst` float NOT NULL,
  `roundoff` float NOT NULL,
  `grosstotal` float NOT NULL,
  `paid` float NOT NULL,
  `paidtype` varchar(50) NOT NULL,
  `cardnumber` varchar(20) NOT NULL,
  `due` float NOT NULL,
  `createdat` datetime NOT NULL,
  `branch` varchar(50) NOT NULL,
  `savestatus` varchar(50) NOT NULL,
  `sgst` float NOT NULL,
  `igst` float NOT NULL
) ENGINE=InnoDB DEFAULT CHARSET=latin1;

-- --------------------------------------------------------

--
-- Table structure for table `servicecategory`
--

CREATE TABLE `servicecategory` (
  `sno` int(5) NOT NULL,
  `name` varchar(50) NOT NULL,
  `pin` int(11) NOT NULL,
  `status` int(1) NOT NULL
) ENGINE=InnoDB DEFAULT CHARSET=latin1;

--
-- Dumping data for table `servicecategory`
--

INSERT INTO `servicecategory` (`sno`, `name`, `pin`, `status`) VALUES
(1, 'PROMOTION', 0, 1),
(4, 'BUSINESS INTRO', 0, 1),
(6, 'CLASSIFIED LISTING', 0, 1),
(7, 'BUSINESS DIRECTORY', 0, 1),
(8, 'WEBSITE DEVELOPMENT', 0, 1),
(9, 'ICON BUISNESS AWARD', 0, 1);

-- --------------------------------------------------------

--
-- Table structure for table `services`
--

CREATE TABLE `services` (
  `sno` int(11) NOT NULL,
  `cid` varchar(50) NOT NULL,
  `name` varchar(50) NOT NULL,
  `mobile` varchar(20) NOT NULL,
  `email` varchar(80) NOT NULL,
  `address` varchar(200) NOT NULL,
  `category` varchar(5) NOT NULL,
  `subcategory` varchar(5) NOT NULL,
  `date` date NOT NULL,
  `remarks` varchar(200) NOT NULL,
  `createdat` datetime NOT NULL,
  `status` varchar(50) NOT NULL,
  `servicestatus` varchar(50) NOT NULL,
  `assignedto` varchar(50) NOT NULL,
  `assignedat` datetime NOT NULL,
  `walletpoint` int(5) NOT NULL,
  `creditstatus` int(1) NOT NULL,
  `requestid` varchar(30) NOT NULL,
  `paidamnt` float NOT NULL,
  `serviceremarks` varchar(500) NOT NULL
) ENGINE=InnoDB DEFAULT CHARSET=latin1;

--
-- Dumping data for table `services`
--

INSERT INTO `services` (`sno`, `cid`, `name`, `mobile`, `email`, `address`, `category`, `subcategory`, `date`, `remarks`, `createdat`, `status`, `servicestatus`, `assignedto`, `assignedat`, `walletpoint`, `creditstatus`, `requestid`, `paidamnt`, `serviceremarks`) VALUES
(1, 'CUST0133', 'Saravana Kumar', '8925525071', 'yesgleinfo@gmail.com', '1153, 13th Street, Poombuhar Nagar\r\nKolathur\r\nChennai-600099', '8', '15', '2021-06-06', 'DETAILS SEND ME CALL ME BACK', '2021-06-04 13:07:15', 'Complete', 'Complete', 'TECH0002', '2021-06-04 13:12:26', 0, 1, 'REQ3_4', 250, 'botlte '),
(2, 'ADMIN001', 'saravana', '9360466662', 'yesgleinfo@gmail.com', 'SEND', '1', '2', '2021-06-07', 'DEYAISL ', '2021-06-07 13:47:35', 'Complete', 'Complete', 'TECH0002', '2021-06-07 13:47:59', 0, 0, '', 1200, 'PROJECT'),
(3, 'ADMIN001', 'kumar', '9962516035', 'yesgleinfo@gmail.com', 'kolathur', '1', '16', '2022-03-23', 'details', '2022-03-23 15:57:30', 'Assigned', 'Pending', 'TECH0002', '2022-03-24 19:22:07', 0, 0, '', 0, '');

-- --------------------------------------------------------

--
-- Table structure for table `servicesubcategory`
--

CREATE TABLE `servicesubcategory` (
  `sno` int(2) NOT NULL,
  `name` varchar(50) NOT NULL,
  `cid` int(5) NOT NULL,
  `cost` float NOT NULL,
  `status` int(1) NOT NULL
) ENGINE=InnoDB DEFAULT CHARSET=latin1;

--
-- Dumping data for table `servicesubcategory`
--

INSERT INTO `servicesubcategory` (`sno`, `name`, `cid`, `cost`, `status`) VALUES
(16, 'BULK SMS CAMPAIGN', 1, 0, 1),
(17, 'BULK WHATSAPP CAMPAIGN', 1, 0, 1),
(18, 'BULK VOICE SMS CAMPAIGN', 1, 0, 1),
(19, 'SOCIAL MEDIA MARKETING', 1, 0, 1),
(20, 'DIGITAL MARKETING', 1, 0, 1),
(21, 'BUSINESS INTRO VIDEO', 4, 0, 1),
(22, 'BUSINESS PRODUCTS VIDEO', 4, 0, 1),
(23, 'JOBS LISTING', 6, 0, 1),
(24, 'PROPERTY LISTING', 6, 0, 1),
(25, 'BUSINESS ONLINE DIRECTORY', 7, 0, 1),
(26, 'DOMAIN BOOKING', 8, 0, 1),
(27, 'WEB HOSTING', 8, 0, 1),
(28, 'WEBSITE DESIGNING', 8, 0, 1),
(29, 'WEB DEVELOPMENT', 8, 0, 1),
(30, 'ONLINE SHOPPING', 8, 0, 1),
(31, 'APPLICATION DEVELOPMENT', 8, 0, 1),
(32, 'SOFTWARE DEVELOPMENT', 8, 0, 1),
(33, 'Nomination Awards', 9, 0, 1),
(34, 'EXPO Stall', 9, 0, 1);

-- --------------------------------------------------------

--
-- Table structure for table `settings`
--

CREATE TABLE `settings` (
  `sno` int(5) NOT NULL,
  `options` varchar(200) COLLATE utf8mb4_unicode_ci NOT NULL,
  `value` longtext COLLATE utf8mb4_unicode_ci NOT NULL
) ENGINE=InnoDB DEFAULT CHARSET=utf8mb4 COLLATE=utf8mb4_unicode_ci;

--
-- Dumping data for table `settings`
--

INSERT INTO `settings` (`sno`, `options`, `value`) VALUES
(1, 'address1', '#165, Paper Mills Road, SRP Colony'),
(2, 'address2', 'Peravallur, Kolathur, '),
(3, 'city', 'Chennai'),
(4, 'state', 'Tamil Nadu'),
(5, 'email', 'sales@thagaval.in'),
(6, 'mobile', '9360466662'),
(7, 'google', 'http://google.com'),
(8, 'facebook', 'http://facebook.com/327326204675214/'),
(9, 'instagram', 'http://instagram.com/'),
(10, 'razorpaykeyId', 'rzp_live_MRJgOkXvxYByZS'),
(11, 'razorpaykeySecret', 'SGcKxBViRVBodNTHJW5khRcF'),
(12, 'twitter', 'https://www.youtube.com/watch?v=DEXqt2Ezeyw&t=7s'),
(13, 'homepremium', '300'),
(14, 'brandpremium', '200'),
(15, 'gst', '45686569061547'),
(16, 'pan', '351046730307'),
(17, 'propertyhomepremium', '300'),
(18, 'propertybrandpremium', '200'),
(19, 'classifiedhomepremium', '2500'),
(20, 'classifiedbrandpremium', '5000');

-- --------------------------------------------------------

--
-- Table structure for table `slider`
--

CREATE TABLE `slider` (
  `sno` int(2) NOT NULL,
  `name` varchar(200) NOT NULL,
  `type` varchar(50) NOT NULL,
  `categoryid` int(3) NOT NULL,
  `path` varchar(200) NOT NULL,
  `url` varchar(1000) NOT NULL,
  `orders` int(5) NOT NULL,
  `status` int(2) NOT NULL
) ENGINE=InnoDB DEFAULT CHARSET=utf8mb4;

--
-- Dumping data for table `slider`
--

INSERT INTO `slider` (`sno`, `name`, `type`, `categoryid`, `path`, `url`, `orders`, `status`) VALUES
(67, 'kjhg', 'Home Below Trending Item', 0, 'adstha.jpg', 'http://dayshomecare.in/', 1, 1),
(78, 'yesgle', 'Home Deals', 0, 'tha_side_ads_yesgle.jpg', 'https://yesgle.in/', 1, 1),
(79, 'yesgle', 'List Page Deals', 0, 'tha_side_ads_yesgle.jpg', 'https://yesgle.in/', 1, 1),
(80, 'yesgle', 'Detail Page Deals', 0, 'tha_side_ads_yesgle.jpg', 'https://yesgle.in/', 1, 1),
(81, 'yesgle', 'Customer Dashboard Deals', 0, 'tha_side_ads_yesgle.jpg', 'https://yesgle.in', 1, 1),
(82, 'yesgle', 'Login Page Deals', 0, 'tha_side_ads_yesgle.jpg', 'https://yesgle.in', 1, 1),
(83, 'yesgle', 'Register Page Deals', 0, 'tha_side_ads_yesgle.jpg', 'https://yesgle.in', 1, 1),
(117, 'shopping', 'Home Below Slider', 0, 'Banner_ads_Shopping.jpg', '', 1, 1),
(118, 'directory', 'Home Below Slider', 0, 'Banner_ads01.jpg', '', 1, 1),
(119, 'dsa', 'Home Below Slider', 0, 'Banner_ads_ds.jpg', '', 1, 1),
(136, 'Meet', 'Home Slider', 0, 'banner_03342.jpg', '', 2, 1),
(137, 'Membership', 'Home Slider', 0, 'banner_0323r2.jpg', '', 3, 1);

-- --------------------------------------------------------

--
-- Table structure for table `subcategory`
--

CREATE TABLE `subcategory` (
  `sno` int(2) NOT NULL,
  `name` varchar(50) NOT NULL,
  `cid` int(5) NOT NULL,
  `status` int(1) NOT NULL
) ENGINE=InnoDB DEFAULT CHARSET=latin1;

--
-- Dumping data for table `subcategory`
--

INSERT INTO `subcategory` (`sno`, `name`, `cid`, `status`) VALUES
(31, 'VISITING CARD GLOSS MATT SYNTHETIC', 7, 0),
(37, 'SINGLE SIDE A5, A4, A3 100, 130, 170GSM', 7, 1),
(38, 'FRONT/BACK SIDE A5, A4, A3 100, 130, 170GSM', 7, 1),
(40, 'ENVELOPES', 7, 1),
(65, 'LETTER HEAD', 7, 1),
(94, 'VISITING CARD', 25, 1),
(95, 'ENVELOPE COVER', 25, 1),
(96, 'LETTER HEAD', 25, 1),
(97, 'ART PAPER 100 GSM A4 SIZE', 25, 1),
(98, 'ART PAPER 130 GSM A4 SIZE', 25, 1),
(99, 'ART PAPER 170 GSM A4 SIZE', 25, 1),
(100, 'SINGLE COLOR A4 SIZE', 25, 1),
(118, 'ART PAPER 100 GSM A4', 25, 1),
(119, 'ART PAPER 130 GSM A4', 26, 1),
(120, 'ART PAPER 170 GSM A4', 27, 1),
(121, 'Single Color Printing', 28, 1),
(122, 'VISITING CARD', 22, 1),
(123, 'ENVELOPE COVER', 23, 1),
(124, 'LETTER HEAD', 24, 1);

-- --------------------------------------------------------

--
-- Table structure for table `supplier`
--

CREATE TABLE `supplier` (
  `sno` int(5) NOT NULL,
  `idno` int(5) NOT NULL,
  `type` varchar(50) COLLATE utf8mb4_unicode_ci NOT NULL,
  `id` varchar(30) COLLATE utf8mb4_unicode_ci NOT NULL,
  `name` varchar(100) COLLATE utf8mb4_unicode_ci NOT NULL,
  `address1` varchar(100) COLLATE utf8mb4_unicode_ci NOT NULL,
  `address2` varchar(100) COLLATE utf8mb4_unicode_ci NOT NULL,
  `city` varchar(50) COLLATE utf8mb4_unicode_ci NOT NULL,
  `state` varchar(50) COLLATE utf8mb4_unicode_ci NOT NULL,
  `country` varchar(50) COLLATE utf8mb4_unicode_ci NOT NULL,
  `pincode` varchar(10) COLLATE utf8mb4_unicode_ci NOT NULL,
  `mobile` varchar(20) COLLATE utf8mb4_unicode_ci NOT NULL,
  `whatsapp` varchar(20) COLLATE utf8mb4_unicode_ci NOT NULL,
  `alternate` varchar(20) COLLATE utf8mb4_unicode_ci NOT NULL,
  `email` varchar(50) COLLATE utf8mb4_unicode_ci NOT NULL,
  `gst` varchar(20) COLLATE utf8mb4_unicode_ci NOT NULL,
  `marketing` int(11) NOT NULL,
  `createdat` datetime NOT NULL DEFAULT CURRENT_TIMESTAMP,
  `createdby` varchar(50) COLLATE utf8mb4_unicode_ci NOT NULL,
  `createdbytype` varchar(50) COLLATE utf8mb4_unicode_ci NOT NULL
) ENGINE=InnoDB DEFAULT CHARSET=utf8mb4 COLLATE=utf8mb4_unicode_ci;

--
-- Dumping data for table `supplier`
--

INSERT INTO `supplier` (`sno`, `idno`, `type`, `id`, `name`, `address1`, `address2`, `city`, `state`, `country`, `pincode`, `mobile`, `whatsapp`, `alternate`, `email`, `gst`, `marketing`, `createdat`, `createdby`, `createdbytype`) VALUES
(295, 1, 'Customer', 'CUST0001', 'kishore', '', '', '', '', '', '', '9150440635', '', '', 'kishoreyesgle@gmail.com', '', 0, '2022-08-02 12:26:39', '', ''),
(296, 2, 'Customer', 'CUST0002', 'Yesgle Solution', '', '', '', '', '', '', '9962516035', '', '', 'yesgleinfo@gmail.com', '', 0, '2022-08-02 12:34:41', '', ''),
(297, 3, 'Customer', 'CUST0003', 'saravana kumar', '', '', '', '', '', '', '9962516036', '', '', 'callinfoinc@gmail.com', '', 0, '2022-08-02 13:12:30', '', ''),
(299, 5, 'Customer', 'CUST0005', 'yesgle solutions', '  chennai -600082', '  chennai -600082', 'Chennai', 'Tamil Nadu', 'India', '600082', '9962516037', '9962516037', '', 'abiyesglesolutions@gmail.com', '', 0, '2022-10-08 15:07:25', '', ''),
(301, 7, 'Customer', 'CUST0007', 'shah', '', '', '', '', '', '', '7305588891', '', '', 'shah.yesgle@gmail.com', '', 0, '2022-10-08 15:12:50', '', ''),
(304, 10, 'Customer', 'CUST0010', 'Virushabadasss. s', '', '', '', '', '', '', '8820685624', '', '', 'Virushabadasss. s@gmail.com', '', 0, '2022-10-11 18:38:04', '', ''),
(306, 11, 'Customer', 'CUST0011', 'RAM ENTERPRISES ', '', '', '', '', '', '', '9566261013', '', '', 'ramenterprises56@gmail.com', '', 0, '2022-10-12 14:49:19', '', ''),
(307, 12, 'Customer', 'CUST0012', 'loki', '', '', '', '', '', '', '7305588892', '', '', 'yesgle', '', 0, '2022-10-12 16:43:23', '', ''),
(308, 13, 'Customer', 'CUST0013', 'Kalimani ', '', '', '', '', '', '', '9962772911', '', '', 'mmkalimagi@gmail.com', '', 0, '2022-10-13 12:26:45', '', ''),
(312, 14, 'Customer', 'CUST0014', 'SV Industries', '', '', '', '', '', '', '9080017619', '', '', 'srivinayagaindustries010@gmail.com', '', 0, '2022-10-13 14:40:02', '', ''),
(313, 15, 'Customer', 'CUST0015', 'P Jagannathan', '', '', '', '', '', '', '9840987827', '', '', 'p.jagannathan@renewbuy.in', '', 0, '2022-10-14 10:44:51', '', ''),
(314, 16, 'Customer', 'CUST0016', 'Sureshbabu', '', '', '', '', '', '', '8667363153', '', '', 'suresh1815chennai@yahoo.com', '', 0, '2022-10-14 17:58:51', '', ''),
(318, 17, 'Customer', 'CUST0017', '9840398187', '', '', '', '', '', '', '9840398187', '', '', 'paturaj27@gmail.com', '', 0, '2022-10-19 14:55:31', '', ''),
(319, 18, 'Customer', 'CUST0018', 'Sagar', '', '', '', '', '', '', '9444734238', '', '', 'sagargroup2021@gmail.com', '', 0, '2022-10-27 16:46:35', '', ''),
(320, 19, 'Customer', 'CUST0019', 'Sunish Kumar', '', '', '', '', '', '', '9677050725', '', '', 'eminence.manservices@gmail.com', '', 0, '2022-10-31 12:40:57', '', ''),
(321, 20, 'Customer', 'CUST0020', 'Selvaraj ', '', '', '', '', '', '', '8428780699', '', '', 'selvakumarveerappan@gmail.com', '', 0, '2022-11-01 13:48:57', '', ''),
(322, 21, 'Customer', 'CUST0021', 'Technician - General', '', '', '', '', '', '', '7200487109', '', '', '', '', 0, '2022-11-01 16:21:08', '', ''),
(323, 22, 'Customer', 'CUST0022', 'Perfect Surveyor Private Limited', '', '', '', '', '', '', '9244220775', '', '', '', '', 0, '2022-11-01 16:29:10', '', ''),
(324, 23, 'Customer', 'CUST0023', '9677498816', '', '', '', '', '', '', '9677498816', '', '', '', '', 0, '2022-11-01 16:36:51', '', ''),
(325, 24, 'Customer', 'CUST0024', '7871257777', '', '', '', '', '', '', '7871257777', '', '', '', '', 0, '2022-11-01 16:46:26', '', ''),
(326, 25, 'Customer', 'CUST0025', '9840055674', '', '', '', '', '', '', '9840055674', '', '', '', '', 0, '2022-11-01 16:53:39', '', ''),
(327, 26, 'Customer', 'CUST0026', '9176175006', '', '', '', '', '', '', '9176175006', '', '', '', '', 0, '2022-11-01 17:14:44', '', ''),
(328, 27, 'Customer', 'CUST0027', ' 9965089280', '', '', '', '', '', '', '9965089280', '', '', '', '', 0, '2022-11-01 17:19:27', '', ''),
(329, 28, 'Customer', 'CUST0028', ' 8098066600', '', '', '', '', '', '', '8098066600', '', '', '', '', 0, '2022-11-01 17:26:27', '', ''),
(330, 29, 'Customer', 'CUST0029', ' 9514175066', '', '', '', '', '', '', '9514175066', '', '', '', '', 0, '2022-11-01 17:29:35', '', ''),
(331, 30, 'Customer', 'CUST0030', '9171571457', '', '', '', '', '', '', '9171571457', '', '', '', '', 0, '2022-11-02 11:46:34', '', ''),
(332, 31, 'Customer', 'CUST0031', ' 9600034284', '', '', '', '', '', '', '9600034284', '', '', '', '', 0, '2022-11-02 11:50:50', '', ''),
(333, 32, 'Customer', 'CUST0032', ' 7299559977', '', '', '', '', '', '', '7299559977', '', '', '', '', 0, '2022-11-02 11:54:10', '', ''),
(334, 33, 'Customer', 'CUST0033', '6383361506', '', '', '', '', '', '', '6383361506', '', '', '', '', 0, '2022-11-02 11:56:44', '', ''),
(335, 34, 'Customer', 'CUST0034', ' 9677162442', '', '', '', '', '', '', '9677162442', '', '', '', '', 0, '2022-11-02 12:00:40', '', ''),
(336, 35, 'Customer', 'CUST0035', '9840454293', '', '', '', '', '', '', '9840454293', '', '', '', '', 0, '2022-11-02 12:03:31', '', ''),
(337, 36, 'Customer', 'CUST0036', ' 9940068400', '', '', '', '', '', '', '9940068400', '', '', '', '', 0, '2022-11-02 12:06:20', '', ''),
(338, 37, 'Customer', 'CUST0037', '6369520740', '', '', '', '', '', '', '6369520740', '', '', '6369520740', '', 0, '2022-11-02 12:11:10', '', ''),
(339, 38, 'Customer', 'CUST0038', '9789986014', '', '', '', '', '', '', '9789986014', '', '', '', '', 0, '2022-11-02 12:15:48', '', ''),
(340, 39, 'Customer', 'CUST0039', '9940016691', '', '', '', '', '', '', '9940016691', '', '', '', '', 0, '2022-11-02 12:19:19', '', ''),
(341, 40, 'Customer', 'CUST0040', ' 9176856856', '', '', '', '', '', '', '9176856856', '', '', ' 9176856856', '', 0, '2022-11-02 12:30:14', '', ''),
(342, 41, 'Customer', 'CUST0041', '7338795795', '', '', '', '', '', '', '7338795795', '', '', '', '', 0, '2022-11-02 12:33:26', '', ''),
(343, 42, 'Customer', 'CUST0042', '8754305428', '', '', '', '', '', '', '8754305428', '', '', '8754305428', '', 0, '2022-11-02 12:34:52', '', ''),
(344, 43, 'Customer', 'CUST0043', '9710449401', '', '', '', '', '', '', '9710449401', '', '', '', '', 0, '2022-11-02 12:38:16', '', ''),
(345, 44, 'Customer', 'CUST0044', 'Kannan', '', '', '', '', '', '', '7305058866', '', '', 'saikannanind1@gmail.com', '', 0, '2022-11-02 12:46:09', '', ''),
(346, 45, 'Customer', 'CUST0045', '9488891480', '', '', '', '', '', '', '9488891480', '', '', '', '', 0, '2022-11-02 12:47:53', '', ''),
(347, 46, 'Customer', 'CUST0046', ' 9941620668', '', '', '', '', '', '', '9941620668', '', '', ' 9941620668', '', 0, '2022-11-02 12:49:49', '', ''),
(348, 47, 'Customer', 'CUST0047', '9381014379', '', '', '', '', '', '', '9381014379', '', '', '9381014379', '', 0, '2022-11-02 12:53:31', '', ''),
(349, 48, 'Customer', 'CUST0048', '9884882200', '', '', '', '', '', '', '9884882200', '', '', '', '', 0, '2022-11-02 12:56:39', '', ''),
(350, 49, 'Customer', 'CUST0049', '9884495522', '', '', '', '', '', '', '9884495522', '', '', '', '', 0, '2022-11-02 12:59:41', '', ''),
(351, 50, 'Customer', 'CUST0050', 'Prasad ', '', '', '', '', '', '', '9566199365', '', '', ' sooryanarayanasamy92@gmail.com', '', 0, '2022-11-03 13:52:15', '', ''),
(352, 51, 'Customer', 'CUST0051', ' 9884699096', '', '', '', '', '', '', '9884699096', '', '', ' 9884699096', '', 0, '2022-11-03 15:02:56', '', ''),
(353, 52, 'Customer', 'CUST0052', ' 7448868966', '', '', '', '', '', '', '7448868966', '', '', ' 7448868966', '', 0, '2022-11-03 15:17:24', '', ''),
(354, 53, 'Customer', 'CUST0053', ' 9940332121', '', '', '', '', '', '', '9940332121', '', '', ' 9940332121', '', 0, '2022-11-03 15:28:17', '', ''),
(355, 54, 'Customer', 'CUST0054', ' 9962816168', '', '', '', '', '', '', '9962816168', '', '', ' 9962816168', '', 0, '2022-11-04 10:07:21', '', ''),
(356, 55, 'Customer', 'CUST0055', ' 9677869927', '', '', '', '', '', '', '9677869927', '', '', ' 9677869927', '', 0, '2022-11-04 10:11:01', '', ''),
(357, 56, 'Customer', 'CUST0056', '6379902960', '', '', '', '', '', '', '6379902960', '', '', '6379902960', '', 0, '2022-11-04 10:12:06', '', ''),
(358, 57, 'Customer', 'CUST0057', '9791057777', '', '', '', '', '', '', '9791057777', '', '', '9791057777', '', 0, '2022-11-04 10:14:43', '', ''),
(359, 58, 'Customer', 'CUST0058', ' 9944666199', '', '', '', '', '', '', '9944666199', '', '', ' 9944666199', '', 0, '2022-11-04 10:18:29', '', ''),
(360, 59, 'Customer', 'CUST0059', ' 9840492273', '', '', '', '', '', '', '9840492273', '', '', ' 9840492273', '', 0, '2022-11-04 10:21:20', '', ''),
(361, 60, 'Customer', 'CUST0060', ' 7299372299', '', '', '', '', '', '', '7299372299', '', '', ' 7299372299', '', 0, '2022-11-04 10:29:35', '', ''),
(362, 61, 'Customer', 'CUST0061', ' 9840568886', '', '', '', '', '', '', '9840568886', '', '', ' 9840568886', '', 0, '2022-11-04 10:31:41', '', ''),
(363, 62, 'Customer', 'CUST0062', ' 9043372244', '', '', '', '', '', '', '9043372244', '', '', ' 9043372244', '', 0, '2022-11-04 10:34:54', '', ''),
(364, 63, 'Customer', 'CUST0063', ' 9841601027', '', '', '', '', '', '', '9841601027', '', '', ' 9841601027', '', 0, '2022-11-04 10:36:56', '', ''),
(365, 64, 'Customer', 'CUST0064', ' 9841601027', '', '', '', '', '', '', '9841601027', '', '', ' 9841601027', '', 0, '2022-11-04 10:36:57', '', ''),
(366, 65, 'Customer', 'CUST0065', '9677197686', '', '', '', '', '', '', '9677197686', '', '', '9677197686', '', 0, '2022-11-04 10:39:48', '', ''),
(367, 66, 'Customer', 'CUST0066', '9840890094', '', '', '', '', '', '', '9840890094', '', '', '9840890094', '', 0, '2022-11-04 10:42:23', '', ''),
(368, 67, 'Customer', 'CUST0067', 'Saravana Scans', '810, Anna Salai, next to GR Complex,  ', 'Opposite to, CIT Nagar West adn AUDI showroom, Nandanam, Chennai, Tamil Nadu', 'Chennai', 'Tamil Nadu', 'India', '600035', '9150061043', '', '', 'hr@saravanascans.com', '', 0, '2022-11-04 11:16:30', '', ''),
(369, 68, 'Customer', 'CUST0068', '99741913977', '', '', '', '', '', '', '99741913977', '', '', 'phorotech_hr@rediffmail.com', '', 0, '2022-11-04 11:31:40', '', ''),
(370, 69, 'Customer', 'CUST0069', '9962795815', '', '', '', '', '', '', '9962795815', '', '', '9962795815', '', 0, '2022-11-04 11:50:53', '', ''),
(371, 70, 'Customer', 'CUST0070', ' 7812863039', '', '', '', '', '', '', '7812863039', '', '', ' 7812863039', '', 0, '2022-11-04 11:56:27', '', ''),
(372, 71, 'Customer', 'CUST0071', ' 8056823291', '', '', '', '', '', '', '8056823291', '', '', ' 8056823291', '', 0, '2022-11-04 11:59:40', '', ''),
(373, 72, 'Customer', 'CUST0072', '9962718081', '', '', '', '', '', '', '9962718081', '', '', '9962718081', '', 0, '2022-11-04 12:09:08', '', ''),
(374, 73, 'Customer', 'CUST0073', ' 6382224941', '', '', '', '', '', '', '6382224941', '', '', ' 6382224941', '', 0, '2022-11-04 12:42:24', '', ''),
(375, 74, 'Customer', 'CUST0074', ' 9092823578', '', '', '', '', '', '', '9092823578', '', '', '', '', 0, '2022-11-04 13:13:07', '', ''),
(376, 75, 'Customer', 'CUST0075', ' 9840051854', '', '', '', '', '', '', '9840051854', '', '', '', '', 0, '2022-11-04 13:16:44', '', ''),
(377, 76, 'Customer', 'CUST0076', ' 6383165141', '', '', '', '', '', '', '6383165141', '', '', '', '', 0, '2022-11-04 13:23:41', '', ''),
(378, 77, 'Customer', 'CUST0077', '9841705098', '', '', '', '', '', '', '9841705098', '', '', '', '', 0, '2022-11-04 15:01:53', '', ''),
(379, 78, 'Customer', 'CUST0078', '9600022999', '', '', '', '', '', '', '9600022999', '', '', '', '', 0, '2022-11-04 15:11:43', '', ''),
(380, 79, 'Customer', 'CUST0079', '9137511417', '', '', '', '', '', '', '9137511417', '', '', '', '', 0, '2022-11-04 15:14:17', '', ''),
(381, 80, 'Customer', 'CUST0080', '9137511417', '', '', '', '', '', '', '9137511417', '', '', '', '', 0, '2022-11-04 15:14:18', '', ''),
(382, 81, 'Customer', 'CUST0081', ' 8883144491', '', '', '', '', '', '', '8883144491', '', '', '', '', 0, '2022-11-04 15:17:55', '', ''),
(383, 82, 'Customer', 'CUST0082', 'Naveen', '', '', '', '', '', '', '9360497487', '', '', 'sridharrastaw127@gmail.com', '', 0, '2022-11-05 14:46:39', '', ''),
(384, 83, 'Customer', 'CUST0083', 'LakshmiKumar ', '', '', '', '', '', '', '9941877796', '', '', 'lakshmikumar400@gmail.com', '', 0, '2022-11-07 13:30:57', '', ''),
(385, 84, 'Customer', 'CUST0084', 'L.G Cars', '', '', '', '', '', '', '9941128102', '', '', 'lgcars@gmail.com', '', 0, '2022-11-07 16:45:36', '', ''),
(386, 85, 'Customer', 'CUST0085', '7358432271', '', '', '', '', '', '', '73584322717358432271', '', '', '7358432271', '', 0, '2022-11-08 16:12:58', '', ''),
(387, 86, 'Customer', 'CUST0086', '9566196720', '', '', '', '', '', '', '9566196720', '', '', '9566196720', '', 0, '2022-11-08 16:16:12', '', ''),
(388, 87, 'Customer', 'CUST0087', ' 8939011958', '', '', '', '', '', '', '8939011958', '', '', ' 8939011958', '', 0, '2022-11-08 16:19:47', '', ''),
(389, 88, 'Customer', 'CUST0088', ' 9840460408', '', '', '', '', '', '', '9840460408', '', '', ' 9840460408', '', 0, '2022-11-08 16:23:32', '', ''),
(390, 89, 'Customer', 'CUST0089', ' 9884300985', '', '', '', '', '', '', '9884300985', '', '', ' 9884300985', '', 0, '2022-11-08 16:26:40', '', ''),
(391, 90, 'Customer', 'CUST0090', '8939228810', '', '', '', '', '', '', '8939228810', '', '', '8939228810', '', 0, '2022-11-08 16:30:40', '', ''),
(392, 91, 'Customer', 'CUST0091', '7904753732', '', '', '', '', '', '', '7904753732', '', '', 'tksgramesh@gmail.com', '', 0, '2022-11-08 19:05:23', '', ''),
(393, 92, 'Customer', 'CUST0092', '9884136786', '', '', '', '', '', '', '9884136786', '', '', '9884136786', '', 0, '2022-11-09 17:34:42', '', ''),
(394, 93, 'Customer', 'CUST0093', ' 7305609996', '', '', '', '', '', '', '7305609996', '', '', ' 7305609996', '', 0, '2022-11-09 17:38:01', '', ''),
(395, 94, 'Customer', 'CUST0094', '7824812588', '', '', '', '', '', '', '7824812588', '', '', '7824812588', '', 0, '2022-11-09 17:41:28', '', ''),
(396, 95, 'Customer', 'CUST0095', 'Raja', '', '', '', '', '', '', '8122762492', '', '', 'johnsolomon1406@gmail.com', '', 0, '2022-11-11 16:10:09', '', ''),
(397, 96, 'Customer', 'CUST0096', ' 9361589101', '', '', '', '', '', '', '9361589101', '', '', ' 9361589101', '', 0, '2022-11-12 10:55:06', '', ''),
(398, 97, 'Customer', 'CUST0097', ' 7401296412', '', '', '', '', '', '', '7401296412', '', '', ' 7401296412', '', 0, '2022-11-12 10:59:07', '', ''),
(399, 98, 'Customer', 'CUST0098', ' 8610568766', '', '', '', '', '', '', '8610568766', '', '', ' 8610568766', '', 0, '2022-11-12 11:03:50', '', ''),
(400, 99, 'Customer', 'CUST0099', ' 9841810946', '', '', '', '', '', '', '9841810946', '', '', ' 9841810946', '', 0, '2022-11-12 11:07:07', '', ''),
(401, 100, 'Customer', 'CUST0100', ' 9884839483', '', '', '', '', '', '', '9884839483', '', '', ' 9884839483', '', 0, '2022-11-12 11:11:43', '', ''),
(402, 101, 'Customer', 'CUST0101', ' 9345395605', '', '', '', '', '', '', '9345395605', '', '', ' 9345395605', '', 0, '2022-11-12 11:14:46', '', ''),
(403, 102, 'Customer', 'CUST0102', ' 9894473918', '', '', '', '', '', '', '9894473918', '', '', ' 9894473918', '', 0, '2022-11-12 11:17:16', '', ''),
(404, 103, 'Customer', 'CUST0103', ' 9597217373', '', '', '', '', '', '', '9597217373', '', '', ' 9597217373', '', 0, '2022-11-12 11:19:36', '', ''),
(405, 104, 'Customer', 'CUST0104', ' 9444532895', '', '', '', '', '', '', '9444532895', '', '', ' 9444532895', '', 0, '2022-11-12 11:23:58', '', ''),
(406, 105, 'Customer', 'CUST0105', ' 9840046250', '', '', '', '', '', '', '9840046250', '', '', ' 9840046250', '', 0, '2022-11-12 11:29:33', '', ''),
(407, 106, 'Customer', 'CUST0106', ' 9092292172', '', '', '', '', '', '', '9092292172', '', '', ' 9092292172', '', 0, '2022-11-12 11:32:39', '', ''),
(408, 107, 'Customer', 'CUST0107', '8189979822', '', '', '', '', '', '', '8189979822', '', '', '8189979822', '', 0, '2022-11-12 11:35:58', '', ''),
(409, 108, 'Customer', 'CUST0108', ' 7358042265', '', '', '', '', '', '', '7358042265', '', '', ' 7358042265', '', 0, '2022-11-12 11:40:04', '', ''),
(410, 109, 'Customer', 'CUST0109', '8870006070', '', '', '', '', '', '', '8870006070', '', '', '8870006070', '', 0, '2022-11-12 11:44:30', '', ''),
(411, 110, 'Customer', 'CUST0110', '8220685624', '', '', '', '', '', '', '8220685624', '', '', '8220685624', '', 0, '2022-11-12 12:34:56', '', ''),
(412, 111, 'Customer', 'CUST0111', 'rajkumar ', '', '', '', '', '', '', '8072800280', '', '', 'rajkumar924@gmail.com', '', 0, '2022-11-12 13:05:36', '', ''),
(413, 112, 'Customer', 'CUST0112', '8428780696', '', '', '', '', '', '', '8428780696', '', '', '8428780696', '', 0, '2022-11-12 13:34:53', '', ''),
(414, 113, 'Customer', 'CUST0113', ' 9840174494', '', '', '', '', '', '', '9840174494', '', '', ' 9840174494', '', 0, '2022-11-14 12:07:36', '', ''),
(415, 114, 'Customer', 'CUST0114', ' 8680002230', '', '', '', '', '', '', '8680002230', '', '', ' 8680002230', '', 0, '2022-11-14 12:11:33', '', ''),
(416, 115, 'Customer', 'CUST0115', ' 9962518402', '', '', '', '', '', '', '9962518402', '', '', ' 9962518402', '', 0, '2022-11-14 12:14:07', '', ''),
(417, 116, 'Customer', 'CUST0116', '9840272288', '', '', '', '', '', '', '9840272288', '', '', '9840272288', '', 0, '2022-11-14 12:20:51', '', ''),
(418, 117, 'Customer', 'CUST0117', ' 9003200220', '', '', '', '', '', '', '9003200220', '', '', ' 9003200220', '', 0, '2022-11-14 12:36:06', '', ''),
(419, 118, 'Customer', 'CUST0118', '9941119116', '', '', '', '', '', '', '9941119116', '', '', '9941119116', '', 0, '2022-11-14 12:43:08', '', ''),
(420, 119, 'Customer', 'CUST0119', ' 9840014983', '', '', '', '', '', '', '9840014983', '', '', ' 9840014983', '', 0, '2022-11-14 12:46:55', '', ''),
(421, 120, 'Customer', 'CUST0120', '7094917713', '', '', '', '', '', '', '7094917713', '', '', '7094917713', '', 0, '2022-11-14 13:01:45', '', ''),
(422, 121, 'Customer', 'CUST0121', '9003211044', '', '', '', '', '', '', '9003211044', '', '', '9003211044', '', 0, '2022-11-14 13:06:57', '', ''),
(423, 122, 'Customer', 'CUST0122', '9003322996', '', '', '', '', '', '', '9003322996', '', '', '9003322996', '', 0, '2022-11-14 13:13:29', '', ''),
(424, 123, 'Customer', 'CUST0123', ' 9444455598', '', '', '', '', '', '', '9444455598', '', '', ' 9444455598', '', 0, '2022-11-14 13:16:42', '', ''),
(425, 124, 'Customer', 'CUST0124', ' 8925314443', '', '', '', '', '', '', '8925314443', '', '', ' 8925314443', '', 0, '2022-11-14 13:22:22', '', ''),
(426, 125, 'Customer', 'CUST0125', 'aoscom', '', '', '', '', '', '', '6385792029', '', '', 'miisms.in@gmail.com', '', 0, '2022-11-14 15:56:34', '', ''),
(427, 126, 'Customer', 'CUST0126', 'mmcom', '', '', '', '', '', '', '7200275452', '', '', 'mobitext.in@gmail.com', '', 0, '2022-11-14 15:58:36', '', ''),
(428, 127, 'Customer', 'CUST0127', 'Velugopal', '', '', '', '', '', '', '9940039252', '', '', 'qxerox45@gmail.com', '', 0, '2022-11-15 16:18:22', '', ''),
(429, 128, 'Customer', 'CUST0128', 'Nelson ', '', '', '', '', '', '', '9840058653', '', '', 'jmnss1997@yahoo.co.qk', '', 0, '2022-11-17 17:32:33', '', ''),
(430, 129, 'Customer', 'CUST0129', 'Nelson', '', '', '', '', '', '', '9840058653', '', '', '9840058653', '', 0, '2022-11-17 17:49:41', '', ''),
(431, 130, 'Customer', 'CUST0130', 'Karthik', '', '', '', '', '', '', '9994870635', '', '', 'kuttikarthik53@gmail.com', '', 0, '2022-11-18 13:43:16', '', ''),
(432, 131, 'Customer', 'CUST0131', 'Raja ', '', '', '', '', '', '', '9840847986', '', '', 'krhardwares@yahoo.com', '', 0, '2022-11-18 18:35:45', '', ''),
(433, 132, 'Customer', 'CUST0132', 'Balaganesh ', '', '', '', '', '', '', '9840226677', '', '', 'balaganeshsbg@gmail.com', '', 0, '2022-11-19 18:32:36', '', ''),
(434, 133, 'Customer', 'CUST0133', 'Mouleeswari', '', '', '', '', '', '', '7395951992', '', '', 'mouleesaro@gmail.com', '', 0, '2022-11-21 10:21:56', '', ''),
(435, 134, 'Customer', 'CUST0134', 'The AcZone Pvt Ltd', '', '', '', '', '', '', '9841068380', '', '', 'contact@theaczone.com', '', 0, '2022-11-21 14:29:48', '', ''),
(436, 135, 'Customer', 'CUST0135', 'Penda Private Limited', 'Level 7, Ispahani Centre', 'Nungambakkam', 'Chennai', 'Tamil Nadu', 'India', '600034', '9884054441', '9884054441', '9884055433', 'info@penda.in', '', 0, '2022-11-24 17:22:16', '', ''),
(438, 136, 'Customer', 'CUST0136', 'Bala Associates Engineer Private Limited ', '', '', '', '', '', '', '9566168888', '', '', 'balaassociates@gmail.com', '', 0, '2022-11-25 16:16:41', '', ''),
(439, 137, 'Customer', 'CUST0137', 'Srijayalakshmi', '', '', '', '', '', '', '9840361975', '', '', 'jms381978@gmail.com', '', 0, '2022-11-25 18:44:46', '', ''),
(440, 138, 'Customer', 'CUST0138', 'Asheathshankar', '', '', '', '', '', '', '8122037397', '', '', 'asheathshankar@gmail.com', '', 0, '2022-11-26 11:54:41', '', ''),
(441, 139, 'Customer', 'CUST0139', 'Srikumar', '', '', '', '', '', '', '9841293503', '', '', 'carefitech@gmail.com', '', 0, '2022-11-30 15:52:22', '', ''),
(442, 140, 'Customer', 'CUST0140', 'Raja ', '', '', '', '', '', '', '9840233229', '', '', 'Hafafoods@gmail.com ', '', 0, '2022-11-30 18:02:39', '', ''),
(443, 141, 'Customer', 'CUST0141', 'Dr.Rajasheelan', '', '', '', '', '', '', '944533394', '', '', 'chennaisheelan@gmail.com', '', 0, '2022-11-30 21:03:34', '', ''),
(444, 142, 'Customer', 'CUST0142', 'Shankar', '', '', '', '', '', '', '9500814491', '', '', 'amtaxconsultant@gmail.com', '', 0, '2022-12-01 11:38:08', '', ''),
(445, 143, 'Customer', 'CUST0143', 'Emor Industries', '', '', '', '', '', '', '9840208640', '', '', 'emorcac@yahoo.com', '', 0, '2022-12-01 12:16:00', '', ''),
(446, 144, 'Customer', 'CUST0144', 'nisha', 'no 165 paper mills road ', 's.p.r colony ', 'Chennai', 'Tamil Nadu', 'India', '600099', '7448678665', '7904569814', '', 'nishanthy1029@gmail.com', '', 0, '2022-12-06 11:02:32', '', ''),
(447, 145, 'Customer', 'CUST0145', 'yuvi', '', '', '', '', '', '', '8667551970', '', '', 'asd@!ersrtf.gyu', '', 0, '2023-01-02 19:40:39', '', ''),
(448, 146, 'Customer', 'CUST0146', 'yuvi', '', '', '', '', '', '', '8667551970', '', '', 'asd@!ersrtf.gyu', '', 0, '2023-01-02 19:40:40', '', ''),
(449, 147, 'Customer', 'CUST0147', 'yuvi', '', '', '', '', '', '', '8667551970', '', '', 'asd@!ersrtf.gyu', '', 0, '2023-01-02 19:40:40', '', ''),
(450, 148, 'Customer', 'CUST0148', 'yuvi', '', '', '', '', '', '', '8667551970', '', '', 'asd@!ersrtf.gyu', '', 0, '2023-01-02 19:40:41', '', ''),
(451, 149, 'Customer', 'CUST0149', 'yuvi', '', '', '', '', '', '', '9962516045', '', '', 'yuvi@yesgle.in', '', 0, '2023-01-02 19:44:43', '', ''),
(452, 150, 'Customer', 'CUST0150', 'yuvi', '', '', '', '', '', '', '9962516045', '', '', 'yuvi@yesgle.in', '', 0, '2023-01-02 19:44:46', '', ''),
(453, 151, 'Customer', 'CUST0151', 'yuvi', '', '', '', '', '', '', '9962516045', '', '', 'yuvi@yesgle.in', '', 0, '2023-01-02 19:44:55', '', ''),
(454, 152, 'Customer', 'CUST0152', 'yuvi', '', '', '', '', '', '', '9962516045', '', '', 'yuvi@yesgle.in', '', 0, '2023-01-02 19:45:39', '', ''),
(455, 153, 'Customer', 'CUST0153', 'yuvi', '', '', '', '', '', '', '9962516045', '', '', 'yuvi@yesgle.in', '', 0, '2023-01-02 19:45:57', '', '');

-- --------------------------------------------------------

--
-- Table structure for table `tags`
--

CREATE TABLE `tags` (
  `sno` int(5) NOT NULL,
  `tags` varchar(100) NOT NULL
) ENGINE=InnoDB DEFAULT CHARSET=latin1;

--
-- Dumping data for table `tags`
--

INSERT INTO `tags` (`sno`, `tags`) VALUES
(1, 'Technical'),
(3, 'New'),
(4, ' Blog'),
(5, ' Test'),
(6, ' Tag'),
(7, 'Business'),
(8, ' Rabbit'),
(9, ' Farms'),
(10, ' '),
(11, 'RABBIT'),
(12, ' BUISNESS'),
(14, '#covidnews #covidratio '),
(15, '#dachshund #smallbreed #detectordogs #'),
(16, '#dogarticles #pomeraniandogs #childrenpet #fre'),
(17, '#smallbreeds #beagles #curiousdogs '),
(18, '#shihtzu #littlelion '),
(19, '#labrador #gundog #rescuedog #guidedog '),
(21, '#Persiancats #Highmaintenance #grommingcats '),
(28, '#Lovcebirds #Budgies '),
(30, '#rottweiler#rottie#puppy'),
(31, '#greatdanen#greatdanelove'),
(32, '#greatdaen#lovepuppy'),
(33, '#greatdane#lovepuppy'),
(34, '#roatweiller#roati#lovepuppy'),
(35, '#Labrador #Intelligentlabs'),
(36, '#Daschund #Smallbred'),
(37, 'BUSINESS MEET'),
(38, 'Test'),
(39, 'தமிழà¯நாடà¯டிலà¯ இநà¯த வாரமà¯ மழை'),
(40, 'நநà¯தியாறà¯ ஆகà¯கிரமிபà¯பà¯களà¯'),
(41, '1'),
(42, 'Doss'),
(43, 'sss');

-- --------------------------------------------------------

--
-- Table structure for table `technician`
--

CREATE TABLE `technician` (
  `sno` int(5) NOT NULL,
  `idno` int(5) NOT NULL,
  `technicianid` varchar(50) NOT NULL,
  `name` varchar(200) NOT NULL,
  `mobile` varchar(20) NOT NULL,
  `email` varchar(100) NOT NULL,
  `address1` varchar(100) NOT NULL,
  `address2` varchar(100) NOT NULL,
  `city` varchar(50) NOT NULL,
  `state` varchar(50) NOT NULL,
  `pincode` varchar(10) NOT NULL,
  `salepercent` float NOT NULL,
  `servicepercent` float NOT NULL,
  `wallet` float NOT NULL,
  `pending` int(5) NOT NULL,
  `complete` int(5) NOT NULL,
  `status` int(1) NOT NULL
) ENGINE=InnoDB DEFAULT CHARSET=latin1;

--
-- Dumping data for table `technician`
--

INSERT INTO `technician` (`sno`, `idno`, `technicianid`, `name`, `mobile`, `email`, `address1`, `address2`, `city`, `state`, `pincode`, `salepercent`, `servicepercent`, `wallet`, `pending`, `complete`, `status`) VALUES
(1, 1, 'TECH0001', 'Sathish', '8925525071', 'yesgleinfo@gmail.com', '1153, 13th Street, Poombuhar Nagar', 'Kolathur', 'Chennai', 'Tamil Nadu', '600099', 25, 50, 0, 100, 0, 0),
(3, 2, 'TECH0002', 'Saravana Kumar', '09360466662', 'yesgleinfo@gmail.com', '1153, 13th Street, Poombuhar Nagar', 'Kolathur', 'Chennai', 'Tamil Nadu', '600099', 10, 20, 0, 0, 0, 1),
(4, 3, 'TECH0003', 'Chandru', '08883880168', 'cschandru08@gmail.com', 'Jeeva Nagar', 'Muthanampalayam', 'Tirupur', 'Tamil Nadu', '641606', 5, 5, 0, 0, 0, 1),
(5, 4, 'TECH0004', 'dsgsdgsg', '05499854987', 'sathish@gmail.com', 'adawe', 'fafarrreq', 'chennai', 'tamilnadu', '600099', 52, 20, 0, 0, 0, 1);

-- --------------------------------------------------------

--
-- Table structure for table `techreferal`
--

CREATE TABLE `techreferal` (
  `sno` int(11) NOT NULL,
  `technician` varchar(50) NOT NULL,
  `customer` varchar(50) NOT NULL,
  `pdts` varchar(50) NOT NULL,
  `createdat` date NOT NULL,
  `bill` varchar(50) NOT NULL,
  `wallet` float(15,2) NOT NULL,
  `status` varchar(50) NOT NULL,
  `remarks` varchar(500) NOT NULL
) ENGINE=InnoDB DEFAULT CHARSET=latin1;

--
-- Dumping data for table `techreferal`
--

INSERT INTO `techreferal` (`sno`, `technician`, `customer`, `pdts`, `createdat`, `bill`, `wallet`, `status`, `remarks`) VALUES
(3, 'TECH0001', 'CUST0014', 'PRODUCT0001,PRODUCT0003,PRODUCT0004', '2021-02-26', 'INVWT_14', 2.50, 'Complete', 'dfghf'),
(4, 'TECH0002', 'CUST0136', 'PRODUCT0043', '2021-06-04', '', 0.00, 'Pending', 'senthil');

-- --------------------------------------------------------

--
-- Table structure for table `user`
--

CREATE TABLE `user` (
  `sno` int(5) NOT NULL,
  `userid` varchar(100) NOT NULL,
  `name` varchar(200) NOT NULL,
  `username` varchar(200) NOT NULL,
  `mobile` varchar(50) NOT NULL,
  `email` varchar(50) NOT NULL,
  `password` varchar(200) NOT NULL,
  `usertype` int(5) NOT NULL,
  `admincontrol` int(1) NOT NULL,
  `status` int(2) NOT NULL,
  `otp` varchar(10) NOT NULL
) ENGINE=InnoDB DEFAULT CHARSET=latin1;

--
-- Dumping data for table `user`
--

INSERT INTO `user` (`sno`, `userid`, `name`, `username`, `mobile`, `email`, `password`, `usertype`, `admincontrol`, `status`, `otp`) VALUES
(1, 'ADMIN001', 'Admin', 'admin@addmyentry.com', '9360466662', '', '260812!234', 1, 0, 1, ''),
(301, 'CUST0064', 'barath kumar', 'barath kumar', '8122640106', 'barathclassifiedjobs@gmail.com', '8122640106', 4, 0, 1, ''),
(302, 'CUST0001', 'kishore', 'kishore', '9150440635', 'kishoreyesgle@gmail.com', 'kichu2001', 4, 0, 1, ''),
(303, 'CUST0002', 'Yesgle Solution', '9962516035', '9962516035', 'yesgleinfo@gmail.com', '9962516035', 4, 0, 1, ''),
(304, 'CUST0003', 'saravana kumar', '9962516036', '9962516036', 'callinfoinc@gmail.com', '9962516036', 4, 0, 1, ''),
(306, 'CUST0005', 'yesgle solutions', 'Abinaya', '9962516037', 'abiyesglesolutions@gmail.com', '9962516037', 4, 0, 1, ''),
(308, 'CUST0007', 'shah', '7305588891', '7305588891', 'shah.yesgle@gmail.com', '7305588891', 4, 0, 1, ''),
(311, 'CUST0010', 'Virushabadasss. s', 'Virushabadasss. S R. P Bajey', '8820685624', 'Virushabadasss. s@gmail.com', '8820685624', 4, 0, 1, ''),
(313, 'CUST0011', 'RAM ENTERPRISES ', 'RAM ENTERPRISES ', '9566261013', 'ramenterprises56@gmail.com', '9566261013', 4, 0, 1, ''),
(314, 'CUST0012', 'loki', 'loki123', '7305588892', 'yesgle', 'loki', 4, 0, 1, ''),
(315, 'CUST0013', 'Kalimani ', 'kalimani', '9962772911', 'mmkalimagi@gmail.com', '9962772911', 4, 0, 1, ''),
(319, 'CUST0014', 'SV Industries', '9080017619', '9080017619', 'srivinayagaindustries010@gmail.com', '9080017619', 4, 0, 1, ''),
(320, 'CUST0015', 'P Jagannathan', 'RBCHENNAI', '9840987827', 'p.jagannathan@renewbuy.in', 'Rishi@87827', 4, 0, 1, ''),
(321, 'CUST0016', 'Sureshbabu', 'Sureshbabu', '8667363153', 'suresh1815chennai@yahoo.com', '8667363153', 4, 0, 1, ''),
(325, 'CUST0017', '9840398187', '9840398187', '9840398187', 'paturaj27@gmail.com', '9840398187', 4, 0, 1, ''),
(326, 'CUST0018', 'Sagar', '9444734238', '9444734238', 'sagargroup2021@gmail.com', '9444734238', 4, 0, 1, ''),
(327, 'CUST0019', 'Sunish Kumar', 'Eminence', '9677050725', 'eminence.manservices@gmail.com', 'ems@123', 4, 0, 1, ''),
(328, 'CUST0020', 'Selvaraj ', '8428780699', '8428780699', 'selvakumarveerappan@gmail.com', '8428780699', 4, 0, 1, ''),
(329, 'CUST0021', 'Technician - General', '7200487109', '7200487109', '', '7200487109', 4, 0, 1, ''),
(330, 'CUST0022', 'Perfect Surveyor Private Limited', '9244220775', '9244220775', '', '9244220775', 4, 0, 1, ''),
(331, 'CUST0023', '9677498816', '9677498816', '9677498816', '', '9677498816', 4, 0, 1, ''),
(332, 'CUST0024', '7871257777', '7871257777', '7871257777', '', '7871257777', 4, 0, 1, ''),
(333, 'CUST0025', '9840055674', '9840055674', '9840055674', '', '9840055674', 4, 0, 1, ''),
(334, 'CUST0026', '9176175006', '9176175006', '9176175006', '', '9176175006', 4, 0, 1, ''),
(335, 'CUST0027', ' 9965089280', ' 9965089280', '9965089280', '', ' 9965089280', 4, 0, 1, ''),
(336, 'CUST0028', ' 8098066600', ' 8098066600', '8098066600', '', ' 8098066600', 4, 0, 1, ''),
(337, 'CUST0029', ' 9514175066', ' 9514175066', '9514175066', '', ' 9514175066', 4, 0, 1, ''),
(338, 'CUST0030', '9171571457', '9171571457', '9171571457', '', '9171571457', 4, 0, 1, ''),
(339, 'CUST0031', ' 9600034284', ' 9600034284', '9600034284', '', ' 9600034284', 4, 0, 1, ''),
(340, 'CUST0032', ' 7299559977', ' 7299559977', '7299559977', '', ' 7299559977', 4, 0, 1, ''),
(341, 'CUST0033', '6383361506', '6383361506', '6383361506', '', '6383361506', 4, 0, 1, ''),
(342, 'CUST0034', ' 9677162442', ' 9677162442', '9677162442', '', ' 9677162442', 4, 0, 1, ''),
(343, 'CUST0035', '9840454293', '9840454293', '9840454293', '', '9840454293', 4, 0, 1, ''),
(344, 'CUST0036', ' 9940068400', ' 9940068400', '9940068400', '', ' 9940068400', 4, 0, 1, ''),
(345, 'CUST0037', '6369520740', '6369520740', '6369520740', '6369520740', '6369520740', 4, 0, 1, ''),
(346, 'CUST0038', '9789986014', '9789986014', '9789986014', '', '9789986014', 4, 0, 1, ''),
(347, 'CUST0039', '9940016691', '9940016691', '9940016691', '', '9940016691', 4, 0, 1, ''),
(348, 'CUST0040', ' 9176856856', ' 9176856856', '9176856856', ' 9176856856', ' 9176856856', 4, 0, 1, ''),
(349, 'CUST0041', '7338795795', '7338795795', '7338795795', '', '7338795795', 4, 0, 1, ''),
(350, 'CUST0042', '8754305428', '8754305428', '8754305428', '8754305428', '8754305428', 4, 0, 1, ''),
(351, 'CUST0043', '9710449401', '9710449401', '9710449401', '', '9710449401', 4, 0, 1, ''),
(352, 'CUST0044', 'Kannan', 'saikannanind1@gmail.com', '7305058866', 'saikannanind1@gmail.com', 'classified@123', 4, 0, 1, ''),
(353, 'CUST0045', '9488891480', '9488891480', '9488891480', '', '9488891480', 4, 0, 1, ''),
(354, 'CUST0046', ' 9941620668', ' 9677498816 ', '9941620668', ' 9941620668', ' 9941620668', 4, 0, 1, ''),
(355, 'CUST0047', '9381014379', '9381014379', '9381014379', '9381014379', '9381014379', 4, 0, 1, ''),
(356, 'CUST0048', '9884882200', '9884882200', '9884882200', '', '9884882200', 4, 0, 1, ''),
(357, 'CUST0049', '9884495522', '9884495522', '9884495522', '', '9884495522', 4, 0, 1, ''),
(358, 'CUST0050', 'Prasad ', '9566199365', '9566199365', ' sooryanarayanasamy92@gmail.com', '9566199365', 4, 0, 1, ''),
(359, 'CUST0051', ' 9884699096', ' 9884699096', '9884699096', ' 9884699096', ' 9884699096', 4, 0, 1, ''),
(360, 'CUST0052', ' 7448868966', ' 7448868966', '7448868966', ' 7448868966', ' 7448868966', 4, 0, 1, ''),
(361, 'CUST0053', ' 9940332121', ' 9940332121', '9940332121', ' 9940332121', ' 9940332121', 4, 0, 1, ''),
(362, 'CUST0054', ' 9962816168', ' 9962816168', '9962816168', ' 9962816168', ' 9962816168', 4, 0, 1, ''),
(363, 'CUST0055', ' 9677869927', ' 9677869927', '9677869927', ' 9677869927', ' 9677869927', 4, 0, 1, ''),
(364, 'CUST0056', '6379902960', '6379902960', '6379902960', '6379902960', '6379902960', 4, 0, 1, ''),
(365, 'CUST0057', '9791057777', '9791057777', '9791057777', '9791057777', '9791057777', 4, 0, 1, ''),
(366, 'CUST0058', ' 9944666199', ' 9944666199', '9944666199', ' 9944666199', ' 9944666199', 4, 0, 1, ''),
(367, 'CUST0059', ' 9840492273', ' 9840492273', '9840492273', ' 9840492273', ' 9840492273', 4, 0, 1, ''),
(368, 'CUST0060', ' 7299372299', ' 7299372299', '7299372299', ' 7299372299', ' 7299372299', 4, 0, 1, ''),
(369, 'CUST0061', ' 9840568886', ' 9840568886', '9840568886', ' 9840568886', ' 9840568886', 4, 0, 1, ''),
(370, 'CUST0062', ' 9043372244', ' 9043372244', '9043372244', ' 9043372244', ' 9043372244', 4, 0, 1, ''),
(371, 'CUST0063', ' 9841601027', ' 9841601027', '9841601027', ' 9841601027', ' 9841601027', 4, 0, 1, ''),
(372, 'CUST0064', ' 9841601027', ' 9841601027', '9841601027', ' 9841601027', ' 9841601027', 4, 0, 1, ''),
(373, 'CUST0065', '9677197686', '9677197686', '9677197686', '9677197686', '9677197686', 4, 0, 1, ''),
(374, 'CUST0066', '9840890094', '9840890094', '9840890094', '9840890094', '9840890094', 4, 0, 1, ''),
(375, 'CUST0067', 'Saravana Scans', 'Saravana', '9150061043', 'hr@saravanascans.com', 'HRjobs@2022', 4, 0, 1, ''),
(376, 'CUST0068', '99741913977', '99741913977', '99741913977', 'phorotech_hr@rediffmail.com', '99741913977', 4, 0, 1, ''),
(377, 'CUST0069', '9962795815', '9962795815', '9962795815', '9962795815', '9962795815', 4, 0, 1, ''),
(378, 'CUST0070', ' 7812863039', ' 7812863039', '7812863039', ' 7812863039', ' 7812863039', 4, 0, 1, ''),
(379, 'CUST0071', ' 8056823291', ' 8056823291', '8056823291', ' 8056823291', ' 8056823291', 4, 0, 1, ''),
(380, 'CUST0072', '9962718081', '9962718081', '9962718081', '9962718081', '9962718081', 4, 0, 1, ''),
(381, 'CUST0073', ' 6382224941', ' 6382224941', '6382224941', ' 6382224941', ' 6382224941', 4, 0, 1, ''),
(382, 'CUST0074', ' 9092823578', ' 9092823578', '9092823578', '', ' 9092823578', 4, 0, 1, ''),
(383, 'CUST0075', ' 9840051854', ' 9840051854', '9840051854', '', ' 9840051854', 4, 0, 1, ''),
(384, 'CUST0076', ' 6383165141', ' 6383165141', '6383165141', '', ' 6383165141', 4, 0, 1, ''),
(385, 'CUST0077', '9841705098', '9841705098', '9841705098', '', '9841705098', 4, 0, 1, ''),
(386, 'CUST0078', '9600022999', '9600022999', '9600022999', '', '9600022999', 4, 0, 1, ''),
(387, 'CUST0079', '9137511417', '9137511417', '9137511417', '', '9137511417', 4, 0, 1, ''),
(388, 'CUST0080', '9137511417', '9137511417', '9137511417', '', '9137511417', 4, 0, 1, ''),
(389, 'CUST0081', ' 8883144491', ' 8883144491', '8883144491', '', ' 8883144491', 4, 0, 1, ''),
(390, 'CUST0082', 'Naveen', 'Naveenkumar', '9360497487', 'sridharrastaw127@gmail.com', 'N@veen1953123', 4, 0, 1, ''),
(391, 'CUST0083', 'LakshmiKumar ', '9941877796', '9941877796', 'lakshmikumar400@gmail.com', '9941877796', 4, 0, 1, ''),
(392, 'CUST0084', 'L.G Cars', '9941128102', '9941128102', 'lgcars@gmail.com', '9941128102', 4, 0, 1, ''),
(393, 'CUST0085', '7358432271', '7358432271', '73584322717358432271', '7358432271', '7358432271', 4, 0, 1, ''),
(394, 'CUST0086', '9566196720', '9566196720', '9566196720', '9566196720', '9566196720', 4, 0, 1, ''),
(395, 'CUST0087', ' 8939011958', ' 8939011958', '8939011958', ' 8939011958', ' 8939011958', 4, 0, 1, ''),
(396, 'CUST0088', ' 9840460408', ' 9840460408', '9840460408', ' 9840460408', ' 9840460408', 4, 0, 1, ''),
(397, 'CUST0089', ' 9884300985', ' 9884300985', '9884300985', ' 9884300985', ' 9884300985', 4, 0, 1, ''),
(398, 'CUST0090', '8939228810', '8939228810', '8939228810', '8939228810', '8939228810', 4, 0, 1, ''),
(399, 'CUST0091', '7904753732', '7904753732', '7904753732', 'tksgramesh@gmail.com', '7904753732', 4, 0, 1, ''),
(400, 'CUST0092', '9884136786', '9884136786', '9884136786', '9884136786', '9884136786', 4, 0, 1, ''),
(401, 'CUST0093', ' 7305609996', ' 7305609996', '7305609996', ' 7305609996', ' 7305609996', 4, 0, 1, ''),
(402, 'CUST0094', '7824812588', '7824812588', '7824812588', '7824812588', '7824812588', 4, 0, 1, ''),
(403, 'CUST0095', 'Raja', '8122762492', '8122762492', 'johnsolomon1406@gmail.com', '8122762492', 4, 0, 1, ''),
(404, 'CUST0096', ' 9361589101', ' 9361589101', '9361589101', ' 9361589101', ' 9361589101', 4, 0, 1, ''),
(405, 'CUST0097', ' 7401296412', ' 7401296412', '7401296412', ' 7401296412', ' 7401296412', 4, 0, 1, ''),
(406, 'CUST0098', ' 8610568766', ' 8610568766', '8610568766', ' 8610568766', ' 8610568766', 4, 0, 1, ''),
(407, 'CUST0099', ' 9841810946', ' 9841810946', '9841810946', ' 9841810946', ' 9841810946', 4, 0, 1, ''),
(408, 'CUST0100', ' 9884839483', ' 9884839483', '9884839483', ' 9884839483', ' 9884839483', 4, 0, 1, ''),
(409, 'CUST0101', ' 9345395605', ' 9345395605', '9345395605', ' 9345395605', ' 9345395605', 4, 0, 1, ''),
(410, 'CUST0102', ' 9894473918', ' 9894473918', '9894473918', ' 9894473918', ' 9894473918', 4, 0, 1, ''),
(411, 'CUST0103', ' 9597217373', ' 9597217373', '9597217373', ' 9597217373', ' 9597217373', 4, 0, 1, ''),
(412, 'CUST0104', ' 9444532895', ' 9444532895', '9444532895', ' 9444532895', ' 9444532895', 4, 0, 1, ''),
(413, 'CUST0105', ' 9840046250', ' 9840046250', '9840046250', ' 9840046250', ' 9840046250', 4, 0, 1, ''),
(414, 'CUST0106', ' 9092292172', ' 9092292172', '9092292172', ' 9092292172', ' 9092292172', 4, 0, 1, ''),
(415, 'CUST0107', '8189979822', '8189979822', '8189979822', '8189979822', '8189979822', 4, 0, 1, ''),
(416, 'CUST0108', ' 7358042265', ' 7358042265', '7358042265', ' 7358042265', ' 7358042265', 4, 0, 1, ''),
(417, 'CUST0109', '8870006070', '8870006070', '8870006070', '8870006070', '8870006070', 4, 0, 1, ''),
(418, 'CUST0110', '8220685624', '8220685624', '8220685624', '8220685624', '8220685624', 4, 0, 1, ''),
(419, 'CUST0111', 'rajkumar ', '8072800280', '8072800280', 'rajkumar924@gmail.com', '8072800280', 4, 0, 1, ''),
(420, 'CUST0112', '8428780696', '8428780696', '8428780696', '8428780696', '8428780696', 4, 0, 1, ''),
(421, 'CUST0113', ' 9840174494', ' 9840174494', '9840174494', ' 9840174494', ' 9840174494', 4, 0, 1, ''),
(422, 'CUST0114', ' 8680002230', ' 8680002230', '8680002230', ' 8680002230', ' 8680002230', 4, 0, 1, ''),
(423, 'CUST0115', ' 9962518402', ' 9962518402', '9962518402', ' 9962518402', ' 9962518402', 4, 0, 1, ''),
(424, 'CUST0116', '9840272288', '9840272288', '9840272288', '9840272288', '9840272288', 4, 0, 1, ''),
(425, 'CUST0117', ' 9003200220', ' 9003200220', '9003200220', ' 9003200220', ' 9003200220', 4, 0, 1, ''),
(426, 'CUST0118', '9941119116', '9941119116', '9941119116', '9941119116', '9941119116', 4, 0, 1, ''),
(427, 'CUST0119', ' 9840014983', ' 9840014983', '9840014983', ' 9840014983', ' 9840014983', 4, 0, 1, ''),
(428, 'CUST0120', '7094917713', '7094917713', '7094917713', '7094917713', '7094917713', 4, 0, 1, ''),
(429, 'CUST0121', '9003211044', '9003211044', '9003211044', '9003211044', '9003211044', 4, 0, 1, ''),
(430, 'CUST0122', '9003322996', '9003322996', '9003322996', '9003322996', '9003322996', 4, 0, 1, ''),
(431, 'CUST0123', ' 9444455598', ' 9444455598', '9444455598', ' 9444455598', ' 9444455598', 4, 0, 1, ''),
(432, 'CUST0124', ' 8925314443', ' 8925314443', '8925314443', ' 8925314443', ' 8925314443', 4, 0, 1, ''),
(433, 'CUST0125', 'aoscom', 'uawme', '6385792029', 'miisms.in@gmail.com', '29@123', 4, 0, 1, ''),
(434, 'CUST0126', 'mmcom', 'useme', '7200275452', 'mobitext.in@gmail.com', '29@123', 4, 0, 1, ''),
(435, 'CUST0127', 'Velugopal', '9940039252', '9940039252', 'qxerox45@gmail.com', '9940039252', 4, 0, 1, ''),
(436, 'CUST0128', 'Nelson ', '9840058653', '9840058653', 'jmnss1997@yahoo.co.qk', '9840058653', 4, 0, 1, ''),
(437, 'CUST0129', 'Nelson', 'imnss1997@yahoo.co.qk', '9840058653', '9840058653', '9840058653', 4, 0, 1, ''),
(438, 'CUST0130', 'Karthik', '9994870635', '9994870635', 'kuttikarthik53@gmail.com', '9994870635', 4, 0, 1, ''),
(439, 'CUST0131', 'Raja ', '9840847986', '9840847986', 'krhardwares@yahoo.com', '9840847986', 4, 0, 1, ''),
(440, 'CUST0132', 'Balaganesh ', '9840226677', '9840226677', 'balaganeshsbg@gmail.com', '9840226677', 4, 0, 1, ''),
(441, 'CUST0133', 'Mouleeswari', '7395951992', '7395951992', 'mouleesaro@gmail.com', '7395951992', 4, 0, 1, ''),
(442, 'CUST0134', 'The AcZone Pvt Ltd', 'theaczone', '9841068380', 'contact@theaczone.com', 'rehaan2003', 4, 0, 1, ''),
(443, 'CUST0135', 'Penda Private Limited', '9884054441', '9884054441', 'info@penda.in', '9884054441', 4, 0, 1, ''),
(445, 'CUST0136', 'Bala Associates Engineer Private Limited ', '9566168888', '9566168888', 'balaassociates@gmail.com', '9566168888', 4, 0, 1, ''),
(446, 'CUST0137', 'Srijayalakshmi', '9840361975', '9840361975', 'jms381978@gmail.com', '9840361975', 4, 0, 1, ''),
(447, 'CUST0138', 'Asheathshankar', '8122037397', '8122037397', 'asheathshankar@gmail.com', '8122037397', 4, 0, 1, ''),
(448, 'CUST0139', 'Srikumar', '9841293503', '9841293503', 'carefitech@gmail.com', '9841293503', 4, 0, 1, ''),
(449, 'CUST0140', 'Raja ', '9840233229', '9840233229', 'Hafafoods@gmail.com ', '9840233229', 4, 0, 1, ''),
(450, 'CUST0141', 'Dr.Rajasheelan', 'Rajasheelan ', '944533394', 'chennaisheelan@gmail.com', 'frommadras', 4, 0, 1, ''),
(451, 'CUST0142', 'Shankar', '9500814491', '9500814491', 'amtaxconsultant@gmail.com', '9500814491', 4, 0, 1, ''),
(452, 'CUST0143', 'Emor Industries', '9840208640', '9840208640', 'emorcac@yahoo.com', '9840208640', 4, 0, 1, ''),
(453, 'CUST0144', 'nisha', '7448678665', '7448678665', 'nishanthy1029@gmail.com', '7448678665', 4, 0, 1, ''),
(454, 'CUST0145', 'yuvi', '8667551970', '8667551970', 'asd@!ersrtf.gyu', '8667551970', 4, 0, 1, ''),
(455, 'CUST0146', 'yuvi', '8667551970', '8667551970', 'asd@!ersrtf.gyu', '8667551970', 4, 0, 1, ''),
(456, 'CUST0147', 'yuvi', '8667551970', '8667551970', 'asd@!ersrtf.gyu', '8667551970', 4, 0, 1, ''),
(457, 'CUST0148', 'yuvi', '8667551970', '8667551970', 'asd@!ersrtf.gyu', '8667551970', 4, 0, 1, ''),
(458, 'CUST0149', 'yuvi', '9962516045', '9962516045', 'yuvi@yesgle.in', '9962516045', 4, 0, 1, ''),
(459, 'CUST0150', 'yuvi', '9962516045', '9962516045', 'yuvi@yesgle.in', '9962516045', 4, 0, 1, ''),
(460, 'CUST0151', 'yuvi', '9962516045', '9962516045', 'yuvi@yesgle.in', '9962516045', 4, 0, 1, ''),
(461, 'CUST0152', 'yuvi', '9962516045', '9962516045', 'yuvi@yesgle.in', '9962516045', 4, 0, 1, ''),
(462, 'CUST0153', 'yuvi', '9962516045', '9962516045', 'yuvi@yesgle.in', '9962516045', 4, 0, 1, '');

-- --------------------------------------------------------

--
-- Table structure for table `walletrequest`
--

CREATE TABLE `walletrequest` (
  `sno` int(11) NOT NULL,
  `idno` int(11) NOT NULL,
  `requestid` varchar(50) NOT NULL,
  `requestby` varchar(50) NOT NULL,
  `requesttype` varchar(50) NOT NULL,
  `requestpoint` int(11) NOT NULL,
  `requestamnt` float(15,2) NOT NULL,
  `settledamnt` int(11) NOT NULL,
  `status` varchar(30) NOT NULL,
  `requestat` datetime NOT NULL,
  `approvedat` datetime NOT NULL
) ENGINE=InnoDB DEFAULT CHARSET=latin1;

--
-- Dumping data for table `walletrequest`
--

INSERT INTO `walletrequest` (`sno`, `idno`, `requestid`, `requestby`, `requesttype`, `requestpoint`, `requestamnt`, `settledamnt`, `status`, `requestat`, `approvedat`) VALUES
(1, 1, 'REQ3_1', 'TECH0001', '3', 50, 0.00, 50, 'Complete', '2021-02-15 17:49:38', '2021-02-15 17:53:15'),
(2, 2, 'REQ3_2', 'TECH0001', '3', 50, 0.00, 50, 'Complete', '2021-02-16 21:12:52', '2021-02-16 21:13:35'),
(3, 3, 'REQ3_3', 'TECH0001', '3', 50, 0.00, 100, 'Complete', '2021-02-17 12:13:12', '2021-02-17 12:13:59');

--
-- Indexes for dumped tables
--

--
-- Indexes for table `blogcomments`
--
ALTER TABLE `blogcomments`
  ADD PRIMARY KEY (`sno`);

--
-- Indexes for table `blogpost`
--
ALTER TABLE `blogpost`
  ADD PRIMARY KEY (`sno`);

--
-- Indexes for table `blog_category`
--
ALTER TABLE `blog_category`
  ADD PRIMARY KEY (`sno`);

--
-- Indexes for table `blog_slider`
--
ALTER TABLE `blog_slider`
  ADD PRIMARY KEY (`sno`);

--
-- Indexes for table `blog_subcategory`
--
ALTER TABLE `blog_subcategory`
  ADD PRIMARY KEY (`sno`);

--
-- Indexes for table `branch`
--
ALTER TABLE `branch`
  ADD PRIMARY KEY (`sno`);

--
-- Indexes for table `cart`
--
ALTER TABLE `cart`
  ADD PRIMARY KEY (`sno`);

--
-- Indexes for table `category`
--
ALTER TABLE `category`
  ADD PRIMARY KEY (`sno`);

--
-- Indexes for table `classifiedpost`
--
ALTER TABLE `classifiedpost`
  ADD PRIMARY KEY (`sno`);

--
-- Indexes for table `classifiedreview`
--
ALTER TABLE `classifiedreview`
  ADD PRIMARY KEY (`sno`);

--
-- Indexes for table `classified_area`
--
ALTER TABLE `classified_area`
  ADD PRIMARY KEY (`sno`);

--
-- Indexes for table `classified_category`
--
ALTER TABLE `classified_category`
  ADD PRIMARY KEY (`sno`);

--
-- Indexes for table `classified_city`
--
ALTER TABLE `classified_city`
  ADD PRIMARY KEY (`sno`);

--
-- Indexes for table `classified_enquiry`
--
ALTER TABLE `classified_enquiry`
  ADD PRIMARY KEY (`sno`);

--
-- Indexes for table `classified_packages`
--
ALTER TABLE `classified_packages`
  ADD PRIMARY KEY (`sno`);

--
-- Indexes for table `classified_slider`
--
ALTER TABLE `classified_slider`
  ADD PRIMARY KEY (`sno`);

--
-- Indexes for table `classified_state`
--
ALTER TABLE `classified_state`
  ADD PRIMARY KEY (`sno`);

--
-- Indexes for table `classified_subcategory`
--
ALTER TABLE `classified_subcategory`
  ADD PRIMARY KEY (`sno`);

--
-- Indexes for table `cms`
--
ALTER TABLE `cms`
  ADD PRIMARY KEY (`sno`);

--
-- Indexes for table `contactus`
--
ALTER TABLE `contactus`
  ADD PRIMARY KEY (`sno`);

--
-- Indexes for table `coupons`
--
ALTER TABLE `coupons`
  ADD PRIMARY KEY (`sno`);

--
-- Indexes for table `dealer`
--
ALTER TABLE `dealer`
  ADD PRIMARY KEY (`sno`);

--
-- Indexes for table `dealerorders`
--
ALTER TABLE `dealerorders`
  ADD PRIMARY KEY (`sno`);

--
-- Indexes for table `dealerordersdetails`
--
ALTER TABLE `dealerordersdetails`
  ADD PRIMARY KEY (`sno`);

--
-- Indexes for table `district`
--
ALTER TABLE `district`
  ADD PRIMARY KEY (`sno`);

--
-- Indexes for table `googlemap`
--
ALTER TABLE `googlemap`
  ADD PRIMARY KEY (`sno`);

--
-- Indexes for table `jobpost`
--
ALTER TABLE `jobpost`
  ADD PRIMARY KEY (`sno`);

--
-- Indexes for table `jobs_apply`
--
ALTER TABLE `jobs_apply`
  ADD PRIMARY KEY (`sno`);

--
-- Indexes for table `jobs_area`
--
ALTER TABLE `jobs_area`
  ADD PRIMARY KEY (`sno`);

--
-- Indexes for table `jobs_category`
--
ALTER TABLE `jobs_category`
  ADD PRIMARY KEY (`sno`);

--
-- Indexes for table `jobs_city`
--
ALTER TABLE `jobs_city`
  ADD PRIMARY KEY (`sno`);

--
-- Indexes for table `jobs_packages`
--
ALTER TABLE `jobs_packages`
  ADD PRIMARY KEY (`sno`);

--
-- Indexes for table `jobs_slider`
--
ALTER TABLE `jobs_slider`
  ADD PRIMARY KEY (`sno`);

--
-- Indexes for table `jobs_state`
--
ALTER TABLE `jobs_state`
  ADD PRIMARY KEY (`sno`);

--
-- Indexes for table `jobs_subcategory`
--
ALTER TABLE `jobs_subcategory`
  ADD PRIMARY KEY (`sno`);

--
-- Indexes for table `orderdetail`
--
ALTER TABLE `orderdetail`
  ADD PRIMARY KEY (`sno`);

--
-- Indexes for table `ordermaster`
--
ALTER TABLE `ordermaster`
  ADD PRIMARY KEY (`sno`);

--
-- Indexes for table `pricemaster`
--
ALTER TABLE `pricemaster`
  ADD PRIMARY KEY (`sno`);

--
-- Indexes for table `product`
--
ALTER TABLE `product`
  ADD PRIMARY KEY (`sno`);

--
-- Indexes for table `propertypost`
--
ALTER TABLE `propertypost`
  ADD PRIMARY KEY (`sno`);

--
-- Indexes for table `property_area`
--
ALTER TABLE `property_area`
  ADD PRIMARY KEY (`sno`);

--
-- Indexes for table `property_category`
--
ALTER TABLE `property_category`
  ADD PRIMARY KEY (`sno`);

--
-- Indexes for table `property_city`
--
ALTER TABLE `property_city`
  ADD PRIMARY KEY (`sno`);

--
-- Indexes for table `property_enquiry`
--
ALTER TABLE `property_enquiry`
  ADD PRIMARY KEY (`sno`);

--
-- Indexes for table `property_packages`
--
ALTER TABLE `property_packages`
  ADD PRIMARY KEY (`sno`);

--
-- Indexes for table `property_slider`
--
ALTER TABLE `property_slider`
  ADD PRIMARY KEY (`sno`);

--
-- Indexes for table `property_state`
--
ALTER TABLE `property_state`
  ADD PRIMARY KEY (`sno`);

--
-- Indexes for table `property_subcategory`
--
ALTER TABLE `property_subcategory`
  ADD PRIMARY KEY (`sno`);

--
-- Indexes for table `remainderinbox`
--
ALTER TABLE `remainderinbox`
  ADD PRIMARY KEY (`sno`);

--
-- Indexes for table `requestdetail`
--
ALTER TABLE `requestdetail`
  ADD PRIMARY KEY (`sno`);

--
-- Indexes for table `reviews`
--
ALTER TABLE `reviews`
  ADD PRIMARY KEY (`sno`);

--
-- Indexes for table `saledetail`
--
ALTER TABLE `saledetail`
  ADD PRIMARY KEY (`sno`);

--
-- Indexes for table `sales`
--
ALTER TABLE `sales`
  ADD PRIMARY KEY (`sno`);

--
-- Indexes for table `servicecategory`
--
ALTER TABLE `servicecategory`
  ADD PRIMARY KEY (`sno`);

--
-- Indexes for table `services`
--
ALTER TABLE `services`
  ADD PRIMARY KEY (`sno`);

--
-- Indexes for table `servicesubcategory`
--
ALTER TABLE `servicesubcategory`
  ADD PRIMARY KEY (`sno`);

--
-- Indexes for table `settings`
--
ALTER TABLE `settings`
  ADD PRIMARY KEY (`sno`);

--
-- Indexes for table `slider`
--
ALTER TABLE `slider`
  ADD PRIMARY KEY (`sno`);

--
-- Indexes for table `subcategory`
--
ALTER TABLE `subcategory`
  ADD PRIMARY KEY (`sno`);

--
-- Indexes for table `supplier`
--
ALTER TABLE `supplier`
  ADD PRIMARY KEY (`sno`);

--
-- Indexes for table `tags`
--
ALTER TABLE `tags`
  ADD PRIMARY KEY (`sno`);

--
-- Indexes for table `technician`
--
ALTER TABLE `technician`
  ADD PRIMARY KEY (`sno`);

--
-- Indexes for table `techreferal`
--
ALTER TABLE `techreferal`
  ADD PRIMARY KEY (`sno`);

--
-- Indexes for table `user`
--
ALTER TABLE `user`
  ADD PRIMARY KEY (`sno`);

--
-- Indexes for table `walletrequest`
--
ALTER TABLE `walletrequest`
  ADD PRIMARY KEY (`sno`);

--
-- AUTO_INCREMENT for dumped tables
--

--
-- AUTO_INCREMENT for table `blogcomments`
--
ALTER TABLE `blogcomments`
  MODIFY `sno` int(11) NOT NULL AUTO_INCREMENT;

--
-- AUTO_INCREMENT for table `blogpost`
--
ALTER TABLE `blogpost`
  MODIFY `sno` int(5) NOT NULL AUTO_INCREMENT, AUTO_INCREMENT=9;

--
-- AUTO_INCREMENT for table `blog_category`
--
ALTER TABLE `blog_category`
  MODIFY `sno` int(5) NOT NULL AUTO_INCREMENT, AUTO_INCREMENT=8;

--
-- AUTO_INCREMENT for table `blog_slider`
--
ALTER TABLE `blog_slider`
  MODIFY `sno` int(2) NOT NULL AUTO_INCREMENT, AUTO_INCREMENT=10;

--
-- AUTO_INCREMENT for table `blog_subcategory`
--
ALTER TABLE `blog_subcategory`
  MODIFY `sno` int(2) NOT NULL AUTO_INCREMENT, AUTO_INCREMENT=26;

--
-- AUTO_INCREMENT for table `branch`
--
ALTER TABLE `branch`
  MODIFY `sno` int(5) NOT NULL AUTO_INCREMENT, AUTO_INCREMENT=10;

--
-- AUTO_INCREMENT for table `cart`
--
ALTER TABLE `cart`
  MODIFY `sno` int(5) NOT NULL AUTO_INCREMENT, AUTO_INCREMENT=16;

--
-- AUTO_INCREMENT for table `category`
--
ALTER TABLE `category`
  MODIFY `sno` int(5) NOT NULL AUTO_INCREMENT, AUTO_INCREMENT=29;

--
-- AUTO_INCREMENT for table `classifiedpost`
--
ALTER TABLE `classifiedpost`
  MODIFY `sno` int(5) NOT NULL AUTO_INCREMENT, AUTO_INCREMENT=68;

--
-- AUTO_INCREMENT for table `classifiedreview`
--
ALTER TABLE `classifiedreview`
  MODIFY `sno` int(5) NOT NULL AUTO_INCREMENT, AUTO_INCREMENT=21;

--
-- AUTO_INCREMENT for table `classified_area`
--
ALTER TABLE `classified_area`
  MODIFY `sno` int(5) NOT NULL AUTO_INCREMENT, AUTO_INCREMENT=77;

--
-- AUTO_INCREMENT for table `classified_category`
--
ALTER TABLE `classified_category`
  MODIFY `sno` int(5) NOT NULL AUTO_INCREMENT, AUTO_INCREMENT=14;

--
-- AUTO_INCREMENT for table `classified_city`
--
ALTER TABLE `classified_city`
  MODIFY `sno` int(11) NOT NULL AUTO_INCREMENT, AUTO_INCREMENT=46;

--
-- AUTO_INCREMENT for table `classified_enquiry`
--
ALTER TABLE `classified_enquiry`
  MODIFY `sno` int(11) NOT NULL AUTO_INCREMENT, AUTO_INCREMENT=3;

--
-- AUTO_INCREMENT for table `classified_packages`
--
ALTER TABLE `classified_packages`
  MODIFY `sno` int(5) NOT NULL AUTO_INCREMENT, AUTO_INCREMENT=2;

--
-- AUTO_INCREMENT for table `classified_slider`
--
ALTER TABLE `classified_slider`
  MODIFY `sno` int(2) NOT NULL AUTO_INCREMENT, AUTO_INCREMENT=14;

--
-- AUTO_INCREMENT for table `classified_state`
--
ALTER TABLE `classified_state`
  MODIFY `sno` int(11) NOT NULL AUTO_INCREMENT, AUTO_INCREMENT=2;

--
-- AUTO_INCREMENT for table `classified_subcategory`
--
ALTER TABLE `classified_subcategory`
  MODIFY `sno` int(2) NOT NULL AUTO_INCREMENT, AUTO_INCREMENT=104;

--
-- AUTO_INCREMENT for table `cms`
--
ALTER TABLE `cms`
  MODIFY `sno` int(11) NOT NULL AUTO_INCREMENT, AUTO_INCREMENT=7;

--
-- AUTO_INCREMENT for table `contactus`
--
ALTER TABLE `contactus`
  MODIFY `sno` int(5) NOT NULL AUTO_INCREMENT, AUTO_INCREMENT=66;

--
-- AUTO_INCREMENT for table `coupons`
--
ALTER TABLE `coupons`
  MODIFY `sno` int(11) NOT NULL AUTO_INCREMENT, AUTO_INCREMENT=8;

--
-- AUTO_INCREMENT for table `dealer`
--
ALTER TABLE `dealer`
  MODIFY `sno` int(5) NOT NULL AUTO_INCREMENT, AUTO_INCREMENT=5;

--
-- AUTO_INCREMENT for table `dealerorders`
--
ALTER TABLE `dealerorders`
  MODIFY `sno` int(11) NOT NULL AUTO_INCREMENT, AUTO_INCREMENT=10;

--
-- AUTO_INCREMENT for table `dealerordersdetails`
--
ALTER TABLE `dealerordersdetails`
  MODIFY `sno` int(11) NOT NULL AUTO_INCREMENT, AUTO_INCREMENT=2;

--
-- AUTO_INCREMENT for table `district`
--
ALTER TABLE `district`
  MODIFY `sno` int(5) NOT NULL AUTO_INCREMENT, AUTO_INCREMENT=5;

--
-- AUTO_INCREMENT for table `googlemap`
--
ALTER TABLE `googlemap`
  MODIFY `sno` int(11) NOT NULL AUTO_INCREMENT, AUTO_INCREMENT=4;

--
-- AUTO_INCREMENT for table `jobpost`
--
ALTER TABLE `jobpost`
  MODIFY `sno` int(5) NOT NULL AUTO_INCREMENT, AUTO_INCREMENT=450;

--
-- AUTO_INCREMENT for table `jobs_apply`
--
ALTER TABLE `jobs_apply`
  MODIFY `sno` int(11) NOT NULL AUTO_INCREMENT, AUTO_INCREMENT=42;

--
-- AUTO_INCREMENT for table `jobs_area`
--
ALTER TABLE `jobs_area`
  MODIFY `sno` int(5) NOT NULL AUTO_INCREMENT, AUTO_INCREMENT=103;

--
-- AUTO_INCREMENT for table `jobs_category`
--
ALTER TABLE `jobs_category`
  MODIFY `sno` int(5) NOT NULL AUTO_INCREMENT, AUTO_INCREMENT=47;

--
-- AUTO_INCREMENT for table `jobs_city`
--
ALTER TABLE `jobs_city`
  MODIFY `sno` int(11) NOT NULL AUTO_INCREMENT, AUTO_INCREMENT=2;

--
-- AUTO_INCREMENT for table `jobs_packages`
--
ALTER TABLE `jobs_packages`
  MODIFY `sno` int(5) NOT NULL AUTO_INCREMENT, AUTO_INCREMENT=10;

--
-- AUTO_INCREMENT for table `jobs_slider`
--
ALTER TABLE `jobs_slider`
  MODIFY `sno` int(2) NOT NULL AUTO_INCREMENT, AUTO_INCREMENT=3;

--
-- AUTO_INCREMENT for table `jobs_state`
--
ALTER TABLE `jobs_state`
  MODIFY `sno` int(11) NOT NULL AUTO_INCREMENT;

--
-- AUTO_INCREMENT for table `jobs_subcategory`
--
ALTER TABLE `jobs_subcategory`
  MODIFY `sno` int(2) NOT NULL AUTO_INCREMENT, AUTO_INCREMENT=141;

--
-- AUTO_INCREMENT for table `orderdetail`
--
ALTER TABLE `orderdetail`
  MODIFY `sno` int(5) NOT NULL AUTO_INCREMENT, AUTO_INCREMENT=29;

--
-- AUTO_INCREMENT for table `ordermaster`
--
ALTER TABLE `ordermaster`
  MODIFY `sno` int(5) NOT NULL AUTO_INCREMENT, AUTO_INCREMENT=29;

--
-- AUTO_INCREMENT for table `pricemaster`
--
ALTER TABLE `pricemaster`
  MODIFY `sno` int(5) NOT NULL AUTO_INCREMENT, AUTO_INCREMENT=63;

--
-- AUTO_INCREMENT for table `product`
--
ALTER TABLE `product`
  MODIFY `sno` int(5) NOT NULL AUTO_INCREMENT, AUTO_INCREMENT=239;

--
-- AUTO_INCREMENT for table `propertypost`
--
ALTER TABLE `propertypost`
  MODIFY `sno` int(5) NOT NULL AUTO_INCREMENT, AUTO_INCREMENT=82;

--
-- AUTO_INCREMENT for table `property_area`
--
ALTER TABLE `property_area`
  MODIFY `sno` int(5) NOT NULL AUTO_INCREMENT, AUTO_INCREMENT=64;

--
-- AUTO_INCREMENT for table `property_category`
--
ALTER TABLE `property_category`
  MODIFY `sno` int(5) NOT NULL AUTO_INCREMENT, AUTO_INCREMENT=4;

--
-- AUTO_INCREMENT for table `property_city`
--
ALTER TABLE `property_city`
  MODIFY `sno` int(11) NOT NULL AUTO_INCREMENT, AUTO_INCREMENT=8;

--
-- AUTO_INCREMENT for table `property_enquiry`
--
ALTER TABLE `property_enquiry`
  MODIFY `sno` int(11) NOT NULL AUTO_INCREMENT, AUTO_INCREMENT=16;

--
-- AUTO_INCREMENT for table `property_packages`
--
ALTER TABLE `property_packages`
  MODIFY `sno` int(5) NOT NULL AUTO_INCREMENT, AUTO_INCREMENT=4;

--
-- AUTO_INCREMENT for table `property_slider`
--
ALTER TABLE `property_slider`
  MODIFY `sno` int(2) NOT NULL AUTO_INCREMENT, AUTO_INCREMENT=10;

--
-- AUTO_INCREMENT for table `property_state`
--
ALTER TABLE `property_state`
  MODIFY `sno` int(11) NOT NULL AUTO_INCREMENT, AUTO_INCREMENT=2;

--
-- AUTO_INCREMENT for table `property_subcategory`
--
ALTER TABLE `property_subcategory`
  MODIFY `sno` int(2) NOT NULL AUTO_INCREMENT, AUTO_INCREMENT=20;

--
-- AUTO_INCREMENT for table `remainderinbox`
--
ALTER TABLE `remainderinbox`
  MODIFY `sno` int(11) NOT NULL AUTO_INCREMENT, AUTO_INCREMENT=8;

--
-- AUTO_INCREMENT for table `requestdetail`
--
ALTER TABLE `requestdetail`
  MODIFY `sno` int(5) NOT NULL AUTO_INCREMENT, AUTO_INCREMENT=18;

--
-- AUTO_INCREMENT for table `reviews`
--
ALTER TABLE `reviews`
  MODIFY `sno` int(5) NOT NULL AUTO_INCREMENT;

--
-- AUTO_INCREMENT for table `saledetail`
--
ALTER TABLE `saledetail`
  MODIFY `sno` int(10) NOT NULL AUTO_INCREMENT, AUTO_INCREMENT=112;

--
-- AUTO_INCREMENT for table `sales`
--
ALTER TABLE `sales`
  MODIFY `sno` int(11) NOT NULL AUTO_INCREMENT;

--
-- AUTO_INCREMENT for table `servicecategory`
--
ALTER TABLE `servicecategory`
  MODIFY `sno` int(5) NOT NULL AUTO_INCREMENT, AUTO_INCREMENT=10;

--
-- AUTO_INCREMENT for table `services`
--
ALTER TABLE `services`
  MODIFY `sno` int(11) NOT NULL AUTO_INCREMENT, AUTO_INCREMENT=4;

--
-- AUTO_INCREMENT for table `servicesubcategory`
--
ALTER TABLE `servicesubcategory`
  MODIFY `sno` int(2) NOT NULL AUTO_INCREMENT, AUTO_INCREMENT=35;

--
-- AUTO_INCREMENT for table `settings`
--
ALTER TABLE `settings`
  MODIFY `sno` int(5) NOT NULL AUTO_INCREMENT, AUTO_INCREMENT=21;

--
-- AUTO_INCREMENT for table `slider`
--
ALTER TABLE `slider`
  MODIFY `sno` int(2) NOT NULL AUTO_INCREMENT, AUTO_INCREMENT=138;

--
-- AUTO_INCREMENT for table `subcategory`
--
ALTER TABLE `subcategory`
  MODIFY `sno` int(2) NOT NULL AUTO_INCREMENT, AUTO_INCREMENT=125;

--
-- AUTO_INCREMENT for table `supplier`
--
ALTER TABLE `supplier`
  MODIFY `sno` int(5) NOT NULL AUTO_INCREMENT, AUTO_INCREMENT=456;

--
-- AUTO_INCREMENT for table `tags`
--
ALTER TABLE `tags`
  MODIFY `sno` int(5) NOT NULL AUTO_INCREMENT, AUTO_INCREMENT=44;

--
-- AUTO_INCREMENT for table `technician`
--
ALTER TABLE `technician`
  MODIFY `sno` int(5) NOT NULL AUTO_INCREMENT, AUTO_INCREMENT=6;

--
-- AUTO_INCREMENT for table `techreferal`
--
ALTER TABLE `techreferal`
  MODIFY `sno` int(11) NOT NULL AUTO_INCREMENT, AUTO_INCREMENT=5;

--
-- AUTO_INCREMENT for table `user`
--
ALTER TABLE `user`
  MODIFY `sno` int(5) NOT NULL AUTO_INCREMENT, AUTO_INCREMENT=463;

--
-- AUTO_INCREMENT for table `walletrequest`
--
ALTER TABLE `walletrequest`
  MODIFY `sno` int(11) NOT NULL AUTO_INCREMENT, AUTO_INCREMENT=4;
COMMIT;

